[INFO] cloning repository https://github.com/neganp/wtiirn
[INFO] running `Command { std: "git" "-c" "credential.helper=" "-c" "credential.helper=/workspace/cargo-home/bin/git-credential-null" "clone" "--bare" "https://github.com/neganp/wtiirn" "/workspace/cache/git-repos/https%3A%2F%2Fgithub.com%2Fneganp%2Fwtiirn", kill_on_drop: false }`
[INFO] [stderr] Cloning into bare repository '/workspace/cache/git-repos/https%3A%2F%2Fgithub.com%2Fneganp%2Fwtiirn'...
[INFO] running `Command { std: "git" "rev-parse" "HEAD", kill_on_drop: false }`
[INFO] [stdout] c637540d0d593d266859ec8022bc5c11c6bb93c4
[INFO] building neganp/wtiirn against master#ff34b919075f35a1787659e9c448a34b06bab8de for issue-85264
[INFO] running `Command { std: "git" "clone" "/workspace/cache/git-repos/https%3A%2F%2Fgithub.com%2Fneganp%2Fwtiirn" "/workspace/builds/worker-1/source", kill_on_drop: false }`
[INFO] [stderr] Cloning into '/workspace/builds/worker-1/source'...
[INFO] [stderr] done.
[INFO] [stderr] Updating files:  76% (1964/2566)
Updating files:  77% (1976/2566)
Updating files:  78% (2002/2566)
Updating files:  79% (2028/2566)
Updating files:  80% (2053/2566)
Updating files:  81% (2079/2566)
Updating files:  82% (2105/2566)
Updating files:  83% (2130/2566)
Updating files:  84% (2156/2566)
Updating files:  85% (2182/2566)
Updating files:  86% (2207/2566)
Updating files:  87% (2233/2566)
Updating files:  88% (2259/2566)
Updating files:  89% (2284/2566)
Updating files:  90% (2310/2566)
Updating files:  91% (2336/2566)
Updating files:  92% (2361/2566)
Updating files:  93% (2387/2566)
Updating files:  94% (2413/2566)
Updating files:  95% (2438/2566)
Updating files:  96% (2464/2566)
Updating files:  97% (2490/2566)
Updating files:  98% (2515/2566)
Updating files:  99% (2541/2566)
Updating files: 100% (2566/2566)
Updating files: 100% (2566/2566), done.
[INFO] validating manifest of git repo https://github.com/neganp/wtiirn on toolchain ff34b919075f35a1787659e9c448a34b06bab8de
[INFO] running `Command { std: "/workspace/cargo-home/bin/cargo" "+ff34b919075f35a1787659e9c448a34b06bab8de" "metadata" "--manifest-path" "Cargo.toml" "--no-deps", kill_on_drop: false }`
[INFO] started tweaking git repo https://github.com/neganp/wtiirn
[INFO] finished tweaking git repo https://github.com/neganp/wtiirn
[INFO] tweaked toml for git repo https://github.com/neganp/wtiirn written to /workspace/builds/worker-1/source/Cargo.toml
[INFO] crate git repo https://github.com/neganp/wtiirn already has a lockfile, it will not be regenerated
[INFO] running `Command { std: "/workspace/cargo-home/bin/cargo" "+ff34b919075f35a1787659e9c448a34b06bab8de" "fetch" "--manifest-path" "Cargo.toml", kill_on_drop: false }`
[INFO] [stderr]     Blocking waiting for file lock on package cache
[INFO] running `Command { std: "docker" "create" "-v" "/var/lib/crater-agent-workspace/builds/worker-1/target:/opt/rustwide/target:rw,Z" "-v" "/var/lib/crater-agent-workspace/builds/worker-1/source:/opt/rustwide/workdir:ro,Z" "-v" "/var/lib/crater-agent-workspace/cargo-home:/opt/rustwide/cargo-home:ro,Z" "-v" "/var/lib/crater-agent-workspace/rustup-home:/opt/rustwide/rustup-home:ro,Z" "-e" "SOURCE_DIR=/opt/rustwide/workdir" "-e" "CARGO_TARGET_DIR=/opt/rustwide/target" "-e" "CARGO_HOME=/opt/rustwide/cargo-home" "-e" "RUSTUP_HOME=/opt/rustwide/rustup-home" "-w" "/opt/rustwide/workdir" "-m" "1610612736" "--user" "0:0" "--network" "none" "ghcr.io/rust-lang/crates-build-env/linux@sha256:20528e8c29e4536546f0102ce88568b16ea7538393a33fcca951030f7af10457" "/opt/rustwide/cargo-home/bin/cargo" "+ff34b919075f35a1787659e9c448a34b06bab8de" "metadata" "--no-deps" "--format-version=1", kill_on_drop: false }`
[INFO] [stdout] 72b9eeb93402cea2b4aa56c57164bb7b94ca8ebee733f18b9d8f5c4a1e6abad5
[INFO] [stderr] WARNING: Your kernel does not support swap limit capabilities or the cgroup is not mounted. Memory limited without swap.
[INFO] running `Command { std: "docker" "start" "-a" "72b9eeb93402cea2b4aa56c57164bb7b94ca8ebee733f18b9d8f5c4a1e6abad5", kill_on_drop: false }`
[INFO] running `Command { std: "docker" "inspect" "72b9eeb93402cea2b4aa56c57164bb7b94ca8ebee733f18b9d8f5c4a1e6abad5", kill_on_drop: false }`
[INFO] running `Command { std: "docker" "rm" "-f" "72b9eeb93402cea2b4aa56c57164bb7b94ca8ebee733f18b9d8f5c4a1e6abad5", kill_on_drop: false }`
[INFO] [stdout] 72b9eeb93402cea2b4aa56c57164bb7b94ca8ebee733f18b9d8f5c4a1e6abad5
[INFO] running `Command { std: "docker" "create" "-v" "/var/lib/crater-agent-workspace/builds/worker-1/target:/opt/rustwide/target:rw,Z" "-v" "/var/lib/crater-agent-workspace/builds/worker-1/source:/opt/rustwide/workdir:ro,Z" "-v" "/var/lib/crater-agent-workspace/cargo-home:/opt/rustwide/cargo-home:ro,Z" "-v" "/var/lib/crater-agent-workspace/rustup-home:/opt/rustwide/rustup-home:ro,Z" "-e" "SOURCE_DIR=/opt/rustwide/workdir" "-e" "CARGO_TARGET_DIR=/opt/rustwide/target" "-e" "CARGO_INCREMENTAL=0" "-e" "RUST_BACKTRACE=full" "-e" "RUSTFLAGS=--cap-lints=forbid" "-e" "CARGO_HOME=/opt/rustwide/cargo-home" "-e" "RUSTUP_HOME=/opt/rustwide/rustup-home" "-w" "/opt/rustwide/workdir" "-m" "1610612736" "--user" "0:0" "--network" "none" "ghcr.io/rust-lang/crates-build-env/linux@sha256:20528e8c29e4536546f0102ce88568b16ea7538393a33fcca951030f7af10457" "/opt/rustwide/cargo-home/bin/cargo" "+ff34b919075f35a1787659e9c448a34b06bab8de" "build" "--frozen" "--message-format=json", kill_on_drop: false }`
[INFO] [stdout] 2de06db6f4d645535f8e96589ad5bd02589ac779ccfe736c6f572aedce28e1ed
[INFO] [stderr] WARNING: Your kernel does not support swap limit capabilities or the cgroup is not mounted. Memory limited without swap.
[INFO] running `Command { std: "docker" "start" "-a" "2de06db6f4d645535f8e96589ad5bd02589ac779ccfe736c6f572aedce28e1ed", kill_on_drop: false }`
[INFO] [stderr]    Compiling libc v0.2.54
[INFO] [stderr]    Compiling syn v0.15.34
[INFO] [stderr]    Compiling autocfg v0.1.5
[INFO] [stderr]    Compiling serde v1.0.91
[INFO] [stderr]    Compiling num-traits v0.2.6
[INFO] [stderr]    Compiling cc v1.0.38
[INFO] [stderr]    Compiling memchr v2.2.0
[INFO] [stderr]    Compiling regex v1.1.6
[INFO] [stderr]    Compiling httparse v1.3.3
[INFO] [stderr]    Compiling ucd-util v0.1.3
[INFO] [stderr]    Compiling rustc-demangle v0.1.15
[INFO] [stderr]    Compiling typenum v1.10.0
[INFO] [stderr]    Compiling ryu v0.2.8
[INFO] [stderr]    Compiling utf8-ranges v1.0.2
[INFO] [stderr]    Compiling sha1 v0.6.0
[INFO] [stderr]    Compiling xml-rs v0.8.0
[INFO] [stderr]    Compiling scoped_threadpool v0.1.9
[INFO] [stderr]    Compiling rand_core v0.3.1
[INFO] [stderr]    Compiling log v0.4.6
[INFO] [stderr]    Compiling rand_jitter v0.1.4
[INFO] [stderr]    Compiling thread_local v0.3.6
[INFO] [stderr]    Compiling humantime v1.2.0
[INFO] [stderr]    Compiling regex-syntax v0.6.6
[INFO] [stderr]    Compiling itertools v0.8.0
[INFO] [stderr]    Compiling rand_isaac v0.1.1
[INFO] [stderr]    Compiling rand_hc v0.1.0
[INFO] [stderr]    Compiling rand_xorshift v0.1.1
[INFO] [stderr]    Compiling idna v0.2.0
[INFO] [stderr]    Compiling rand_pcg v0.1.2
[INFO] [stderr]    Compiling rand_chacha v0.1.1
[INFO] [stderr]    Compiling rand v0.6.5
[INFO] [stderr]    Compiling quote v0.6.12
[INFO] [stderr]    Compiling log v0.3.9
[INFO] [stderr]    Compiling time v0.1.42
[INFO] [stderr]    Compiling iovec v0.1.2
[INFO] [stderr]    Compiling rand_os v0.1.3
[INFO] [stderr]    Compiling num_cpus v1.10.0
[INFO] [stderr]    Compiling atty v0.2.11
[INFO] [stderr]    Compiling aho-corasick v0.7.3
[INFO] [stderr]    Compiling url v2.1.0
[INFO] [stderr]    Compiling bytes v0.4.12
[INFO] [stderr]    Compiling backtrace-sys v0.1.31
[INFO] [stderr]    Compiling num-integer v0.1.39
[INFO] [stderr]    Compiling http v0.1.18
[INFO] [stderr]    Compiling backtrace v0.3.34
[INFO] [stderr]    Compiling error-chain v0.10.0
[INFO] [stderr]    Compiling serde_derive v1.0.91
[INFO] [stderr]    Compiling simple-server v0.4.0
[INFO] [stderr]    Compiling env_logger v0.6.1
[INFO] [stderr]    Compiling chrono v0.4.6
[INFO] [stderr]    Compiling serde_urlencoded v0.6.1
[INFO] [stderr]    Compiling serde-xml-rs v0.3.1
[INFO] [stderr]    Compiling serde_json v1.0.39
[INFO] [stderr]    Compiling uom v0.23.1
[INFO] [stderr]    Compiling uuid v0.7.4
[INFO] [stderr]    Compiling chrono-humanize v0.0.11
[INFO] [stdout] error[E0277]: the trait bound `L: Integer` is not satisfied
[INFO] [stdout]    --> /opt/rustwide/cargo-home/registry/src/github.com-1ecc6299db9ec823/uom-0.23.1/src/si/mod.rs:133:21
[INFO] [stdout]     |
[INFO] [stdout] 133 |                   for Quantity<
[INFO] [stdout]     |  _____________________^
[INFO] [stdout] 134 | |                     Dimension<L = L, M = M, T = T, I = I, Th = Th, N = N, J = J, Kind = $b>,
[INFO] [stdout] 135 | |                     Ul,
[INFO] [stdout] 136 | |                     V,
[INFO] [stdout] 137 | |                 >
[INFO] [stdout]     | |_________________^ the trait `Integer` is not implemented for `L`
[INFO] [stdout] ...
[INFO] [stdout] 212 |       impl_from!(AngleKind, Kind);
[INFO] [stdout]     |       ---------------------------- in this macro invocation
[INFO] [stdout]     | 
[INFO] [stdout]    ::: /opt/rustwide/cargo-home/registry/src/github.com-1ecc6299db9ec823/uom-0.23.1/src/system.rs:236:20
[INFO] [stdout]     |
[INFO] [stdout] 236 |           pub struct Quantity<D, U, V>
[INFO] [stdout]     |                      -------- required by a bound in this
[INFO] [stdout] 237 |           where
[INFO] [stdout] 238 |               D: Dimension + ?Sized,
[INFO] [stdout]     |                  --------- required by this bound in `si::Quantity`
[INFO] [stdout]     |
[INFO] [stdout]     = note: this error originates in a macro (in Nightly builds, run with -Z macro-backtrace for more info)
[INFO] [stdout] help: consider further restricting type parameter `L`
[INFO] [stdout]     |
[INFO] [stdout] 141 |                 V: ::num_traits::Num + ::Conversion<V>, L: typenum::Integer
[INFO] [stdout]     |                                                       ^^^^^^^^^^^^^^^^^^^^^
[INFO] [stdout] 
[INFO] [stdout] 
[INFO] [stdout] error[E0277]: the trait bound `M: Integer` is not satisfied
[INFO] [stdout]    --> /opt/rustwide/cargo-home/registry/src/github.com-1ecc6299db9ec823/uom-0.23.1/src/si/mod.rs:133:21
[INFO] [stdout]     |
[INFO] [stdout] 133 |                   for Quantity<
[INFO] [stdout]     |  _____________________^
[INFO] [stdout] 134 | |                     Dimension<L = L, M = M, T = T, I = I, Th = Th, N = N, J = J, Kind = $b>,
[INFO] [stdout] 135 | |                     Ul,
[INFO] [stdout] 136 | |                     V,
[INFO] [stdout] 137 | |                 >
[INFO] [stdout]     | |_________________^ the trait `Integer` is not implemented for `M`
[INFO] [stdout] ...
[INFO] [stdout] 212 |       impl_from!(AngleKind, Kind);
[INFO] [stdout]     |       ---------------------------- in this macro invocation
[INFO] [stdout]     | 
[INFO] [stdout]    ::: /opt/rustwide/cargo-home/registry/src/github.com-1ecc6299db9ec823/uom-0.23.1/src/system.rs:236:20
[INFO] [stdout]     |
[INFO] [stdout] 236 |           pub struct Quantity<D, U, V>
[INFO] [stdout]     |                      -------- required by a bound in this
[INFO] [stdout] 237 |           where
[INFO] [stdout] 238 |               D: Dimension + ?Sized,
[INFO] [stdout]     |                  --------- required by this bound in `si::Quantity`
[INFO] [stdout]     |
[INFO] [stdout]     = note: this error originates in a macro (in Nightly builds, run with -Z macro-backtrace for more info)
[INFO] [stdout] help: consider further restricting type parameter `M`
[INFO] [stdout]     |
[INFO] [stdout] 141 |                 V: ::num_traits::Num + ::Conversion<V>, M: typenum::Integer
[INFO] [stdout]     |                                                       ^^^^^^^^^^^^^^^^^^^^^
[INFO] [stdout] 
[INFO] [stdout] 
[INFO] [stdout] error[E0277]: the trait bound `T: Integer` is not satisfied
[INFO] [stdout]    --> /opt/rustwide/cargo-home/registry/src/github.com-1ecc6299db9ec823/uom-0.23.1/src/si/mod.rs:133:21
[INFO] [stdout]     |
[INFO] [stdout] 133 |                   for Quantity<
[INFO] [stdout]     |  _____________________^
[INFO] [stdout] 134 | |                     Dimension<L = L, M = M, T = T, I = I, Th = Th, N = N, J = J, Kind = $b>,
[INFO] [stdout] 135 | |                     Ul,
[INFO] [stdout] 136 | |                     V,
[INFO] [stdout] 137 | |                 >
[INFO] [stdout]     | |_________________^ the trait `Integer` is not implemented for `T`
[INFO] [stdout] ...
[INFO] [stdout] 212 |       impl_from!(AngleKind, Kind);
[INFO] [stdout]     |       ---------------------------- in this macro invocation
[INFO] [stdout]     | 
[INFO] [stdout]    ::: /opt/rustwide/cargo-home/registry/src/github.com-1ecc6299db9ec823/uom-0.23.1/src/system.rs:236:20
[INFO] [stdout]     |
[INFO] [stdout] 236 |           pub struct Quantity<D, U, V>
[INFO] [stdout]     |                      -------- required by a bound in this
[INFO] [stdout] 237 |           where
[INFO] [stdout] 238 |               D: Dimension + ?Sized,
[INFO] [stdout]     |                  --------- required by this bound in `si::Quantity`
[INFO] [stdout]     |
[INFO] [stdout]     = note: this error originates in a macro (in Nightly builds, run with -Z macro-backtrace for more info)
[INFO] [stdout] help: consider further restricting type parameter `T`
[INFO] [stdout]     |
[INFO] [stdout] 141 |                 V: ::num_traits::Num + ::Conversion<V>, T: typenum::Integer
[INFO] [stdout]     |                                                       ^^^^^^^^^^^^^^^^^^^^^
[INFO] [stdout] 
[INFO] [stdout] 
[INFO] [stdout] error[E0277]: the trait bound `I: Integer` is not satisfied
[INFO] [stdout]    --> /opt/rustwide/cargo-home/registry/src/github.com-1ecc6299db9ec823/uom-0.23.1/src/si/mod.rs:133:21
[INFO] [stdout]     |
[INFO] [stdout] 133 |                   for Quantity<
[INFO] [stdout]     |  _____________________^
[INFO] [stdout] 134 | |                     Dimension<L = L, M = M, T = T, I = I, Th = Th, N = N, J = J, Kind = $b>,
[INFO] [stdout] 135 | |                     Ul,
[INFO] [stdout] 136 | |                     V,
[INFO] [stdout] 137 | |                 >
[INFO] [stdout]     | |_________________^ the trait `Integer` is not implemented for `I`
[INFO] [stdout] ...
[INFO] [stdout] 212 |       impl_from!(AngleKind, Kind);
[INFO] [stdout]     |       ---------------------------- in this macro invocation
[INFO] [stdout]     | 
[INFO] [stdout]    ::: /opt/rustwide/cargo-home/registry/src/github.com-1ecc6299db9ec823/uom-0.23.1/src/system.rs:236:20
[INFO] [stdout]     |
[INFO] [stdout] 236 |           pub struct Quantity<D, U, V>
[INFO] [stdout]     |                      -------- required by a bound in this
[INFO] [stdout] 237 |           where
[INFO] [stdout] 238 |               D: Dimension + ?Sized,
[INFO] [stdout]     |                  --------- required by this bound in `si::Quantity`
[INFO] [stdout]     |
[INFO] [stdout]     = note: this error originates in a macro (in Nightly builds, run with -Z macro-backtrace for more info)
[INFO] [stdout] help: consider further restricting type parameter `I`
[INFO] [stdout]     |
[INFO] [stdout] 141 |                 V: ::num_traits::Num + ::Conversion<V>, I: typenum::Integer
[INFO] [stdout]     |                                                       ^^^^^^^^^^^^^^^^^^^^^
[INFO] [stdout] 
[INFO] [stdout] 
[INFO] [stdout] error[E0277]: the trait bound `Th: Integer` is not satisfied
[INFO] [stdout]    --> /opt/rustwide/cargo-home/registry/src/github.com-1ecc6299db9ec823/uom-0.23.1/src/si/mod.rs:133:21
[INFO] [stdout]     |
[INFO] [stdout] 133 |                   for Quantity<
[INFO] [stdout]     |  _____________________^
[INFO] [stdout] 134 | |                     Dimension<L = L, M = M, T = T, I = I, Th = Th, N = N, J = J, Kind = $b>,
[INFO] [stdout] 135 | |                     Ul,
[INFO] [stdout] 136 | |                     V,
[INFO] [stdout] 137 | |                 >
[INFO] [stdout]     | |_________________^ the trait `Integer` is not implemented for `Th`
[INFO] [stdout] ...
[INFO] [stdout] 212 |       impl_from!(AngleKind, Kind);
[INFO] [stdout]     |       ---------------------------- in this macro invocation
[INFO] [stdout]     | 
[INFO] [stdout]    ::: /opt/rustwide/cargo-home/registry/src/github.com-1ecc6299db9ec823/uom-0.23.1/src/system.rs:236:20
[INFO] [stdout]     |
[INFO] [stdout] 236 |           pub struct Quantity<D, U, V>
[INFO] [stdout]     |                      -------- required by a bound in this
[INFO] [stdout] 237 |           where
[INFO] [stdout] 238 |               D: Dimension + ?Sized,
[INFO] [stdout]     |                  --------- required by this bound in `si::Quantity`
[INFO] [stdout]     |
[INFO] [stdout]     = note: this error originates in a macro (in Nightly builds, run with -Z macro-backtrace for more info)
[INFO] [stdout] help: consider further restricting type parameter `Th`
[INFO] [stdout]     |
[INFO] [stdout] 141 |                 V: ::num_traits::Num + ::Conversion<V>, Th: typenum::Integer
[INFO] [stdout]     |                                                       ^^^^^^^^^^^^^^^^^^^^^^
[INFO] [stdout] 
[INFO] [stdout] 
[INFO] [stdout] error[E0277]: the trait bound `N: Integer` is not satisfied
[INFO] [stdout]    --> /opt/rustwide/cargo-home/registry/src/github.com-1ecc6299db9ec823/uom-0.23.1/src/si/mod.rs:133:21
[INFO] [stdout]     |
[INFO] [stdout] 133 |                   for Quantity<
[INFO] [stdout]     |  _____________________^
[INFO] [stdout] 134 | |                     Dimension<L = L, M = M, T = T, I = I, Th = Th, N = N, J = J, Kind = $b>,
[INFO] [stdout] 135 | |                     Ul,
[INFO] [stdout] 136 | |                     V,
[INFO] [stdout] 137 | |                 >
[INFO] [stdout]     | |_________________^ the trait `Integer` is not implemented for `N`
[INFO] [stdout] ...
[INFO] [stdout] 212 |       impl_from!(AngleKind, Kind);
[INFO] [stdout]     |       ---------------------------- in this macro invocation
[INFO] [stdout]     | 
[INFO] [stdout]    ::: /opt/rustwide/cargo-home/registry/src/github.com-1ecc6299db9ec823/uom-0.23.1/src/system.rs:236:20
[INFO] [stdout]     |
[INFO] [stdout] 236 |           pub struct Quantity<D, U, V>
[INFO] [stdout]     |                      -------- required by a bound in this
[INFO] [stdout] 237 |           where
[INFO] [stdout] 238 |               D: Dimension + ?Sized,
[INFO] [stdout]     |                  --------- required by this bound in `si::Quantity`
[INFO] [stdout]     |
[INFO] [stdout]     = note: this error originates in a macro (in Nightly builds, run with -Z macro-backtrace for more info)
[INFO] [stdout] help: consider further restricting type parameter `N`
[INFO] [stdout]     |
[INFO] [stdout] 141 |                 V: ::num_traits::Num + ::Conversion<V>, N: typenum::Integer
[INFO] [stdout]     |                                                       ^^^^^^^^^^^^^^^^^^^^^
[INFO] [stdout] 
[INFO] [stdout] 
[INFO] [stdout] error[E0277]: the trait bound `J: Integer` is not satisfied
[INFO] [stdout]    --> /opt/rustwide/cargo-home/registry/src/github.com-1ecc6299db9ec823/uom-0.23.1/src/si/mod.rs:133:21
[INFO] [stdout]     |
[INFO] [stdout] 133 |                   for Quantity<
[INFO] [stdout]     |  _____________________^
[INFO] [stdout] 134 | |                     Dimension<L = L, M = M, T = T, I = I, Th = Th, N = N, J = J, Kind = $b>,
[INFO] [stdout] 135 | |                     Ul,
[INFO] [stdout] 136 | |                     V,
[INFO] [stdout] 137 | |                 >
[INFO] [stdout]     | |_________________^ the trait `Integer` is not implemented for `J`
[INFO] [stdout] ...
[INFO] [stdout] 212 |       impl_from!(AngleKind, Kind);
[INFO] [stdout]     |       ---------------------------- in this macro invocation
[INFO] [stdout]     | 
[INFO] [stdout]    ::: /opt/rustwide/cargo-home/registry/src/github.com-1ecc6299db9ec823/uom-0.23.1/src/system.rs:236:20
[INFO] [stdout]     |
[INFO] [stdout] 236 |           pub struct Quantity<D, U, V>
[INFO] [stdout]     |                      -------- required by a bound in this
[INFO] [stdout] 237 |           where
[INFO] [stdout] 238 |               D: Dimension + ?Sized,
[INFO] [stdout]     |                  --------- required by this bound in `si::Quantity`
[INFO] [stdout]     |
[INFO] [stdout]     = note: this error originates in a macro (in Nightly builds, run with -Z macro-backtrace for more info)
[INFO] [stdout] help: consider further restricting type parameter `J`
[INFO] [stdout]     |
[INFO] [stdout] 141 |                 V: ::num_traits::Num + ::Conversion<V>, J: typenum::Integer
[INFO] [stdout]     |                                                       ^^^^^^^^^^^^^^^^^^^^^
[INFO] [stdout] 
[INFO] [stdout] 
[INFO] [stdout] error[E0277]: the trait bound `L: Integer` is not satisfied
[INFO] [stdout]    --> /opt/rustwide/cargo-home/registry/src/github.com-1ecc6299db9ec823/uom-0.23.1/src/si/mod.rs:133:21
[INFO] [stdout]     |
[INFO] [stdout] 133 |                   for Quantity<
[INFO] [stdout]     |  _____________________^
[INFO] [stdout] 134 | |                     Dimension<L = L, M = M, T = T, I = I, Th = Th, N = N, J = J, Kind = $b>,
[INFO] [stdout] 135 | |                     Ul,
[INFO] [stdout] 136 | |                     V,
[INFO] [stdout] 137 | |                 >
[INFO] [stdout]     | |_________________^ the trait `Integer` is not implemented for `L`
[INFO] [stdout] ...
[INFO] [stdout] 213 |       impl_from!(Kind, AngleKind);
[INFO] [stdout]     |       ---------------------------- in this macro invocation
[INFO] [stdout]     | 
[INFO] [stdout]    ::: /opt/rustwide/cargo-home/registry/src/github.com-1ecc6299db9ec823/uom-0.23.1/src/system.rs:236:20
[INFO] [stdout]     |
[INFO] [stdout] 236 |           pub struct Quantity<D, U, V>
[INFO] [stdout]     |                      -------- required by a bound in this
[INFO] [stdout] 237 |           where
[INFO] [stdout] 238 |               D: Dimension + ?Sized,
[INFO] [stdout]     |                  --------- required by this bound in `si::Quantity`
[INFO] [stdout]     |
[INFO] [stdout]     = note: this error originates in a macro (in Nightly builds, run with -Z macro-backtrace for more info)
[INFO] [stdout] help: consider further restricting type parameter `L`
[INFO] [stdout]     |
[INFO] [stdout] 141 |                 V: ::num_traits::Num + ::Conversion<V>, L: typenum::Integer
[INFO] [stdout]     |                                                       ^^^^^^^^^^^^^^^^^^^^^
[INFO] [stdout] 
[INFO] [stdout] 
[INFO] [stdout] error[E0277]: the trait bound `M: Integer` is not satisfied
[INFO] [stdout]    --> /opt/rustwide/cargo-home/registry/src/github.com-1ecc6299db9ec823/uom-0.23.1/src/si/mod.rs:133:21
[INFO] [stdout]     |
[INFO] [stdout] 133 |                   for Quantity<
[INFO] [stdout]     |  _____________________^
[INFO] [stdout] 134 | |                     Dimension<L = L, M = M, T = T, I = I, Th = Th, N = N, J = J, Kind = $b>,
[INFO] [stdout] 135 | |                     Ul,
[INFO] [stdout] 136 | |                     V,
[INFO] [stdout] 137 | |                 >
[INFO] [stdout]     | |_________________^ the trait `Integer` is not implemented for `M`
[INFO] [stdout] ...
[INFO] [stdout] 213 |       impl_from!(Kind, AngleKind);
[INFO] [stdout]     |       ---------------------------- in this macro invocation
[INFO] [stdout]     | 
[INFO] [stdout]    ::: /opt/rustwide/cargo-home/registry/src/github.com-1ecc6299db9ec823/uom-0.23.1/src/system.rs:236:20
[INFO] [stdout]     |
[INFO] [stdout] 236 |           pub struct Quantity<D, U, V>
[INFO] [stdout]     |                      -------- required by a bound in this
[INFO] [stdout] 237 |           where
[INFO] [stdout] 238 |               D: Dimension + ?Sized,
[INFO] [stdout]     |                  --------- required by this bound in `si::Quantity`
[INFO] [stdout]     |
[INFO] [stdout]     = note: this error originates in a macro (in Nightly builds, run with -Z macro-backtrace for more info)
[INFO] [stdout] help: consider further restricting type parameter `M`
[INFO] [stdout]     |
[INFO] [stdout] 141 |                 V: ::num_traits::Num + ::Conversion<V>, M: typenum::Integer
[INFO] [stdout]     |                                                       ^^^^^^^^^^^^^^^^^^^^^
[INFO] [stdout] 
[INFO] [stdout] 
[INFO] [stdout] error[E0277]: the trait bound `T: Integer` is not satisfied
[INFO] [stdout]    --> /opt/rustwide/cargo-home/registry/src/github.com-1ecc6299db9ec823/uom-0.23.1/src/si/mod.rs:133:21
[INFO] [stdout]     |
[INFO] [stdout] 133 |                   for Quantity<
[INFO] [stdout]     |  _____________________^
[INFO] [stdout] 134 | |                     Dimension<L = L, M = M, T = T, I = I, Th = Th, N = N, J = J, Kind = $b>,
[INFO] [stdout] 135 | |                     Ul,
[INFO] [stdout] 136 | |                     V,
[INFO] [stdout] 137 | |                 >
[INFO] [stdout]     | |_________________^ the trait `Integer` is not implemented for `T`
[INFO] [stdout] ...
[INFO] [stdout] 213 |       impl_from!(Kind, AngleKind);
[INFO] [stdout]     |       ---------------------------- in this macro invocation
[INFO] [stdout]     | 
[INFO] [stdout]    ::: /opt/rustwide/cargo-home/registry/src/github.com-1ecc6299db9ec823/uom-0.23.1/src/system.rs:236:20
[INFO] [stdout]     |
[INFO] [stdout] 236 |           pub struct Quantity<D, U, V>
[INFO] [stdout]     |                      -------- required by a bound in this
[INFO] [stdout] 237 |           where
[INFO] [stdout] 238 |               D: Dimension + ?Sized,
[INFO] [stdout]     |                  --------- required by this bound in `si::Quantity`
[INFO] [stdout]     |
[INFO] [stdout]     = note: this error originates in a macro (in Nightly builds, run with -Z macro-backtrace for more info)
[INFO] [stdout] help: consider further restricting type parameter `T`
[INFO] [stdout]     |
[INFO] [stdout] 141 |                 V: ::num_traits::Num + ::Conversion<V>, T: typenum::Integer
[INFO] [stdout]     |                                                       ^^^^^^^^^^^^^^^^^^^^^
[INFO] [stdout] 
[INFO] [stdout] 
[INFO] [stdout] error[E0277]: the trait bound `I: Integer` is not satisfied
[INFO] [stdout]    --> /opt/rustwide/cargo-home/registry/src/github.com-1ecc6299db9ec823/uom-0.23.1/src/si/mod.rs:133:21
[INFO] [stdout]     |
[INFO] [stdout] 133 |                   for Quantity<
[INFO] [stdout]     |  _____________________^
[INFO] [stdout] 134 | |                     Dimension<L = L, M = M, T = T, I = I, Th = Th, N = N, J = J, Kind = $b>,
[INFO] [stdout] 135 | |                     Ul,
[INFO] [stdout] 136 | |                     V,
[INFO] [stdout] 137 | |                 >
[INFO] [stdout]     | |_________________^ the trait `Integer` is not implemented for `I`
[INFO] [stdout] ...
[INFO] [stdout] 213 |       impl_from!(Kind, AngleKind);
[INFO] [stdout]     |       ---------------------------- in this macro invocation
[INFO] [stdout]     | 
[INFO] [stdout]    ::: /opt/rustwide/cargo-home/registry/src/github.com-1ecc6299db9ec823/uom-0.23.1/src/system.rs:236:20
[INFO] [stdout]     |
[INFO] [stdout] 236 |           pub struct Quantity<D, U, V>
[INFO] [stdout]     |                      -------- required by a bound in this
[INFO] [stdout] 237 |           where
[INFO] [stdout] 238 |               D: Dimension + ?Sized,
[INFO] [stdout]     |                  --------- required by this bound in `si::Quantity`
[INFO] [stdout]     |
[INFO] [stdout]     = note: this error originates in a macro (in Nightly builds, run with -Z macro-backtrace for more info)
[INFO] [stdout] help: consider further restricting type parameter `I`
[INFO] [stdout]     |
[INFO] [stdout] 141 |                 V: ::num_traits::Num + ::Conversion<V>, I: typenum::Integer
[INFO] [stdout]     |                                                       ^^^^^^^^^^^^^^^^^^^^^
[INFO] [stdout] 
[INFO] [stdout] 
[INFO] [stdout] error[E0277]: the trait bound `Th: Integer` is not satisfied
[INFO] [stdout]    --> /opt/rustwide/cargo-home/registry/src/github.com-1ecc6299db9ec823/uom-0.23.1/src/si/mod.rs:133:21
[INFO] [stdout]     |
[INFO] [stdout] 133 |                   for Quantity<
[INFO] [stdout]     |  _____________________^
[INFO] [stdout] 134 | |                     Dimension<L = L, M = M, T = T, I = I, Th = Th, N = N, J = J, Kind = $b>,
[INFO] [stdout] 135 | |                     Ul,
[INFO] [stdout] 136 | |                     V,
[INFO] [stdout] 137 | |                 >
[INFO] [stdout]     | |_________________^ the trait `Integer` is not implemented for `Th`
[INFO] [stdout] ...
[INFO] [stdout] 213 |       impl_from!(Kind, AngleKind);
[INFO] [stdout]     |       ---------------------------- in this macro invocation
[INFO] [stdout]     | 
[INFO] [stdout]    ::: /opt/rustwide/cargo-home/registry/src/github.com-1ecc6299db9ec823/uom-0.23.1/src/system.rs:236:20
[INFO] [stdout]     |
[INFO] [stdout] 236 |           pub struct Quantity<D, U, V>
[INFO] [stdout]     |                      -------- required by a bound in this
[INFO] [stdout] 237 |           where
[INFO] [stdout] 238 |               D: Dimension + ?Sized,
[INFO] [stdout]     |                  --------- required by this bound in `si::Quantity`
[INFO] [stdout]     |
[INFO] [stdout]     = note: this error originates in a macro (in Nightly builds, run with -Z macro-backtrace for more info)
[INFO] [stdout] help: consider further restricting type parameter `Th`
[INFO] [stdout]     |
[INFO] [stdout] 141 |                 V: ::num_traits::Num + ::Conversion<V>, Th: typenum::Integer
[INFO] [stdout]     |                                                       ^^^^^^^^^^^^^^^^^^^^^^
[INFO] [stdout] 
[INFO] [stdout] 
[INFO] [stdout] error[E0277]: the trait bound `N: Integer` is not satisfied
[INFO] [stdout]    --> /opt/rustwide/cargo-home/registry/src/github.com-1ecc6299db9ec823/uom-0.23.1/src/si/mod.rs:133:21
[INFO] [stdout]     |
[INFO] [stdout] 133 |                   for Quantity<
[INFO] [stdout]     |  _____________________^
[INFO] [stdout] 134 | |                     Dimension<L = L, M = M, T = T, I = I, Th = Th, N = N, J = J, Kind = $b>,
[INFO] [stdout] 135 | |                     Ul,
[INFO] [stdout] 136 | |                     V,
[INFO] [stdout] 137 | |                 >
[INFO] [stdout]     | |_________________^ the trait `Integer` is not implemented for `N`
[INFO] [stdout] ...
[INFO] [stdout] 213 |       impl_from!(Kind, AngleKind);
[INFO] [stdout]     |       ---------------------------- in this macro invocation
[INFO] [stdout]     | 
[INFO] [stdout]    ::: /opt/rustwide/cargo-home/registry/src/github.com-1ecc6299db9ec823/uom-0.23.1/src/system.rs:236:20
[INFO] [stdout]     |
[INFO] [stdout] 236 |           pub struct Quantity<D, U, V>
[INFO] [stdout]     |                      -------- required by a bound in this
[INFO] [stdout] 237 |           where
[INFO] [stdout] 238 |               D: Dimension + ?Sized,
[INFO] [stdout]     |                  --------- required by this bound in `si::Quantity`
[INFO] [stdout]     |
[INFO] [stdout]     = note: this error originates in a macro (in Nightly builds, run with -Z macro-backtrace for more info)
[INFO] [stdout] help: consider further restricting type parameter `N`
[INFO] [stdout]     |
[INFO] [stdout] 141 |                 V: ::num_traits::Num + ::Conversion<V>, N: typenum::Integer
[INFO] [stdout]     |                                                       ^^^^^^^^^^^^^^^^^^^^^
[INFO] [stdout] 
[INFO] [stdout] 
[INFO] [stdout] error[E0277]: the trait bound `J: Integer` is not satisfied
[INFO] [stdout]    --> /opt/rustwide/cargo-home/registry/src/github.com-1ecc6299db9ec823/uom-0.23.1/src/si/mod.rs:133:21
[INFO] [stdout]     |
[INFO] [stdout] 133 |                   for Quantity<
[INFO] [stdout]     |  _____________________^
[INFO] [stdout] 134 | |                     Dimension<L = L, M = M, T = T, I = I, Th = Th, N = N, J = J, Kind = $b>,
[INFO] [stdout] 135 | |                     Ul,
[INFO] [stdout] 136 | |                     V,
[INFO] [stdout] 137 | |                 >
[INFO] [stdout]     | |_________________^ the trait `Integer` is not implemented for `J`
[INFO] [stdout] ...
[INFO] [stdout] 213 |       impl_from!(Kind, AngleKind);
[INFO] [stdout]     |       ---------------------------- in this macro invocation
[INFO] [stdout]     | 
[INFO] [stdout]    ::: /opt/rustwide/cargo-home/registry/src/github.com-1ecc6299db9ec823/uom-0.23.1/src/system.rs:236:20
[INFO] [stdout]     |
[INFO] [stdout] 236 |           pub struct Quantity<D, U, V>
[INFO] [stdout]     |                      -------- required by a bound in this
[INFO] [stdout] 237 |           where
[INFO] [stdout] 238 |               D: Dimension + ?Sized,
[INFO] [stdout]     |                  --------- required by this bound in `si::Quantity`
[INFO] [stdout]     |
[INFO] [stdout]     = note: this error originates in a macro (in Nightly builds, run with -Z macro-backtrace for more info)
[INFO] [stdout] help: consider further restricting type parameter `J`
[INFO] [stdout]     |
[INFO] [stdout] 141 |                 V: ::num_traits::Num + ::Conversion<V>, J: typenum::Integer
[INFO] [stdout]     |                                                       ^^^^^^^^^^^^^^^^^^^^^
[INFO] [stdout] 
[INFO] [stdout] 
[INFO] [stdout] error[E0277]: the trait bound `<<D as si::Dimension>::L as std::ops::Neg>::Output: Integer` is not satisfied
[INFO] [stdout]    --> /opt/rustwide/cargo-home/registry/src/github.com-1ecc6299db9ec823/uom-0.23.1/src/system.rs:723:18
[INFO] [stdout]     |
[INFO] [stdout] 236 |           pub struct Quantity<D, U, V>
[INFO] [stdout]     |                      -------- required by a bound in this
[INFO] [stdout] 237 |           where
[INFO] [stdout] 238 |               D: Dimension + ?Sized,
[INFO] [stdout]     |                  --------- required by this bound in `si::Quantity`
[INFO] [stdout] ...
[INFO] [stdout] 723 |               ) -> Quantity<$quantities<$($crate::typenum::Negate<D::$symbol>),+>, U, V>
[INFO] [stdout]     |                    ^^^^^^^^^^^^^^^^^^^^^^^^^^^^^^^^^^^^^^^^^^^^^^^^^^^^^^^^^^^^^^^^^^^^^ the trait `Integer` is not implemented for `<<D as si::Dimension>::L as std::ops::Neg>::Output`
[INFO] [stdout]     | 
[INFO] [stdout]    ::: /opt/rustwide/cargo-home/registry/src/github.com-1ecc6299db9ec823/uom-0.23.1/src/si/mod.rs:10:1
[INFO] [stdout]     |
[INFO] [stdout] 10  | / system! {
[INFO] [stdout] 11  | |     /// [International System of Quantities](http://jcgm.bipm.org/vim/en/1.6.html) (ISQ).
[INFO] [stdout] 12  | |     quantities: ISQ {
[INFO] [stdout] 13  | |         /// Length, one of the base quantities in the ISQ, denoted by the symbol L. The base unit
[INFO] [stdout] ...   |
[INFO] [stdout] 75  | |     }
[INFO] [stdout] 76  | | }
[INFO] [stdout]     | |_- in this macro invocation
[INFO] [stdout]     |
[INFO] [stdout]     = note: this error originates in a macro (in Nightly builds, run with -Z macro-backtrace for more info)
[INFO] [stdout] 
[INFO] [stdout] 
[INFO] [stdout] error[E0277]: the trait bound `<<D as si::Dimension>::M as std::ops::Neg>::Output: Integer` is not satisfied
[INFO] [stdout]    --> /opt/rustwide/cargo-home/registry/src/github.com-1ecc6299db9ec823/uom-0.23.1/src/system.rs:723:18
[INFO] [stdout]     |
[INFO] [stdout] 236 |           pub struct Quantity<D, U, V>
[INFO] [stdout]     |                      -------- required by a bound in this
[INFO] [stdout] 237 |           where
[INFO] [stdout] 238 |               D: Dimension + ?Sized,
[INFO] [stdout]     |                  --------- required by this bound in `si::Quantity`
[INFO] [stdout] ...
[INFO] [stdout] 723 |               ) -> Quantity<$quantities<$($crate::typenum::Negate<D::$symbol>),+>, U, V>
[INFO] [stdout]     |                    ^^^^^^^^^^^^^^^^^^^^^^^^^^^^^^^^^^^^^^^^^^^^^^^^^^^^^^^^^^^^^^^^^^^^^ the trait `Integer` is not implemented for `<<D as si::Dimension>::M as std::ops::Neg>::Output`
[INFO] [stdout]     | 
[INFO] [stdout]    ::: /opt/rustwide/cargo-home/registry/src/github.com-1ecc6299db9ec823/uom-0.23.1/src/si/mod.rs:10:1
[INFO] [stdout]     |
[INFO] [stdout] 10  | / system! {
[INFO] [stdout] 11  | |     /// [International System of Quantities](http://jcgm.bipm.org/vim/en/1.6.html) (ISQ).
[INFO] [stdout] 12  | |     quantities: ISQ {
[INFO] [stdout] 13  | |         /// Length, one of the base quantities in the ISQ, denoted by the symbol L. The base unit
[INFO] [stdout] ...   |
[INFO] [stdout] 75  | |     }
[INFO] [stdout] 76  | | }
[INFO] [stdout]     | |_- in this macro invocation
[INFO] [stdout]     |
[INFO] [stdout]     = note: this error originates in a macro (in Nightly builds, run with -Z macro-backtrace for more info)
[INFO] [stdout] 
[INFO] [stdout] 
[INFO] [stdout] error[E0277]: the trait bound `<<D as si::Dimension>::T as std::ops::Neg>::Output: Integer` is not satisfied
[INFO] [stdout]    --> /opt/rustwide/cargo-home/registry/src/github.com-1ecc6299db9ec823/uom-0.23.1/src/system.rs:723:18
[INFO] [stdout]     |
[INFO] [stdout] 236 |           pub struct Quantity<D, U, V>
[INFO] [stdout]     |                      -------- required by a bound in this
[INFO] [stdout] 237 |           where
[INFO] [stdout] 238 |               D: Dimension + ?Sized,
[INFO] [stdout]     |                  --------- required by this bound in `si::Quantity`
[INFO] [stdout] ...
[INFO] [stdout] 723 |               ) -> Quantity<$quantities<$($crate::typenum::Negate<D::$symbol>),+>, U, V>
[INFO] [stdout]     |                    ^^^^^^^^^^^^^^^^^^^^^^^^^^^^^^^^^^^^^^^^^^^^^^^^^^^^^^^^^^^^^^^^^^^^^ the trait `Integer` is not implemented for `<<D as si::Dimension>::T as std::ops::Neg>::Output`
[INFO] [stdout]     | 
[INFO] [stdout]    ::: /opt/rustwide/cargo-home/registry/src/github.com-1ecc6299db9ec823/uom-0.23.1/src/si/mod.rs:10:1
[INFO] [stdout]     |
[INFO] [stdout] 10  | / system! {
[INFO] [stdout] 11  | |     /// [International System of Quantities](http://jcgm.bipm.org/vim/en/1.6.html) (ISQ).
[INFO] [stdout] 12  | |     quantities: ISQ {
[INFO] [stdout] 13  | |         /// Length, one of the base quantities in the ISQ, denoted by the symbol L. The base unit
[INFO] [stdout] ...   |
[INFO] [stdout] 75  | |     }
[INFO] [stdout] 76  | | }
[INFO] [stdout]     | |_- in this macro invocation
[INFO] [stdout]     |
[INFO] [stdout]     = note: this error originates in a macro (in Nightly builds, run with -Z macro-backtrace for more info)
[INFO] [stdout] 
[INFO] [stdout] 
[INFO] [stdout] error[E0277]: the trait bound `<<D as si::Dimension>::I as std::ops::Neg>::Output: Integer` is not satisfied
[INFO] [stdout]    --> /opt/rustwide/cargo-home/registry/src/github.com-1ecc6299db9ec823/uom-0.23.1/src/system.rs:723:18
[INFO] [stdout]     |
[INFO] [stdout] 236 |           pub struct Quantity<D, U, V>
[INFO] [stdout]     |                      -------- required by a bound in this
[INFO] [stdout] 237 |           where
[INFO] [stdout] 238 |               D: Dimension + ?Sized,
[INFO] [stdout]     |                  --------- required by this bound in `si::Quantity`
[INFO] [stdout] ...
[INFO] [stdout] 723 |               ) -> Quantity<$quantities<$($crate::typenum::Negate<D::$symbol>),+>, U, V>
[INFO] [stdout]     |                    ^^^^^^^^^^^^^^^^^^^^^^^^^^^^^^^^^^^^^^^^^^^^^^^^^^^^^^^^^^^^^^^^^^^^^ the trait `Integer` is not implemented for `<<D as si::Dimension>::I as std::ops::Neg>::Output`
[INFO] [stdout]     | 
[INFO] [stdout]    ::: /opt/rustwide/cargo-home/registry/src/github.com-1ecc6299db9ec823/uom-0.23.1/src/si/mod.rs:10:1
[INFO] [stdout]     |
[INFO] [stdout] 10  | / system! {
[INFO] [stdout] 11  | |     /// [International System of Quantities](http://jcgm.bipm.org/vim/en/1.6.html) (ISQ).
[INFO] [stdout] 12  | |     quantities: ISQ {
[INFO] [stdout] 13  | |         /// Length, one of the base quantities in the ISQ, denoted by the symbol L. The base unit
[INFO] [stdout] ...   |
[INFO] [stdout] 75  | |     }
[INFO] [stdout] 76  | | }
[INFO] [stdout]     | |_- in this macro invocation
[INFO] [stdout]     |
[INFO] [stdout]     = note: this error originates in a macro (in Nightly builds, run with -Z macro-backtrace for more info)
[INFO] [stdout] 
[INFO] [stdout] 
[INFO] [stdout] error[E0277]: the trait bound `<<D as si::Dimension>::Th as std::ops::Neg>::Output: Integer` is not satisfied
[INFO] [stdout]    --> /opt/rustwide/cargo-home/registry/src/github.com-1ecc6299db9ec823/uom-0.23.1/src/system.rs:723:18
[INFO] [stdout]     |
[INFO] [stdout] 236 |           pub struct Quantity<D, U, V>
[INFO] [stdout]     |                      -------- required by a bound in this
[INFO] [stdout] 237 |           where
[INFO] [stdout] 238 |               D: Dimension + ?Sized,
[INFO] [stdout]     |                  --------- required by this bound in `si::Quantity`
[INFO] [stdout] ...
[INFO] [stdout] 723 |               ) -> Quantity<$quantities<$($crate::typenum::Negate<D::$symbol>),+>, U, V>
[INFO] [stdout]     |                    ^^^^^^^^^^^^^^^^^^^^^^^^^^^^^^^^^^^^^^^^^^^^^^^^^^^^^^^^^^^^^^^^^^^^^ the trait `Integer` is not implemented for `<<D as si::Dimension>::Th as std::ops::Neg>::Output`
[INFO] [stdout]     | 
[INFO] [stdout]    ::: /opt/rustwide/cargo-home/registry/src/github.com-1ecc6299db9ec823/uom-0.23.1/src/si/mod.rs:10:1
[INFO] [stdout]     |
[INFO] [stdout] 10  | / system! {
[INFO] [stdout] 11  | |     /// [International System of Quantities](http://jcgm.bipm.org/vim/en/1.6.html) (ISQ).
[INFO] [stdout] 12  | |     quantities: ISQ {
[INFO] [stdout] 13  | |         /// Length, one of the base quantities in the ISQ, denoted by the symbol L. The base unit
[INFO] [stdout] ...   |
[INFO] [stdout] 75  | |     }
[INFO] [stdout] 76  | | }
[INFO] [stdout]     | |_- in this macro invocation
[INFO] [stdout]     |
[INFO] [stdout]     = note: this error originates in a macro (in Nightly builds, run with -Z macro-backtrace for more info)
[INFO] [stdout] 
[INFO] [stdout] 
[INFO] [stdout] error[E0277]: the trait bound `<<D as si::Dimension>::N as std::ops::Neg>::Output: Integer` is not satisfied
[INFO] [stdout]    --> /opt/rustwide/cargo-home/registry/src/github.com-1ecc6299db9ec823/uom-0.23.1/src/system.rs:723:18
[INFO] [stdout]     |
[INFO] [stdout] 236 |           pub struct Quantity<D, U, V>
[INFO] [stdout]     |                      -------- required by a bound in this
[INFO] [stdout] 237 |           where
[INFO] [stdout] 238 |               D: Dimension + ?Sized,
[INFO] [stdout]     |                  --------- required by this bound in `si::Quantity`
[INFO] [stdout] ...
[INFO] [stdout] 723 |               ) -> Quantity<$quantities<$($crate::typenum::Negate<D::$symbol>),+>, U, V>
[INFO] [stdout]     |                    ^^^^^^^^^^^^^^^^^^^^^^^^^^^^^^^^^^^^^^^^^^^^^^^^^^^^^^^^^^^^^^^^^^^^^ the trait `Integer` is not implemented for `<<D as si::Dimension>::N as std::ops::Neg>::Output`
[INFO] [stdout]     | 
[INFO] [stdout]    ::: /opt/rustwide/cargo-home/registry/src/github.com-1ecc6299db9ec823/uom-0.23.1/src/si/mod.rs:10:1
[INFO] [stdout]     |
[INFO] [stdout] 10  | / system! {
[INFO] [stdout] 11  | |     /// [International System of Quantities](http://jcgm.bipm.org/vim/en/1.6.html) (ISQ).
[INFO] [stdout] 12  | |     quantities: ISQ {
[INFO] [stdout] 13  | |         /// Length, one of the base quantities in the ISQ, denoted by the symbol L. The base unit
[INFO] [stdout] ...   |
[INFO] [stdout] 75  | |     }
[INFO] [stdout] 76  | | }
[INFO] [stdout]     | |_- in this macro invocation
[INFO] [stdout]     |
[INFO] [stdout]     = note: this error originates in a macro (in Nightly builds, run with -Z macro-backtrace for more info)
[INFO] [stdout] 
[INFO] [stdout] 
[INFO] [stdout] error[E0277]: the trait bound `<<D as si::Dimension>::J as std::ops::Neg>::Output: Integer` is not satisfied
[INFO] [stdout]    --> /opt/rustwide/cargo-home/registry/src/github.com-1ecc6299db9ec823/uom-0.23.1/src/system.rs:723:18
[INFO] [stdout]     |
[INFO] [stdout] 236 |           pub struct Quantity<D, U, V>
[INFO] [stdout]     |                      -------- required by a bound in this
[INFO] [stdout] 237 |           where
[INFO] [stdout] 238 |               D: Dimension + ?Sized,
[INFO] [stdout]     |                  --------- required by this bound in `si::Quantity`
[INFO] [stdout] ...
[INFO] [stdout] 723 |               ) -> Quantity<$quantities<$($crate::typenum::Negate<D::$symbol>),+>, U, V>
[INFO] [stdout]     |                    ^^^^^^^^^^^^^^^^^^^^^^^^^^^^^^^^^^^^^^^^^^^^^^^^^^^^^^^^^^^^^^^^^^^^^ the trait `Integer` is not implemented for `<<D as si::Dimension>::J as std::ops::Neg>::Output`
[INFO] [stdout]     | 
[INFO] [stdout]    ::: /opt/rustwide/cargo-home/registry/src/github.com-1ecc6299db9ec823/uom-0.23.1/src/si/mod.rs:10:1
[INFO] [stdout]     |
[INFO] [stdout] 10  | / system! {
[INFO] [stdout] 11  | |     /// [International System of Quantities](http://jcgm.bipm.org/vim/en/1.6.html) (ISQ).
[INFO] [stdout] 12  | |     quantities: ISQ {
[INFO] [stdout] 13  | |         /// Length, one of the base quantities in the ISQ, denoted by the symbol L. The base unit
[INFO] [stdout] ...   |
[INFO] [stdout] 75  | |     }
[INFO] [stdout] 76  | | }
[INFO] [stdout]     | |_- in this macro invocation
[INFO] [stdout]     |
[INFO] [stdout]     = note: this error originates in a macro (in Nightly builds, run with -Z macro-backtrace for more info)
[INFO] [stdout] 
[INFO] [stdout] 
[INFO] [stdout] error[E0277]: the trait bound `<<D as si::Dimension>::L as std::ops::Mul<E>>::Output: Integer` is not satisfied
[INFO] [stdout]    --> /opt/rustwide/cargo-home/registry/src/github.com-1ecc6299db9ec823/uom-0.23.1/src/system.rs:747:18
[INFO] [stdout]     |
[INFO] [stdout] 236 |           pub struct Quantity<D, U, V>
[INFO] [stdout]     |                      -------- required by a bound in this
[INFO] [stdout] 237 |           where
[INFO] [stdout] 238 |               D: Dimension + ?Sized,
[INFO] [stdout]     |                  --------- required by this bound in `si::Quantity`
[INFO] [stdout] ...
[INFO] [stdout] 747 |               ) -> Quantity<$quantities<$($crate::typenum::Prod<D::$symbol, E>),+>, U, V>
[INFO] [stdout]     |                    ^^^^^^^^^^^^^^^^^^^^^^^^^^^^^^^^^^^^^^^^^^^^^^^^^^^^^^^^^^^^^^^^^^^^^^ the trait `Integer` is not implemented for `<<D as si::Dimension>::L as std::ops::Mul<E>>::Output`
[INFO] [stdout]     | 
[INFO] [stdout]    ::: /opt/rustwide/cargo-home/registry/src/github.com-1ecc6299db9ec823/uom-0.23.1/src/si/mod.rs:10:1
[INFO] [stdout]     |
[INFO] [stdout] 10  | / system! {
[INFO] [stdout] 11  | |     /// [International System of Quantities](http://jcgm.bipm.org/vim/en/1.6.html) (ISQ).
[INFO] [stdout] 12  | |     quantities: ISQ {
[INFO] [stdout] 13  | |         /// Length, one of the base quantities in the ISQ, denoted by the symbol L. The base unit
[INFO] [stdout] ...   |
[INFO] [stdout] 75  | |     }
[INFO] [stdout] 76  | | }
[INFO] [stdout]     | |_- in this macro invocation
[INFO] [stdout]     |
[INFO] [stdout]     = note: this error originates in a macro (in Nightly builds, run with -Z macro-backtrace for more info)
[INFO] [stdout] 
[INFO] [stdout] 
[INFO] [stdout] error[E0277]: the trait bound `<<D as si::Dimension>::M as std::ops::Mul<E>>::Output: Integer` is not satisfied
[INFO] [stdout]    --> /opt/rustwide/cargo-home/registry/src/github.com-1ecc6299db9ec823/uom-0.23.1/src/system.rs:747:18
[INFO] [stdout]     |
[INFO] [stdout] 236 |           pub struct Quantity<D, U, V>
[INFO] [stdout]     |                      -------- required by a bound in this
[INFO] [stdout] 237 |           where
[INFO] [stdout] 238 |               D: Dimension + ?Sized,
[INFO] [stdout]     |                  --------- required by this bound in `si::Quantity`
[INFO] [stdout] ...
[INFO] [stdout] 747 |               ) -> Quantity<$quantities<$($crate::typenum::Prod<D::$symbol, E>),+>, U, V>
[INFO] [stdout]     |                    ^^^^^^^^^^^^^^^^^^^^^^^^^^^^^^^^^^^^^^^^^^^^^^^^^^^^^^^^^^^^^^^^^^^^^^ the trait `Integer` is not implemented for `<<D as si::Dimension>::M as std::ops::Mul<E>>::Output`
[INFO] [stdout]     | 
[INFO] [stdout]    ::: /opt/rustwide/cargo-home/registry/src/github.com-1ecc6299db9ec823/uom-0.23.1/src/si/mod.rs:10:1
[INFO] [stdout]     |
[INFO] [stdout] 10  | / system! {
[INFO] [stdout] 11  | |     /// [International System of Quantities](http://jcgm.bipm.org/vim/en/1.6.html) (ISQ).
[INFO] [stdout] 12  | |     quantities: ISQ {
[INFO] [stdout] 13  | |         /// Length, one of the base quantities in the ISQ, denoted by the symbol L. The base unit
[INFO] [stdout] ...   |
[INFO] [stdout] 75  | |     }
[INFO] [stdout] 76  | | }
[INFO] [stdout]     | |_- in this macro invocation
[INFO] [stdout]     |
[INFO] [stdout]     = note: this error originates in a macro (in Nightly builds, run with -Z macro-backtrace for more info)
[INFO] [stdout] 
[INFO] [stdout] 
[INFO] [stdout] error[E0277]: the trait bound `<<D as si::Dimension>::T as std::ops::Mul<E>>::Output: Integer` is not satisfied
[INFO] [stdout]    --> /opt/rustwide/cargo-home/registry/src/github.com-1ecc6299db9ec823/uom-0.23.1/src/system.rs:747:18
[INFO] [stdout]     |
[INFO] [stdout] 236 |           pub struct Quantity<D, U, V>
[INFO] [stdout]     |                      -------- required by a bound in this
[INFO] [stdout] 237 |           where
[INFO] [stdout] 238 |               D: Dimension + ?Sized,
[INFO] [stdout]     |                  --------- required by this bound in `si::Quantity`
[INFO] [stdout] ...
[INFO] [stdout] 747 |               ) -> Quantity<$quantities<$($crate::typenum::Prod<D::$symbol, E>),+>, U, V>
[INFO] [stdout]     |                    ^^^^^^^^^^^^^^^^^^^^^^^^^^^^^^^^^^^^^^^^^^^^^^^^^^^^^^^^^^^^^^^^^^^^^^ the trait `Integer` is not implemented for `<<D as si::Dimension>::T as std::ops::Mul<E>>::Output`
[INFO] [stdout]     | 
[INFO] [stdout]    ::: /opt/rustwide/cargo-home/registry/src/github.com-1ecc6299db9ec823/uom-0.23.1/src/si/mod.rs:10:1
[INFO] [stdout]     |
[INFO] [stdout] 10  | / system! {
[INFO] [stdout] 11  | |     /// [International System of Quantities](http://jcgm.bipm.org/vim/en/1.6.html) (ISQ).
[INFO] [stdout] 12  | |     quantities: ISQ {
[INFO] [stdout] 13  | |         /// Length, one of the base quantities in the ISQ, denoted by the symbol L. The base unit
[INFO] [stdout] ...   |
[INFO] [stdout] 75  | |     }
[INFO] [stdout] 76  | | }
[INFO] [stdout]     | |_- in this macro invocation
[INFO] [stdout]     |
[INFO] [stdout]     = note: this error originates in a macro (in Nightly builds, run with -Z macro-backtrace for more info)
[INFO] [stdout] 
[INFO] [stdout] 
[INFO] [stdout] error[E0277]: the trait bound `<<D as si::Dimension>::I as std::ops::Mul<E>>::Output: Integer` is not satisfied
[INFO] [stdout]    --> /opt/rustwide/cargo-home/registry/src/github.com-1ecc6299db9ec823/uom-0.23.1/src/system.rs:747:18
[INFO] [stdout]     |
[INFO] [stdout] 236 |           pub struct Quantity<D, U, V>
[INFO] [stdout]     |                      -------- required by a bound in this
[INFO] [stdout] 237 |           where
[INFO] [stdout] 238 |               D: Dimension + ?Sized,
[INFO] [stdout]     |                  --------- required by this bound in `si::Quantity`
[INFO] [stdout] ...
[INFO] [stdout] 747 |               ) -> Quantity<$quantities<$($crate::typenum::Prod<D::$symbol, E>),+>, U, V>
[INFO] [stdout]     |                    ^^^^^^^^^^^^^^^^^^^^^^^^^^^^^^^^^^^^^^^^^^^^^^^^^^^^^^^^^^^^^^^^^^^^^^ the trait `Integer` is not implemented for `<<D as si::Dimension>::I as std::ops::Mul<E>>::Output`
[INFO] [stdout]     | 
[INFO] [stdout]    ::: /opt/rustwide/cargo-home/registry/src/github.com-1ecc6299db9ec823/uom-0.23.1/src/si/mod.rs:10:1
[INFO] [stdout]     |
[INFO] [stdout] 10  | / system! {
[INFO] [stdout] 11  | |     /// [International System of Quantities](http://jcgm.bipm.org/vim/en/1.6.html) (ISQ).
[INFO] [stdout] 12  | |     quantities: ISQ {
[INFO] [stdout] 13  | |         /// Length, one of the base quantities in the ISQ, denoted by the symbol L. The base unit
[INFO] [stdout] ...   |
[INFO] [stdout] 75  | |     }
[INFO] [stdout] 76  | | }
[INFO] [stdout]     | |_- in this macro invocation
[INFO] [stdout]     |
[INFO] [stdout]     = note: this error originates in a macro (in Nightly builds, run with -Z macro-backtrace for more info)
[INFO] [stdout] 
[INFO] [stdout] 
[INFO] [stdout] error[E0277]: the trait bound `<<D as si::Dimension>::Th as std::ops::Mul<E>>::Output: Integer` is not satisfied
[INFO] [stdout]    --> /opt/rustwide/cargo-home/registry/src/github.com-1ecc6299db9ec823/uom-0.23.1/src/system.rs:747:18
[INFO] [stdout]     |
[INFO] [stdout] 236 |           pub struct Quantity<D, U, V>
[INFO] [stdout]     |                      -------- required by a bound in this
[INFO] [stdout] 237 |           where
[INFO] [stdout] 238 |               D: Dimension + ?Sized,
[INFO] [stdout]     |                  --------- required by this bound in `si::Quantity`
[INFO] [stdout] ...
[INFO] [stdout] 747 |               ) -> Quantity<$quantities<$($crate::typenum::Prod<D::$symbol, E>),+>, U, V>
[INFO] [stdout]     |                    ^^^^^^^^^^^^^^^^^^^^^^^^^^^^^^^^^^^^^^^^^^^^^^^^^^^^^^^^^^^^^^^^^^^^^^ the trait `Integer` is not implemented for `<<D as si::Dimension>::Th as std::ops::Mul<E>>::Output`
[INFO] [stdout]     | 
[INFO] [stdout]    ::: /opt/rustwide/cargo-home/registry/src/github.com-1ecc6299db9ec823/uom-0.23.1/src/si/mod.rs:10:1
[INFO] [stdout]     |
[INFO] [stdout] 10  | / system! {
[INFO] [stdout] 11  | |     /// [International System of Quantities](http://jcgm.bipm.org/vim/en/1.6.html) (ISQ).
[INFO] [stdout] 12  | |     quantities: ISQ {
[INFO] [stdout] 13  | |         /// Length, one of the base quantities in the ISQ, denoted by the symbol L. The base unit
[INFO] [stdout] ...   |
[INFO] [stdout] 75  | |     }
[INFO] [stdout] 76  | | }
[INFO] [stdout]     | |_- in this macro invocation
[INFO] [stdout]     |
[INFO] [stdout]     = note: this error originates in a macro (in Nightly builds, run with -Z macro-backtrace for more info)
[INFO] [stdout] 
[INFO] [stdout] 
[INFO] [stdout] error[E0277]: the trait bound `<<D as si::Dimension>::N as std::ops::Mul<E>>::Output: Integer` is not satisfied
[INFO] [stdout]    --> /opt/rustwide/cargo-home/registry/src/github.com-1ecc6299db9ec823/uom-0.23.1/src/system.rs:747:18
[INFO] [stdout]     |
[INFO] [stdout] 236 |           pub struct Quantity<D, U, V>
[INFO] [stdout]     |                      -------- required by a bound in this
[INFO] [stdout] 237 |           where
[INFO] [stdout] 238 |               D: Dimension + ?Sized,
[INFO] [stdout]     |                  --------- required by this bound in `si::Quantity`
[INFO] [stdout] ...
[INFO] [stdout] 747 |               ) -> Quantity<$quantities<$($crate::typenum::Prod<D::$symbol, E>),+>, U, V>
[INFO] [stdout]     |                    ^^^^^^^^^^^^^^^^^^^^^^^^^^^^^^^^^^^^^^^^^^^^^^^^^^^^^^^^^^^^^^^^^^^^^^ the trait `Integer` is not implemented for `<<D as si::Dimension>::N as std::ops::Mul<E>>::Output`
[INFO] [stdout]     | 
[INFO] [stdout]    ::: /opt/rustwide/cargo-home/registry/src/github.com-1ecc6299db9ec823/uom-0.23.1/src/si/mod.rs:10:1
[INFO] [stdout]     |
[INFO] [stdout] 10  | / system! {
[INFO] [stdout] 11  | |     /// [International System of Quantities](http://jcgm.bipm.org/vim/en/1.6.html) (ISQ).
[INFO] [stdout] 12  | |     quantities: ISQ {
[INFO] [stdout] 13  | |         /// Length, one of the base quantities in the ISQ, denoted by the symbol L. The base unit
[INFO] [stdout] ...   |
[INFO] [stdout] 75  | |     }
[INFO] [stdout] 76  | | }
[INFO] [stdout]     | |_- in this macro invocation
[INFO] [stdout]     |
[INFO] [stdout]     = note: this error originates in a macro (in Nightly builds, run with -Z macro-backtrace for more info)
[INFO] [stdout] 
[INFO] [stdout] 
[INFO] [stdout] error[E0277]: the trait bound `<<D as si::Dimension>::J as std::ops::Mul<E>>::Output: Integer` is not satisfied
[INFO] [stdout]    --> /opt/rustwide/cargo-home/registry/src/github.com-1ecc6299db9ec823/uom-0.23.1/src/system.rs:747:18
[INFO] [stdout]     |
[INFO] [stdout] 236 |           pub struct Quantity<D, U, V>
[INFO] [stdout]     |                      -------- required by a bound in this
[INFO] [stdout] 237 |           where
[INFO] [stdout] 238 |               D: Dimension + ?Sized,
[INFO] [stdout]     |                  --------- required by this bound in `si::Quantity`
[INFO] [stdout] ...
[INFO] [stdout] 747 |               ) -> Quantity<$quantities<$($crate::typenum::Prod<D::$symbol, E>),+>, U, V>
[INFO] [stdout]     |                    ^^^^^^^^^^^^^^^^^^^^^^^^^^^^^^^^^^^^^^^^^^^^^^^^^^^^^^^^^^^^^^^^^^^^^^ the trait `Integer` is not implemented for `<<D as si::Dimension>::J as std::ops::Mul<E>>::Output`
[INFO] [stdout]     | 
[INFO] [stdout]    ::: /opt/rustwide/cargo-home/registry/src/github.com-1ecc6299db9ec823/uom-0.23.1/src/si/mod.rs:10:1
[INFO] [stdout]     |
[INFO] [stdout] 10  | / system! {
[INFO] [stdout] 11  | |     /// [International System of Quantities](http://jcgm.bipm.org/vim/en/1.6.html) (ISQ).
[INFO] [stdout] 12  | |     quantities: ISQ {
[INFO] [stdout] 13  | |         /// Length, one of the base quantities in the ISQ, denoted by the symbol L. The base unit
[INFO] [stdout] ...   |
[INFO] [stdout] 75  | |     }
[INFO] [stdout] 76  | | }
[INFO] [stdout]     | |_- in this macro invocation
[INFO] [stdout]     |
[INFO] [stdout]     = note: this error originates in a macro (in Nightly builds, run with -Z macro-backtrace for more info)
[INFO] [stdout] 
[INFO] [stdout] 
[INFO] [stdout] error[E0277]: the trait bound `<<Dl as si::Dimension>::L as std::ops::Add<<Dr as si::Dimension>::L>>::Output: Integer` is not satisfied
[INFO] [stdout]    --> /opt/rustwide/cargo-home/registry/src/github.com-1ecc6299db9ec823/uom-0.23.1/src/system.rs:424:21
[INFO] [stdout]     |
[INFO] [stdout] 236 |           pub struct Quantity<D, U, V>
[INFO] [stdout]     |                      -------- required by a bound in this
[INFO] [stdout] 237 |           where
[INFO] [stdout] 238 |               D: Dimension + ?Sized,
[INFO] [stdout]     |                  --------- required by this bound in `si::Quantity`
[INFO] [stdout] ...
[INFO] [stdout] 424 | /                     type Output = Quantity<
[INFO] [stdout] 425 | |                         $quantities<$($crate::typenum::$AddSubAlias<Dl::$symbol, Dr::$symbol>,)+>,
[INFO] [stdout] 426 | |                         Ul, V>;
[INFO] [stdout]     | |_______________________________^ the trait `Integer` is not implemented for `<<Dl as si::Dimension>::L as std::ops::Add<<Dr as si::Dimension>::L>>::Output`
[INFO] [stdout]     | 
[INFO] [stdout]    ::: /opt/rustwide/cargo-home/registry/src/github.com-1ecc6299db9ec823/uom-0.23.1/src/si/mod.rs:10:1
[INFO] [stdout]     |
[INFO] [stdout] 10  | / system! {
[INFO] [stdout] 11  | |     /// [International System of Quantities](http://jcgm.bipm.org/vim/en/1.6.html) (ISQ).
[INFO] [stdout] 12  | |     quantities: ISQ {
[INFO] [stdout] 13  | |         /// Length, one of the base quantities in the ISQ, denoted by the symbol L. The base unit
[INFO] [stdout] ...   |
[INFO] [stdout] 75  | |     }
[INFO] [stdout] 76  | | }
[INFO] [stdout]     | |_- in this macro invocation
[INFO] [stdout]     |
[INFO] [stdout]     = note: this error originates in a macro (in Nightly builds, run with -Z macro-backtrace for more info)
[INFO] [stdout] 
[INFO] [stdout] 
[INFO] [stdout] error[E0277]: the trait bound `<<Dl as si::Dimension>::M as std::ops::Add<<Dr as si::Dimension>::M>>::Output: Integer` is not satisfied
[INFO] [stdout]    --> /opt/rustwide/cargo-home/registry/src/github.com-1ecc6299db9ec823/uom-0.23.1/src/system.rs:424:21
[INFO] [stdout]     |
[INFO] [stdout] 236 |           pub struct Quantity<D, U, V>
[INFO] [stdout]     |                      -------- required by a bound in this
[INFO] [stdout] 237 |           where
[INFO] [stdout] 238 |               D: Dimension + ?Sized,
[INFO] [stdout]     |                  --------- required by this bound in `si::Quantity`
[INFO] [stdout] ...
[INFO] [stdout] 424 | /                     type Output = Quantity<
[INFO] [stdout] 425 | |                         $quantities<$($crate::typenum::$AddSubAlias<Dl::$symbol, Dr::$symbol>,)+>,
[INFO] [stdout] 426 | |                         Ul, V>;
[INFO] [stdout]     | |_______________________________^ the trait `Integer` is not implemented for `<<Dl as si::Dimension>::M as std::ops::Add<<Dr as si::Dimension>::M>>::Output`
[INFO] [stdout]     | 
[INFO] [stdout]    ::: /opt/rustwide/cargo-home/registry/src/github.com-1ecc6299db9ec823/uom-0.23.1/src/si/mod.rs:10:1
[INFO] [stdout]     |
[INFO] [stdout] 10  | / system! {
[INFO] [stdout] 11  | |     /// [International System of Quantities](http://jcgm.bipm.org/vim/en/1.6.html) (ISQ).
[INFO] [stdout] 12  | |     quantities: ISQ {
[INFO] [stdout] 13  | |         /// Length, one of the base quantities in the ISQ, denoted by the symbol L. The base unit
[INFO] [stdout] ...   |
[INFO] [stdout] 75  | |     }
[INFO] [stdout] 76  | | }
[INFO] [stdout]     | |_- in this macro invocation
[INFO] [stdout]     |
[INFO] [stdout]     = note: this error originates in a macro (in Nightly builds, run with -Z macro-backtrace for more info)
[INFO] [stdout] 
[INFO] [stdout] 
[INFO] [stdout] error[E0277]: the trait bound `<<Dl as si::Dimension>::T as std::ops::Add<<Dr as si::Dimension>::T>>::Output: Integer` is not satisfied
[INFO] [stdout]    --> /opt/rustwide/cargo-home/registry/src/github.com-1ecc6299db9ec823/uom-0.23.1/src/system.rs:424:21
[INFO] [stdout]     |
[INFO] [stdout] 236 |           pub struct Quantity<D, U, V>
[INFO] [stdout]     |                      -------- required by a bound in this
[INFO] [stdout] 237 |           where
[INFO] [stdout] 238 |               D: Dimension + ?Sized,
[INFO] [stdout]     |                  --------- required by this bound in `si::Quantity`
[INFO] [stdout] ...
[INFO] [stdout] 424 | /                     type Output = Quantity<
[INFO] [stdout] 425 | |                         $quantities<$($crate::typenum::$AddSubAlias<Dl::$symbol, Dr::$symbol>,)+>,
[INFO] [stdout] 426 | |                         Ul, V>;
[INFO] [stdout]     | |_______________________________^ the trait `Integer` is not implemented for `<<Dl as si::Dimension>::T as std::ops::Add<<Dr as si::Dimension>::T>>::Output`
[INFO] [stdout]     | 
[INFO] [stdout]    ::: /opt/rustwide/cargo-home/registry/src/github.com-1ecc6299db9ec823/uom-0.23.1/src/si/mod.rs:10:1
[INFO] [stdout]     |
[INFO] [stdout] 10  | / system! {
[INFO] [stdout] 11  | |     /// [International System of Quantities](http://jcgm.bipm.org/vim/en/1.6.html) (ISQ).
[INFO] [stdout] 12  | |     quantities: ISQ {
[INFO] [stdout] 13  | |         /// Length, one of the base quantities in the ISQ, denoted by the symbol L. The base unit
[INFO] [stdout] ...   |
[INFO] [stdout] 75  | |     }
[INFO] [stdout] 76  | | }
[INFO] [stdout]     | |_- in this macro invocation
[INFO] [stdout]     |
[INFO] [stdout]     = note: this error originates in a macro (in Nightly builds, run with -Z macro-backtrace for more info)
[INFO] [stdout] 
[INFO] [stdout] 
[INFO] [stdout] error[E0277]: the trait bound `<<Dl as si::Dimension>::I as std::ops::Add<<Dr as si::Dimension>::I>>::Output: Integer` is not satisfied
[INFO] [stdout]    --> /opt/rustwide/cargo-home/registry/src/github.com-1ecc6299db9ec823/uom-0.23.1/src/system.rs:424:21
[INFO] [stdout]     |
[INFO] [stdout] 236 |           pub struct Quantity<D, U, V>
[INFO] [stdout]     |                      -------- required by a bound in this
[INFO] [stdout] 237 |           where
[INFO] [stdout] 238 |               D: Dimension + ?Sized,
[INFO] [stdout]     |                  --------- required by this bound in `si::Quantity`
[INFO] [stdout] ...
[INFO] [stdout] 424 | /                     type Output = Quantity<
[INFO] [stdout] 425 | |                         $quantities<$($crate::typenum::$AddSubAlias<Dl::$symbol, Dr::$symbol>,)+>,
[INFO] [stdout] 426 | |                         Ul, V>;
[INFO] [stdout]     | |_______________________________^ the trait `Integer` is not implemented for `<<Dl as si::Dimension>::I as std::ops::Add<<Dr as si::Dimension>::I>>::Output`
[INFO] [stdout]     | 
[INFO] [stdout]    ::: /opt/rustwide/cargo-home/registry/src/github.com-1ecc6299db9ec823/uom-0.23.1/src/si/mod.rs:10:1
[INFO] [stdout]     |
[INFO] [stdout] 10  | / system! {
[INFO] [stdout] 11  | |     /// [International System of Quantities](http://jcgm.bipm.org/vim/en/1.6.html) (ISQ).
[INFO] [stdout] 12  | |     quantities: ISQ {
[INFO] [stdout] 13  | |         /// Length, one of the base quantities in the ISQ, denoted by the symbol L. The base unit
[INFO] [stdout] ...   |
[INFO] [stdout] 75  | |     }
[INFO] [stdout] 76  | | }
[INFO] [stdout]     | |_- in this macro invocation
[INFO] [stdout]     |
[INFO] [stdout]     = note: this error originates in a macro (in Nightly builds, run with -Z macro-backtrace for more info)
[INFO] [stdout] 
[INFO] [stdout] 
[INFO] [stdout] error[E0277]: the trait bound `<<Dl as si::Dimension>::Th as std::ops::Add<<Dr as si::Dimension>::Th>>::Output: Integer` is not satisfied
[INFO] [stdout]    --> /opt/rustwide/cargo-home/registry/src/github.com-1ecc6299db9ec823/uom-0.23.1/src/system.rs:424:21
[INFO] [stdout]     |
[INFO] [stdout] 236 |           pub struct Quantity<D, U, V>
[INFO] [stdout]     |                      -------- required by a bound in this
[INFO] [stdout] 237 |           where
[INFO] [stdout] 238 |               D: Dimension + ?Sized,
[INFO] [stdout]     |                  --------- required by this bound in `si::Quantity`
[INFO] [stdout] ...
[INFO] [stdout] 424 | /                     type Output = Quantity<
[INFO] [stdout] 425 | |                         $quantities<$($crate::typenum::$AddSubAlias<Dl::$symbol, Dr::$symbol>,)+>,
[INFO] [stdout] 426 | |                         Ul, V>;
[INFO] [stdout]     | |_______________________________^ the trait `Integer` is not implemented for `<<Dl as si::Dimension>::Th as std::ops::Add<<Dr as si::Dimension>::Th>>::Output`
[INFO] [stdout]     | 
[INFO] [stdout]    ::: /opt/rustwide/cargo-home/registry/src/github.com-1ecc6299db9ec823/uom-0.23.1/src/si/mod.rs:10:1
[INFO] [stdout]     |
[INFO] [stdout] 10  | / system! {
[INFO] [stdout] 11  | |     /// [International System of Quantities](http://jcgm.bipm.org/vim/en/1.6.html) (ISQ).
[INFO] [stdout] 12  | |     quantities: ISQ {
[INFO] [stdout] 13  | |         /// Length, one of the base quantities in the ISQ, denoted by the symbol L. The base unit
[INFO] [stdout] ...   |
[INFO] [stdout] 75  | |     }
[INFO] [stdout] 76  | | }
[INFO] [stdout]     | |_- in this macro invocation
[INFO] [stdout]     |
[INFO] [stdout]     = note: this error originates in a macro (in Nightly builds, run with -Z macro-backtrace for more info)
[INFO] [stdout] 
[INFO] [stdout] 
[INFO] [stdout] error[E0277]: the trait bound `<<Dl as si::Dimension>::N as std::ops::Add<<Dr as si::Dimension>::N>>::Output: Integer` is not satisfied
[INFO] [stdout]    --> /opt/rustwide/cargo-home/registry/src/github.com-1ecc6299db9ec823/uom-0.23.1/src/system.rs:424:21
[INFO] [stdout]     |
[INFO] [stdout] 236 |           pub struct Quantity<D, U, V>
[INFO] [stdout]     |                      -------- required by a bound in this
[INFO] [stdout] 237 |           where
[INFO] [stdout] 238 |               D: Dimension + ?Sized,
[INFO] [stdout]     |                  --------- required by this bound in `si::Quantity`
[INFO] [stdout] ...
[INFO] [stdout] 424 | /                     type Output = Quantity<
[INFO] [stdout] 425 | |                         $quantities<$($crate::typenum::$AddSubAlias<Dl::$symbol, Dr::$symbol>,)+>,
[INFO] [stdout] 426 | |                         Ul, V>;
[INFO] [stdout]     | |_______________________________^ the trait `Integer` is not implemented for `<<Dl as si::Dimension>::N as std::ops::Add<<Dr as si::Dimension>::N>>::Output`
[INFO] [stdout]     | 
[INFO] [stdout]    ::: /opt/rustwide/cargo-home/registry/src/github.com-1ecc6299db9ec823/uom-0.23.1/src/si/mod.rs:10:1
[INFO] [stdout]     |
[INFO] [stdout] 10  | / system! {
[INFO] [stdout] 11  | |     /// [International System of Quantities](http://jcgm.bipm.org/vim/en/1.6.html) (ISQ).
[INFO] [stdout] 12  | |     quantities: ISQ {
[INFO] [stdout] 13  | |         /// Length, one of the base quantities in the ISQ, denoted by the symbol L. The base unit
[INFO] [stdout] ...   |
[INFO] [stdout] 75  | |     }
[INFO] [stdout] 76  | | }
[INFO] [stdout]     | |_- in this macro invocation
[INFO] [stdout]     |
[INFO] [stdout]     = note: this error originates in a macro (in Nightly builds, run with -Z macro-backtrace for more info)
[INFO] [stdout] 
[INFO] [stdout] 
[INFO] [stdout] error[E0277]: the trait bound `<<Dl as si::Dimension>::J as std::ops::Add<<Dr as si::Dimension>::J>>::Output: Integer` is not satisfied
[INFO] [stdout]    --> /opt/rustwide/cargo-home/registry/src/github.com-1ecc6299db9ec823/uom-0.23.1/src/system.rs:424:21
[INFO] [stdout]     |
[INFO] [stdout] 236 |           pub struct Quantity<D, U, V>
[INFO] [stdout]     |                      -------- required by a bound in this
[INFO] [stdout] 237 |           where
[INFO] [stdout] 238 |               D: Dimension + ?Sized,
[INFO] [stdout]     |                  --------- required by this bound in `si::Quantity`
[INFO] [stdout] ...
[INFO] [stdout] 424 | /                     type Output = Quantity<
[INFO] [stdout] 425 | |                         $quantities<$($crate::typenum::$AddSubAlias<Dl::$symbol, Dr::$symbol>,)+>,
[INFO] [stdout] 426 | |                         Ul, V>;
[INFO] [stdout]     | |_______________________________^ the trait `Integer` is not implemented for `<<Dl as si::Dimension>::J as std::ops::Add<<Dr as si::Dimension>::J>>::Output`
[INFO] [stdout]     | 
[INFO] [stdout]    ::: /opt/rustwide/cargo-home/registry/src/github.com-1ecc6299db9ec823/uom-0.23.1/src/si/mod.rs:10:1
[INFO] [stdout]     |
[INFO] [stdout] 10  | / system! {
[INFO] [stdout] 11  | |     /// [International System of Quantities](http://jcgm.bipm.org/vim/en/1.6.html) (ISQ).
[INFO] [stdout] 12  | |     quantities: ISQ {
[INFO] [stdout] 13  | |         /// Length, one of the base quantities in the ISQ, denoted by the symbol L. The base unit
[INFO] [stdout] ...   |
[INFO] [stdout] 75  | |     }
[INFO] [stdout] 76  | | }
[INFO] [stdout]     | |_- in this macro invocation
[INFO] [stdout]     |
[INFO] [stdout]     = note: this error originates in a macro (in Nightly builds, run with -Z macro-backtrace for more info)
[INFO] [stdout] 
[INFO] [stdout] 
[INFO] [stdout] error[E0277]: the trait bound `<<Dl as si::Dimension>::L as std::ops::Add<<Dr as si::Dimension>::L>>::Output: Integer` is not satisfied
[INFO] [stdout]    --> /opt/rustwide/cargo-home/registry/src/github.com-1ecc6299db9ec823/uom-0.23.1/src/system.rs:429:71
[INFO] [stdout]     |
[INFO] [stdout] 236 |           pub struct Quantity<D, U, V>
[INFO] [stdout]     |                      -------- required by a bound in this
[INFO] [stdout] 237 |           where
[INFO] [stdout] 238 |               D: Dimension + ?Sized,
[INFO] [stdout]     |                  --------- required by this bound in `si::Quantity`
[INFO] [stdout] ...
[INFO] [stdout] 429 |                       fn $muldiv_fun(self, rhs: Quantity<Dr, Ur, V>) -> Self::Output {
[INFO] [stdout]     |                                                                         ^^^^^^^^^^^^ the trait `Integer` is not implemented for `<<Dl as si::Dimension>::L as std::ops::Add<<Dr as si::Dimension>::L>>::Output`
[INFO] [stdout]     | 
[INFO] [stdout]    ::: /opt/rustwide/cargo-home/registry/src/github.com-1ecc6299db9ec823/uom-0.23.1/src/si/mod.rs:10:1
[INFO] [stdout]     |
[INFO] [stdout] 10  | / system! {
[INFO] [stdout] 11  | |     /// [International System of Quantities](http://jcgm.bipm.org/vim/en/1.6.html) (ISQ).
[INFO] [stdout] 12  | |     quantities: ISQ {
[INFO] [stdout] 13  | |         /// Length, one of the base quantities in the ISQ, denoted by the symbol L. The base unit
[INFO] [stdout] ...   |
[INFO] [stdout] 75  | |     }
[INFO] [stdout] 76  | | }
[INFO] [stdout]     | |_- in this macro invocation
[INFO] [stdout]     |
[INFO] [stdout]     = note: this error originates in a macro (in Nightly builds, run with -Z macro-backtrace for more info)
[INFO] [stdout] 
[INFO] [stdout] 
[INFO] [stdout] error[E0277]: the trait bound `<<Dl as si::Dimension>::M as std::ops::Add<<Dr as si::Dimension>::M>>::Output: Integer` is not satisfied
[INFO] [stdout]    --> /opt/rustwide/cargo-home/registry/src/github.com-1ecc6299db9ec823/uom-0.23.1/src/system.rs:429:71
[INFO] [stdout]     |
[INFO] [stdout] 236 |           pub struct Quantity<D, U, V>
[INFO] [stdout]     |                      -------- required by a bound in this
[INFO] [stdout] 237 |           where
[INFO] [stdout] 238 |               D: Dimension + ?Sized,
[INFO] [stdout]     |                  --------- required by this bound in `si::Quantity`
[INFO] [stdout] ...
[INFO] [stdout] 429 |                       fn $muldiv_fun(self, rhs: Quantity<Dr, Ur, V>) -> Self::Output {
[INFO] [stdout]     |                                                                         ^^^^^^^^^^^^ the trait `Integer` is not implemented for `<<Dl as si::Dimension>::M as std::ops::Add<<Dr as si::Dimension>::M>>::Output`
[INFO] [stdout]     | 
[INFO] [stdout]    ::: /opt/rustwide/cargo-home/registry/src/github.com-1ecc6299db9ec823/uom-0.23.1/src/si/mod.rs:10:1
[INFO] [stdout]     |
[INFO] [stdout] 10  | / system! {
[INFO] [stdout] 11  | |     /// [International System of Quantities](http://jcgm.bipm.org/vim/en/1.6.html) (ISQ).
[INFO] [stdout] 12  | |     quantities: ISQ {
[INFO] [stdout] 13  | |         /// Length, one of the base quantities in the ISQ, denoted by the symbol L. The base unit
[INFO] [stdout] ...   |
[INFO] [stdout] 75  | |     }
[INFO] [stdout] 76  | | }
[INFO] [stdout]     | |_- in this macro invocation
[INFO] [stdout]     |
[INFO] [stdout]     = note: this error originates in a macro (in Nightly builds, run with -Z macro-backtrace for more info)
[INFO] [stdout] 
[INFO] [stdout] 
[INFO] [stdout] error[E0277]: the trait bound `<<Dl as si::Dimension>::T as std::ops::Add<<Dr as si::Dimension>::T>>::Output: Integer` is not satisfied
[INFO] [stdout]    --> /opt/rustwide/cargo-home/registry/src/github.com-1ecc6299db9ec823/uom-0.23.1/src/system.rs:429:71
[INFO] [stdout]     |
[INFO] [stdout] 236 |           pub struct Quantity<D, U, V>
[INFO] [stdout]     |                      -------- required by a bound in this
[INFO] [stdout] 237 |           where
[INFO] [stdout] 238 |               D: Dimension + ?Sized,
[INFO] [stdout]     |                  --------- required by this bound in `si::Quantity`
[INFO] [stdout] ...
[INFO] [stdout] 429 |                       fn $muldiv_fun(self, rhs: Quantity<Dr, Ur, V>) -> Self::Output {
[INFO] [stdout]     |                                                                         ^^^^^^^^^^^^ the trait `Integer` is not implemented for `<<Dl as si::Dimension>::T as std::ops::Add<<Dr as si::Dimension>::T>>::Output`
[INFO] [stdout]     | 
[INFO] [stdout]    ::: /opt/rustwide/cargo-home/registry/src/github.com-1ecc6299db9ec823/uom-0.23.1/src/si/mod.rs:10:1
[INFO] [stdout]     |
[INFO] [stdout] 10  | / system! {
[INFO] [stdout] 11  | |     /// [International System of Quantities](http://jcgm.bipm.org/vim/en/1.6.html) (ISQ).
[INFO] [stdout] 12  | |     quantities: ISQ {
[INFO] [stdout] 13  | |         /// Length, one of the base quantities in the ISQ, denoted by the symbol L. The base unit
[INFO] [stdout] ...   |
[INFO] [stdout] 75  | |     }
[INFO] [stdout] 76  | | }
[INFO] [stdout]     | |_- in this macro invocation
[INFO] [stdout]     |
[INFO] [stdout]     = note: this error originates in a macro (in Nightly builds, run with -Z macro-backtrace for more info)
[INFO] [stdout] 
[INFO] [stdout] 
[INFO] [stdout] error[E0277]: the trait bound `<<Dl as si::Dimension>::I as std::ops::Add<<Dr as si::Dimension>::I>>::Output: Integer` is not satisfied
[INFO] [stdout]    --> /opt/rustwide/cargo-home/registry/src/github.com-1ecc6299db9ec823/uom-0.23.1/src/system.rs:429:71
[INFO] [stdout]     |
[INFO] [stdout] 236 |           pub struct Quantity<D, U, V>
[INFO] [stdout]     |                      -------- required by a bound in this
[INFO] [stdout] 237 |           where
[INFO] [stdout] 238 |               D: Dimension + ?Sized,
[INFO] [stdout]     |                  --------- required by this bound in `si::Quantity`
[INFO] [stdout] ...
[INFO] [stdout] 429 |                       fn $muldiv_fun(self, rhs: Quantity<Dr, Ur, V>) -> Self::Output {
[INFO] [stdout]     |                                                                         ^^^^^^^^^^^^ the trait `Integer` is not implemented for `<<Dl as si::Dimension>::I as std::ops::Add<<Dr as si::Dimension>::I>>::Output`
[INFO] [stdout]     | 
[INFO] [stdout]    ::: /opt/rustwide/cargo-home/registry/src/github.com-1ecc6299db9ec823/uom-0.23.1/src/si/mod.rs:10:1
[INFO] [stdout]     |
[INFO] [stdout] 10  | / system! {
[INFO] [stdout] 11  | |     /// [International System of Quantities](http://jcgm.bipm.org/vim/en/1.6.html) (ISQ).
[INFO] [stdout] 12  | |     quantities: ISQ {
[INFO] [stdout] 13  | |         /// Length, one of the base quantities in the ISQ, denoted by the symbol L. The base unit
[INFO] [stdout] ...   |
[INFO] [stdout] 75  | |     }
[INFO] [stdout] 76  | | }
[INFO] [stdout]     | |_- in this macro invocation
[INFO] [stdout]     |
[INFO] [stdout]     = note: this error originates in a macro (in Nightly builds, run with -Z macro-backtrace for more info)
[INFO] [stdout] 
[INFO] [stdout] 
[INFO] [stdout] error[E0277]: the trait bound `<<Dl as si::Dimension>::Th as std::ops::Add<<Dr as si::Dimension>::Th>>::Output: Integer` is not satisfied
[INFO] [stdout]    --> /opt/rustwide/cargo-home/registry/src/github.com-1ecc6299db9ec823/uom-0.23.1/src/system.rs:429:71
[INFO] [stdout]     |
[INFO] [stdout] 236 |           pub struct Quantity<D, U, V>
[INFO] [stdout]     |                      -------- required by a bound in this
[INFO] [stdout] 237 |           where
[INFO] [stdout] 238 |               D: Dimension + ?Sized,
[INFO] [stdout]     |                  --------- required by this bound in `si::Quantity`
[INFO] [stdout] ...
[INFO] [stdout] 429 |                       fn $muldiv_fun(self, rhs: Quantity<Dr, Ur, V>) -> Self::Output {
[INFO] [stdout]     |                                                                         ^^^^^^^^^^^^ the trait `Integer` is not implemented for `<<Dl as si::Dimension>::Th as std::ops::Add<<Dr as si::Dimension>::Th>>::Output`
[INFO] [stdout]     | 
[INFO] [stdout]    ::: /opt/rustwide/cargo-home/registry/src/github.com-1ecc6299db9ec823/uom-0.23.1/src/si/mod.rs:10:1
[INFO] [stdout]     |
[INFO] [stdout] 10  | / system! {
[INFO] [stdout] 11  | |     /// [International System of Quantities](http://jcgm.bipm.org/vim/en/1.6.html) (ISQ).
[INFO] [stdout] 12  | |     quantities: ISQ {
[INFO] [stdout] 13  | |         /// Length, one of the base quantities in the ISQ, denoted by the symbol L. The base unit
[INFO] [stdout] ...   |
[INFO] [stdout] 75  | |     }
[INFO] [stdout] 76  | | }
[INFO] [stdout]     | |_- in this macro invocation
[INFO] [stdout]     |
[INFO] [stdout]     = note: this error originates in a macro (in Nightly builds, run with -Z macro-backtrace for more info)
[INFO] [stdout] 
[INFO] [stdout] 
[INFO] [stdout] error[E0277]: the trait bound `<<Dl as si::Dimension>::N as std::ops::Add<<Dr as si::Dimension>::N>>::Output: Integer` is not satisfied
[INFO] [stdout]    --> /opt/rustwide/cargo-home/registry/src/github.com-1ecc6299db9ec823/uom-0.23.1/src/system.rs:429:71
[INFO] [stdout]     |
[INFO] [stdout] 236 |           pub struct Quantity<D, U, V>
[INFO] [stdout]     |                      -------- required by a bound in this
[INFO] [stdout] 237 |           where
[INFO] [stdout] 238 |               D: Dimension + ?Sized,
[INFO] [stdout]     |                  --------- required by this bound in `si::Quantity`
[INFO] [stdout] ...
[INFO] [stdout] 429 |                       fn $muldiv_fun(self, rhs: Quantity<Dr, Ur, V>) -> Self::Output {
[INFO] [stdout]     |                                                                         ^^^^^^^^^^^^ the trait `Integer` is not implemented for `<<Dl as si::Dimension>::N as std::ops::Add<<Dr as si::Dimension>::N>>::Output`
[INFO] [stdout]     | 
[INFO] [stdout]    ::: /opt/rustwide/cargo-home/registry/src/github.com-1ecc6299db9ec823/uom-0.23.1/src/si/mod.rs:10:1
[INFO] [stdout]     |
[INFO] [stdout] 10  | / system! {
[INFO] [stdout] 11  | |     /// [International System of Quantities](http://jcgm.bipm.org/vim/en/1.6.html) (ISQ).
[INFO] [stdout] 12  | |     quantities: ISQ {
[INFO] [stdout] 13  | |         /// Length, one of the base quantities in the ISQ, denoted by the symbol L. The base unit
[INFO] [stdout] ...   |
[INFO] [stdout] 75  | |     }
[INFO] [stdout] 76  | | }
[INFO] [stdout]     | |_- in this macro invocation
[INFO] [stdout]     |
[INFO] [stdout]     = note: this error originates in a macro (in Nightly builds, run with -Z macro-backtrace for more info)
[INFO] [stdout] 
[INFO] [stdout] 
[INFO] [stdout] error[E0277]: the trait bound `<<Dl as si::Dimension>::J as std::ops::Add<<Dr as si::Dimension>::J>>::Output: Integer` is not satisfied
[INFO] [stdout]    --> /opt/rustwide/cargo-home/registry/src/github.com-1ecc6299db9ec823/uom-0.23.1/src/system.rs:429:71
[INFO] [stdout]     |
[INFO] [stdout] 236 |           pub struct Quantity<D, U, V>
[INFO] [stdout]     |                      -------- required by a bound in this
[INFO] [stdout] 237 |           where
[INFO] [stdout] 238 |               D: Dimension + ?Sized,
[INFO] [stdout]     |                  --------- required by this bound in `si::Quantity`
[INFO] [stdout] ...
[INFO] [stdout] 429 |                       fn $muldiv_fun(self, rhs: Quantity<Dr, Ur, V>) -> Self::Output {
[INFO] [stdout]     |                                                                         ^^^^^^^^^^^^ the trait `Integer` is not implemented for `<<Dl as si::Dimension>::J as std::ops::Add<<Dr as si::Dimension>::J>>::Output`
[INFO] [stdout]     | 
[INFO] [stdout]    ::: /opt/rustwide/cargo-home/registry/src/github.com-1ecc6299db9ec823/uom-0.23.1/src/si/mod.rs:10:1
[INFO] [stdout]     |
[INFO] [stdout] 10  | / system! {
[INFO] [stdout] 11  | |     /// [International System of Quantities](http://jcgm.bipm.org/vim/en/1.6.html) (ISQ).
[INFO] [stdout] 12  | |     quantities: ISQ {
[INFO] [stdout] 13  | |         /// Length, one of the base quantities in the ISQ, denoted by the symbol L. The base unit
[INFO] [stdout] ...   |
[INFO] [stdout] 75  | |     }
[INFO] [stdout] 76  | | }
[INFO] [stdout]     | |_- in this macro invocation
[INFO] [stdout]     |
[INFO] [stdout]     = note: this error originates in a macro (in Nightly builds, run with -Z macro-backtrace for more info)
[INFO] [stdout] 
[INFO] [stdout] 
[INFO] [stdout] error[E0277]: the trait bound `<Z0 as std::ops::Add<<D as si::Dimension>::L>>::Output: Integer` is not satisfied
[INFO] [stdout]    --> /opt/rustwide/cargo-home/registry/src/github.com-1ecc6299db9ec823/uom-0.23.1/src/system.rs:509:29
[INFO] [stdout]     |
[INFO] [stdout] 236 |           pub struct Quantity<D, U, V>
[INFO] [stdout]     |                      -------- required by a bound in this
[INFO] [stdout] 237 |           where
[INFO] [stdout] 238 |               D: Dimension + ?Sized,
[INFO] [stdout]     |                  --------- required by this bound in `si::Quantity`
[INFO] [stdout] ...
[INFO] [stdout] 509 | /                             type Output = Quantity<
[INFO] [stdout] 510 | |                                 $quantities<
[INFO] [stdout] 511 | |                                     $($crate::typenum::$AddSubAlias<
[INFO] [stdout] 512 | |                                       $crate::typenum::Z0,
[INFO] [stdout] 513 | |                                       D::$symbol>,)+
[INFO] [stdout] 514 | |                                       D::Kind>,
[INFO] [stdout] 515 | |                                 U, V>;
[INFO] [stdout]     | |______________________________________^ the trait `Integer` is not implemented for `<Z0 as std::ops::Add<<D as si::Dimension>::L>>::Output`
[INFO] [stdout]     | 
[INFO] [stdout]    ::: /opt/rustwide/cargo-home/registry/src/github.com-1ecc6299db9ec823/uom-0.23.1/src/si/mod.rs:10:1
[INFO] [stdout]     |
[INFO] [stdout] 10  | / system! {
[INFO] [stdout] 11  | |     /// [International System of Quantities](http://jcgm.bipm.org/vim/en/1.6.html) (ISQ).
[INFO] [stdout] 12  | |     quantities: ISQ {
[INFO] [stdout] 13  | |         /// Length, one of the base quantities in the ISQ, denoted by the symbol L. The base unit
[INFO] [stdout] ...   |
[INFO] [stdout] 75  | |     }
[INFO] [stdout] 76  | | }
[INFO] [stdout]     | |_- in this macro invocation
[INFO] [stdout]     |
[INFO] [stdout]     = note: this error originates in a macro (in Nightly builds, run with -Z macro-backtrace for more info)
[INFO] [stdout] 
[INFO] [stdout] 
[INFO] [stdout] error[E0277]: the trait bound `<Z0 as std::ops::Add<<D as si::Dimension>::M>>::Output: Integer` is not satisfied
[INFO] [stdout]    --> /opt/rustwide/cargo-home/registry/src/github.com-1ecc6299db9ec823/uom-0.23.1/src/system.rs:509:29
[INFO] [stdout]     |
[INFO] [stdout] 236 |           pub struct Quantity<D, U, V>
[INFO] [stdout]     |                      -------- required by a bound in this
[INFO] [stdout] 237 |           where
[INFO] [stdout] 238 |               D: Dimension + ?Sized,
[INFO] [stdout]     |                  --------- required by this bound in `si::Quantity`
[INFO] [stdout] ...
[INFO] [stdout] 509 | /                             type Output = Quantity<
[INFO] [stdout] 510 | |                                 $quantities<
[INFO] [stdout] 511 | |                                     $($crate::typenum::$AddSubAlias<
[INFO] [stdout] 512 | |                                       $crate::typenum::Z0,
[INFO] [stdout] 513 | |                                       D::$symbol>,)+
[INFO] [stdout] 514 | |                                       D::Kind>,
[INFO] [stdout] 515 | |                                 U, V>;
[INFO] [stdout]     | |______________________________________^ the trait `Integer` is not implemented for `<Z0 as std::ops::Add<<D as si::Dimension>::M>>::Output`
[INFO] [stdout]     | 
[INFO] [stdout]    ::: /opt/rustwide/cargo-home/registry/src/github.com-1ecc6299db9ec823/uom-0.23.1/src/si/mod.rs:10:1
[INFO] [stdout]     |
[INFO] [stdout] 10  | / system! {
[INFO] [stdout] 11  | |     /// [International System of Quantities](http://jcgm.bipm.org/vim/en/1.6.html) (ISQ).
[INFO] [stdout] 12  | |     quantities: ISQ {
[INFO] [stdout] 13  | |         /// Length, one of the base quantities in the ISQ, denoted by the symbol L. The base unit
[INFO] [stdout] ...   |
[INFO] [stdout] 75  | |     }
[INFO] [stdout] 76  | | }
[INFO] [stdout]     | |_- in this macro invocation
[INFO] [stdout]     |
[INFO] [stdout]     = note: this error originates in a macro (in Nightly builds, run with -Z macro-backtrace for more info)
[INFO] [stdout] 
[INFO] [stdout] 
[INFO] [stdout] error[E0277]: the trait bound `<Z0 as std::ops::Add<<D as si::Dimension>::T>>::Output: Integer` is not satisfied
[INFO] [stdout]    --> /opt/rustwide/cargo-home/registry/src/github.com-1ecc6299db9ec823/uom-0.23.1/src/system.rs:509:29
[INFO] [stdout]     |
[INFO] [stdout] 236 |           pub struct Quantity<D, U, V>
[INFO] [stdout]     |                      -------- required by a bound in this
[INFO] [stdout] 237 |           where
[INFO] [stdout] 238 |               D: Dimension + ?Sized,
[INFO] [stdout]     |                  --------- required by this bound in `si::Quantity`
[INFO] [stdout] ...
[INFO] [stdout] 509 | /                             type Output = Quantity<
[INFO] [stdout] 510 | |                                 $quantities<
[INFO] [stdout] 511 | |                                     $($crate::typenum::$AddSubAlias<
[INFO] [stdout] 512 | |                                       $crate::typenum::Z0,
[INFO] [stdout] 513 | |                                       D::$symbol>,)+
[INFO] [stdout] 514 | |                                       D::Kind>,
[INFO] [stdout] 515 | |                                 U, V>;
[INFO] [stdout]     | |______________________________________^ the trait `Integer` is not implemented for `<Z0 as std::ops::Add<<D as si::Dimension>::T>>::Output`
[INFO] [stdout]     | 
[INFO] [stdout]    ::: /opt/rustwide/cargo-home/registry/src/github.com-1ecc6299db9ec823/uom-0.23.1/src/si/mod.rs:10:1
[INFO] [stdout]     |
[INFO] [stdout] 10  | / system! {
[INFO] [stdout] 11  | |     /// [International System of Quantities](http://jcgm.bipm.org/vim/en/1.6.html) (ISQ).
[INFO] [stdout] 12  | |     quantities: ISQ {
[INFO] [stdout] 13  | |         /// Length, one of the base quantities in the ISQ, denoted by the symbol L. The base unit
[INFO] [stdout] ...   |
[INFO] [stdout] 75  | |     }
[INFO] [stdout] 76  | | }
[INFO] [stdout]     | |_- in this macro invocation
[INFO] [stdout]     |
[INFO] [stdout]     = note: this error originates in a macro (in Nightly builds, run with -Z macro-backtrace for more info)
[INFO] [stdout] 
[INFO] [stdout] 
[INFO] [stdout] error[E0277]: the trait bound `<Z0 as std::ops::Add<<D as si::Dimension>::I>>::Output: Integer` is not satisfied
[INFO] [stdout]    --> /opt/rustwide/cargo-home/registry/src/github.com-1ecc6299db9ec823/uom-0.23.1/src/system.rs:509:29
[INFO] [stdout]     |
[INFO] [stdout] 236 |           pub struct Quantity<D, U, V>
[INFO] [stdout]     |                      -------- required by a bound in this
[INFO] [stdout] 237 |           where
[INFO] [stdout] 238 |               D: Dimension + ?Sized,
[INFO] [stdout]     |                  --------- required by this bound in `si::Quantity`
[INFO] [stdout] ...
[INFO] [stdout] 509 | /                             type Output = Quantity<
[INFO] [stdout] 510 | |                                 $quantities<
[INFO] [stdout] 511 | |                                     $($crate::typenum::$AddSubAlias<
[INFO] [stdout] 512 | |                                       $crate::typenum::Z0,
[INFO] [stdout] 513 | |                                       D::$symbol>,)+
[INFO] [stdout] 514 | |                                       D::Kind>,
[INFO] [stdout] 515 | |                                 U, V>;
[INFO] [stdout]     | |______________________________________^ the trait `Integer` is not implemented for `<Z0 as std::ops::Add<<D as si::Dimension>::I>>::Output`
[INFO] [stdout]     | 
[INFO] [stdout]    ::: /opt/rustwide/cargo-home/registry/src/github.com-1ecc6299db9ec823/uom-0.23.1/src/si/mod.rs:10:1
[INFO] [stdout]     |
[INFO] [stdout] 10  | / system! {
[INFO] [stdout] 11  | |     /// [International System of Quantities](http://jcgm.bipm.org/vim/en/1.6.html) (ISQ).
[INFO] [stdout] 12  | |     quantities: ISQ {
[INFO] [stdout] 13  | |         /// Length, one of the base quantities in the ISQ, denoted by the symbol L. The base unit
[INFO] [stdout] ...   |
[INFO] [stdout] 75  | |     }
[INFO] [stdout] 76  | | }
[INFO] [stdout]     | |_- in this macro invocation
[INFO] [stdout]     |
[INFO] [stdout]     = note: this error originates in a macro (in Nightly builds, run with -Z macro-backtrace for more info)
[INFO] [stdout] 
[INFO] [stdout] 
[INFO] [stdout] error[E0277]: the trait bound `<Z0 as std::ops::Add<<D as si::Dimension>::Th>>::Output: Integer` is not satisfied
[INFO] [stdout]    --> /opt/rustwide/cargo-home/registry/src/github.com-1ecc6299db9ec823/uom-0.23.1/src/system.rs:509:29
[INFO] [stdout]     |
[INFO] [stdout] 236 |           pub struct Quantity<D, U, V>
[INFO] [stdout]     |                      -------- required by a bound in this
[INFO] [stdout] 237 |           where
[INFO] [stdout] 238 |               D: Dimension + ?Sized,
[INFO] [stdout]     |                  --------- required by this bound in `si::Quantity`
[INFO] [stdout] ...
[INFO] [stdout] 509 | /                             type Output = Quantity<
[INFO] [stdout] 510 | |                                 $quantities<
[INFO] [stdout] 511 | |                                     $($crate::typenum::$AddSubAlias<
[INFO] [stdout] 512 | |                                       $crate::typenum::Z0,
[INFO] [stdout] 513 | |                                       D::$symbol>,)+
[INFO] [stdout] 514 | |                                       D::Kind>,
[INFO] [stdout] 515 | |                                 U, V>;
[INFO] [stdout]     | |______________________________________^ the trait `Integer` is not implemented for `<Z0 as std::ops::Add<<D as si::Dimension>::Th>>::Output`
[INFO] [stdout]     | 
[INFO] [stdout]    ::: /opt/rustwide/cargo-home/registry/src/github.com-1ecc6299db9ec823/uom-0.23.1/src/si/mod.rs:10:1
[INFO] [stdout]     |
[INFO] [stdout] 10  | / system! {
[INFO] [stdout] 11  | |     /// [International System of Quantities](http://jcgm.bipm.org/vim/en/1.6.html) (ISQ).
[INFO] [stdout] 12  | |     quantities: ISQ {
[INFO] [stdout] 13  | |         /// Length, one of the base quantities in the ISQ, denoted by the symbol L. The base unit
[INFO] [stdout] ...   |
[INFO] [stdout] 75  | |     }
[INFO] [stdout] 76  | | }
[INFO] [stdout]     | |_- in this macro invocation
[INFO] [stdout]     |
[INFO] [stdout]     = note: this error originates in a macro (in Nightly builds, run with -Z macro-backtrace for more info)
[INFO] [stdout] 
[INFO] [stdout] 
[INFO] [stdout] error[E0277]: the trait bound `<Z0 as std::ops::Add<<D as si::Dimension>::N>>::Output: Integer` is not satisfied
[INFO] [stdout]    --> /opt/rustwide/cargo-home/registry/src/github.com-1ecc6299db9ec823/uom-0.23.1/src/system.rs:509:29
[INFO] [stdout]     |
[INFO] [stdout] 236 |           pub struct Quantity<D, U, V>
[INFO] [stdout]     |                      -------- required by a bound in this
[INFO] [stdout] 237 |           where
[INFO] [stdout] 238 |               D: Dimension + ?Sized,
[INFO] [stdout]     |                  --------- required by this bound in `si::Quantity`
[INFO] [stdout] ...
[INFO] [stdout] 509 | /                             type Output = Quantity<
[INFO] [stdout] 510 | |                                 $quantities<
[INFO] [stdout] 511 | |                                     $($crate::typenum::$AddSubAlias<
[INFO] [stdout] 512 | |                                       $crate::typenum::Z0,
[INFO] [stdout] 513 | |                                       D::$symbol>,)+
[INFO] [stdout] 514 | |                                       D::Kind>,
[INFO] [stdout] 515 | |                                 U, V>;
[INFO] [stdout]     | |______________________________________^ the trait `Integer` is not implemented for `<Z0 as std::ops::Add<<D as si::Dimension>::N>>::Output`
[INFO] [stdout]     | 
[INFO] [stdout]    ::: /opt/rustwide/cargo-home/registry/src/github.com-1ecc6299db9ec823/uom-0.23.1/src/si/mod.rs:10:1
[INFO] [stdout]     |
[INFO] [stdout] 10  | / system! {
[INFO] [stdout] 11  | |     /// [International System of Quantities](http://jcgm.bipm.org/vim/en/1.6.html) (ISQ).
[INFO] [stdout] 12  | |     quantities: ISQ {
[INFO] [stdout] 13  | |         /// Length, one of the base quantities in the ISQ, denoted by the symbol L. The base unit
[INFO] [stdout] ...   |
[INFO] [stdout] 75  | |     }
[INFO] [stdout] 76  | | }
[INFO] [stdout]     | |_- in this macro invocation
[INFO] [stdout]     |
[INFO] [stdout]     = note: this error originates in a macro (in Nightly builds, run with -Z macro-backtrace for more info)
[INFO] [stdout] 
[INFO] [stdout] 
[INFO] [stdout] error[E0277]: the trait bound `<Z0 as std::ops::Add<<D as si::Dimension>::J>>::Output: Integer` is not satisfied
[INFO] [stdout]    --> /opt/rustwide/cargo-home/registry/src/github.com-1ecc6299db9ec823/uom-0.23.1/src/system.rs:509:29
[INFO] [stdout]     |
[INFO] [stdout] 236 |           pub struct Quantity<D, U, V>
[INFO] [stdout]     |                      -------- required by a bound in this
[INFO] [stdout] 237 |           where
[INFO] [stdout] 238 |               D: Dimension + ?Sized,
[INFO] [stdout]     |                  --------- required by this bound in `si::Quantity`
[INFO] [stdout] ...
[INFO] [stdout] 509 | /                             type Output = Quantity<
[INFO] [stdout] 510 | |                                 $quantities<
[INFO] [stdout] 511 | |                                     $($crate::typenum::$AddSubAlias<
[INFO] [stdout] 512 | |                                       $crate::typenum::Z0,
[INFO] [stdout] 513 | |                                       D::$symbol>,)+
[INFO] [stdout] 514 | |                                       D::Kind>,
[INFO] [stdout] 515 | |                                 U, V>;
[INFO] [stdout]     | |______________________________________^ the trait `Integer` is not implemented for `<Z0 as std::ops::Add<<D as si::Dimension>::J>>::Output`
[INFO] [stdout]     | 
[INFO] [stdout]    ::: /opt/rustwide/cargo-home/registry/src/github.com-1ecc6299db9ec823/uom-0.23.1/src/si/mod.rs:10:1
[INFO] [stdout]     |
[INFO] [stdout] 10  | / system! {
[INFO] [stdout] 11  | |     /// [International System of Quantities](http://jcgm.bipm.org/vim/en/1.6.html) (ISQ).
[INFO] [stdout] 12  | |     quantities: ISQ {
[INFO] [stdout] 13  | |         /// Length, one of the base quantities in the ISQ, denoted by the symbol L. The base unit
[INFO] [stdout] ...   |
[INFO] [stdout] 75  | |     }
[INFO] [stdout] 76  | | }
[INFO] [stdout]     | |_- in this macro invocation
[INFO] [stdout]     |
[INFO] [stdout]     = note: this error originates in a macro (in Nightly builds, run with -Z macro-backtrace for more info)
[INFO] [stdout] 
[INFO] [stdout] 
[INFO] [stdout] error[E0277]: the trait bound `<Z0 as std::ops::Add<<D as si::Dimension>::L>>::Output: Integer` is not satisfied
[INFO] [stdout]    --> /opt/rustwide/cargo-home/registry/src/github.com-1ecc6299db9ec823/uom-0.23.1/src/system.rs:518:77
[INFO] [stdout]     |
[INFO] [stdout] 236 |           pub struct Quantity<D, U, V>
[INFO] [stdout]     |                      -------- required by a bound in this
[INFO] [stdout] 237 |           where
[INFO] [stdout] 238 |               D: Dimension + ?Sized,
[INFO] [stdout]     |                  --------- required by this bound in `si::Quantity`
[INFO] [stdout] ...
[INFO] [stdout] 518 |                               fn $muldiv_fun(self, rhs: Quantity<D, U, V>) -> Self::Output {
[INFO] [stdout]     |                                                                               ^^^^^^^^^^^^ the trait `Integer` is not implemented for `<Z0 as std::ops::Add<<D as si::Dimension>::L>>::Output`
[INFO] [stdout]     | 
[INFO] [stdout]    ::: /opt/rustwide/cargo-home/registry/src/github.com-1ecc6299db9ec823/uom-0.23.1/src/si/mod.rs:10:1
[INFO] [stdout]     |
[INFO] [stdout] 10  | / system! {
[INFO] [stdout] 11  | |     /// [International System of Quantities](http://jcgm.bipm.org/vim/en/1.6.html) (ISQ).
[INFO] [stdout] 12  | |     quantities: ISQ {
[INFO] [stdout] 13  | |         /// Length, one of the base quantities in the ISQ, denoted by the symbol L. The base unit
[INFO] [stdout] ...   |
[INFO] [stdout] 75  | |     }
[INFO] [stdout] 76  | | }
[INFO] [stdout]     | |_- in this macro invocation
[INFO] [stdout]     |
[INFO] [stdout]     = note: this error originates in a macro (in Nightly builds, run with -Z macro-backtrace for more info)
[INFO] [stdout] 
[INFO] [stdout] 
[INFO] [stdout] error[E0277]: the trait bound `<Z0 as std::ops::Add<<D as si::Dimension>::M>>::Output: Integer` is not satisfied
[INFO] [stdout]    --> /opt/rustwide/cargo-home/registry/src/github.com-1ecc6299db9ec823/uom-0.23.1/src/system.rs:518:77
[INFO] [stdout]     |
[INFO] [stdout] 236 |           pub struct Quantity<D, U, V>
[INFO] [stdout]     |                      -------- required by a bound in this
[INFO] [stdout] 237 |           where
[INFO] [stdout] 238 |               D: Dimension + ?Sized,
[INFO] [stdout]     |                  --------- required by this bound in `si::Quantity`
[INFO] [stdout] ...
[INFO] [stdout] 518 |                               fn $muldiv_fun(self, rhs: Quantity<D, U, V>) -> Self::Output {
[INFO] [stdout]     |                                                                               ^^^^^^^^^^^^ the trait `Integer` is not implemented for `<Z0 as std::ops::Add<<D as si::Dimension>::M>>::Output`
[INFO] [stdout]     | 
[INFO] [stdout]    ::: /opt/rustwide/cargo-home/registry/src/github.com-1ecc6299db9ec823/uom-0.23.1/src/si/mod.rs:10:1
[INFO] [stdout]     |
[INFO] [stdout] 10  | / system! {
[INFO] [stdout] 11  | |     /// [International System of Quantities](http://jcgm.bipm.org/vim/en/1.6.html) (ISQ).
[INFO] [stdout] 12  | |     quantities: ISQ {
[INFO] [stdout] 13  | |         /// Length, one of the base quantities in the ISQ, denoted by the symbol L. The base unit
[INFO] [stdout] ...   |
[INFO] [stdout] 75  | |     }
[INFO] [stdout] 76  | | }
[INFO] [stdout]     | |_- in this macro invocation
[INFO] [stdout]     |
[INFO] [stdout]     = note: this error originates in a macro (in Nightly builds, run with -Z macro-backtrace for more info)
[INFO] [stdout] 
[INFO] [stdout] 
[INFO] [stdout] error[E0277]: the trait bound `<Z0 as std::ops::Add<<D as si::Dimension>::T>>::Output: Integer` is not satisfied
[INFO] [stdout]    --> /opt/rustwide/cargo-home/registry/src/github.com-1ecc6299db9ec823/uom-0.23.1/src/system.rs:518:77
[INFO] [stdout]     |
[INFO] [stdout] 236 |           pub struct Quantity<D, U, V>
[INFO] [stdout]     |                      -------- required by a bound in this
[INFO] [stdout] 237 |           where
[INFO] [stdout] 238 |               D: Dimension + ?Sized,
[INFO] [stdout]     |                  --------- required by this bound in `si::Quantity`
[INFO] [stdout] ...
[INFO] [stdout] 518 |                               fn $muldiv_fun(self, rhs: Quantity<D, U, V>) -> Self::Output {
[INFO] [stdout]     |                                                                               ^^^^^^^^^^^^ the trait `Integer` is not implemented for `<Z0 as std::ops::Add<<D as si::Dimension>::T>>::Output`
[INFO] [stdout]     | 
[INFO] [stdout]    ::: /opt/rustwide/cargo-home/registry/src/github.com-1ecc6299db9ec823/uom-0.23.1/src/si/mod.rs:10:1
[INFO] [stdout]     |
[INFO] [stdout] 10  | / system! {
[INFO] [stdout] 11  | |     /// [International System of Quantities](http://jcgm.bipm.org/vim/en/1.6.html) (ISQ).
[INFO] [stdout] 12  | |     quantities: ISQ {
[INFO] [stdout] 13  | |         /// Length, one of the base quantities in the ISQ, denoted by the symbol L. The base unit
[INFO] [stdout] ...   |
[INFO] [stdout] 75  | |     }
[INFO] [stdout] 76  | | }
[INFO] [stdout]     | |_- in this macro invocation
[INFO] [stdout]     |
[INFO] [stdout]     = note: this error originates in a macro (in Nightly builds, run with -Z macro-backtrace for more info)
[INFO] [stdout] 
[INFO] [stdout] 
[INFO] [stdout] error[E0277]: the trait bound `<Z0 as std::ops::Add<<D as si::Dimension>::I>>::Output: Integer` is not satisfied
[INFO] [stdout]    --> /opt/rustwide/cargo-home/registry/src/github.com-1ecc6299db9ec823/uom-0.23.1/src/system.rs:518:77
[INFO] [stdout]     |
[INFO] [stdout] 236 |           pub struct Quantity<D, U, V>
[INFO] [stdout]     |                      -------- required by a bound in this
[INFO] [stdout] 237 |           where
[INFO] [stdout] 238 |               D: Dimension + ?Sized,
[INFO] [stdout]     |                  --------- required by this bound in `si::Quantity`
[INFO] [stdout] ...
[INFO] [stdout] 518 |                               fn $muldiv_fun(self, rhs: Quantity<D, U, V>) -> Self::Output {
[INFO] [stdout]     |                                                                               ^^^^^^^^^^^^ the trait `Integer` is not implemented for `<Z0 as std::ops::Add<<D as si::Dimension>::I>>::Output`
[INFO] [stdout]     | 
[INFO] [stdout]    ::: /opt/rustwide/cargo-home/registry/src/github.com-1ecc6299db9ec823/uom-0.23.1/src/si/mod.rs:10:1
[INFO] [stdout]     |
[INFO] [stdout] 10  | / system! {
[INFO] [stdout] 11  | |     /// [International System of Quantities](http://jcgm.bipm.org/vim/en/1.6.html) (ISQ).
[INFO] [stdout] 12  | |     quantities: ISQ {
[INFO] [stdout] 13  | |         /// Length, one of the base quantities in the ISQ, denoted by the symbol L. The base unit
[INFO] [stdout] ...   |
[INFO] [stdout] 75  | |     }
[INFO] [stdout] 76  | | }
[INFO] [stdout]     | |_- in this macro invocation
[INFO] [stdout]     |
[INFO] [stdout]     = note: this error originates in a macro (in Nightly builds, run with -Z macro-backtrace for more info)
[INFO] [stdout] 
[INFO] [stdout] 
[INFO] [stdout] error[E0277]: the trait bound `<Z0 as std::ops::Add<<D as si::Dimension>::Th>>::Output: Integer` is not satisfied
[INFO] [stdout]    --> /opt/rustwide/cargo-home/registry/src/github.com-1ecc6299db9ec823/uom-0.23.1/src/system.rs:518:77
[INFO] [stdout]     |
[INFO] [stdout] 236 |           pub struct Quantity<D, U, V>
[INFO] [stdout]     |                      -------- required by a bound in this
[INFO] [stdout] 237 |           where
[INFO] [stdout] 238 |               D: Dimension + ?Sized,
[INFO] [stdout]     |                  --------- required by this bound in `si::Quantity`
[INFO] [stdout] ...
[INFO] [stdout] 518 |                               fn $muldiv_fun(self, rhs: Quantity<D, U, V>) -> Self::Output {
[INFO] [stdout]     |                                                                               ^^^^^^^^^^^^ the trait `Integer` is not implemented for `<Z0 as std::ops::Add<<D as si::Dimension>::Th>>::Output`
[INFO] [stdout]     | 
[INFO] [stdout]    ::: /opt/rustwide/cargo-home/registry/src/github.com-1ecc6299db9ec823/uom-0.23.1/src/si/mod.rs:10:1
[INFO] [stdout]     |
[INFO] [stdout] 10  | / system! {
[INFO] [stdout] 11  | |     /// [International System of Quantities](http://jcgm.bipm.org/vim/en/1.6.html) (ISQ).
[INFO] [stdout] 12  | |     quantities: ISQ {
[INFO] [stdout] 13  | |         /// Length, one of the base quantities in the ISQ, denoted by the symbol L. The base unit
[INFO] [stdout] ...   |
[INFO] [stdout] 75  | |     }
[INFO] [stdout] 76  | | }
[INFO] [stdout]     | |_- in this macro invocation
[INFO] [stdout]     |
[INFO] [stdout]     = note: this error originates in a macro (in Nightly builds, run with -Z macro-backtrace for more info)
[INFO] [stdout] 
[INFO] [stdout] 
[INFO] [stdout] error[E0277]: the trait bound `<Z0 as std::ops::Add<<D as si::Dimension>::N>>::Output: Integer` is not satisfied
[INFO] [stdout]    --> /opt/rustwide/cargo-home/registry/src/github.com-1ecc6299db9ec823/uom-0.23.1/src/system.rs:518:77
[INFO] [stdout]     |
[INFO] [stdout] 236 |           pub struct Quantity<D, U, V>
[INFO] [stdout]     |                      -------- required by a bound in this
[INFO] [stdout] 237 |           where
[INFO] [stdout] 238 |               D: Dimension + ?Sized,
[INFO] [stdout]     |                  --------- required by this bound in `si::Quantity`
[INFO] [stdout] ...
[INFO] [stdout] 518 |                               fn $muldiv_fun(self, rhs: Quantity<D, U, V>) -> Self::Output {
[INFO] [stdout]     |                                                                               ^^^^^^^^^^^^ the trait `Integer` is not implemented for `<Z0 as std::ops::Add<<D as si::Dimension>::N>>::Output`
[INFO] [stdout]     | 
[INFO] [stdout]    ::: /opt/rustwide/cargo-home/registry/src/github.com-1ecc6299db9ec823/uom-0.23.1/src/si/mod.rs:10:1
[INFO] [stdout]     |
[INFO] [stdout] 10  | / system! {
[INFO] [stdout] 11  | |     /// [International System of Quantities](http://jcgm.bipm.org/vim/en/1.6.html) (ISQ).
[INFO] [stdout] 12  | |     quantities: ISQ {
[INFO] [stdout] 13  | |         /// Length, one of the base quantities in the ISQ, denoted by the symbol L. The base unit
[INFO] [stdout] ...   |
[INFO] [stdout] 75  | |     }
[INFO] [stdout] 76  | | }
[INFO] [stdout]     | |_- in this macro invocation
[INFO] [stdout]     |
[INFO] [stdout]     = note: this error originates in a macro (in Nightly builds, run with -Z macro-backtrace for more info)
[INFO] [stdout] 
[INFO] [stdout] 
[INFO] [stdout] error[E0277]: the trait bound `<Z0 as std::ops::Add<<D as si::Dimension>::J>>::Output: Integer` is not satisfied
[INFO] [stdout]    --> /opt/rustwide/cargo-home/registry/src/github.com-1ecc6299db9ec823/uom-0.23.1/src/system.rs:518:77
[INFO] [stdout]     |
[INFO] [stdout] 236 |           pub struct Quantity<D, U, V>
[INFO] [stdout]     |                      -------- required by a bound in this
[INFO] [stdout] 237 |           where
[INFO] [stdout] 238 |               D: Dimension + ?Sized,
[INFO] [stdout]     |                  --------- required by this bound in `si::Quantity`
[INFO] [stdout] ...
[INFO] [stdout] 518 |                               fn $muldiv_fun(self, rhs: Quantity<D, U, V>) -> Self::Output {
[INFO] [stdout]     |                                                                               ^^^^^^^^^^^^ the trait `Integer` is not implemented for `<Z0 as std::ops::Add<<D as si::Dimension>::J>>::Output`
[INFO] [stdout]     | 
[INFO] [stdout]    ::: /opt/rustwide/cargo-home/registry/src/github.com-1ecc6299db9ec823/uom-0.23.1/src/si/mod.rs:10:1
[INFO] [stdout]     |
[INFO] [stdout] 10  | / system! {
[INFO] [stdout] 11  | |     /// [International System of Quantities](http://jcgm.bipm.org/vim/en/1.6.html) (ISQ).
[INFO] [stdout] 12  | |     quantities: ISQ {
[INFO] [stdout] 13  | |         /// Length, one of the base quantities in the ISQ, denoted by the symbol L. The base unit
[INFO] [stdout] ...   |
[INFO] [stdout] 75  | |     }
[INFO] [stdout] 76  | | }
[INFO] [stdout]     | |_- in this macro invocation
[INFO] [stdout]     |
[INFO] [stdout]     = note: this error originates in a macro (in Nightly builds, run with -Z macro-backtrace for more info)
[INFO] [stdout] 
[INFO] [stdout] 
[INFO] [stdout] error[E0277]: the trait bound `<<Dl as si::Dimension>::L as std::ops::Sub<<Dr as si::Dimension>::L>>::Output: Integer` is not satisfied
[INFO] [stdout]    --> /opt/rustwide/cargo-home/registry/src/github.com-1ecc6299db9ec823/uom-0.23.1/src/system.rs:424:21
[INFO] [stdout]     |
[INFO] [stdout] 236 |           pub struct Quantity<D, U, V>
[INFO] [stdout]     |                      -------- required by a bound in this
[INFO] [stdout] 237 |           where
[INFO] [stdout] 238 |               D: Dimension + ?Sized,
[INFO] [stdout]     |                  --------- required by this bound in `si::Quantity`
[INFO] [stdout] ...
[INFO] [stdout] 424 | /                     type Output = Quantity<
[INFO] [stdout] 425 | |                         $quantities<$($crate::typenum::$AddSubAlias<Dl::$symbol, Dr::$symbol>,)+>,
[INFO] [stdout] 426 | |                         Ul, V>;
[INFO] [stdout]     | |_______________________________^ the trait `Integer` is not implemented for `<<Dl as si::Dimension>::L as std::ops::Sub<<Dr as si::Dimension>::L>>::Output`
[INFO] [stdout]     | 
[INFO] [stdout]    ::: /opt/rustwide/cargo-home/registry/src/github.com-1ecc6299db9ec823/uom-0.23.1/src/si/mod.rs:10:1
[INFO] [stdout]     |
[INFO] [stdout] 10  | / system! {
[INFO] [stdout] 11  | |     /// [International System of Quantities](http://jcgm.bipm.org/vim/en/1.6.html) (ISQ).
[INFO] [stdout] 12  | |     quantities: ISQ {
[INFO] [stdout] 13  | |         /// Length, one of the base quantities in the ISQ, denoted by the symbol L. The base unit
[INFO] [stdout] ...   |
[INFO] [stdout] 75  | |     }
[INFO] [stdout] 76  | | }
[INFO] [stdout]     | |_- in this macro invocation
[INFO] [stdout]     |
[INFO] [stdout]     = note: this error originates in a macro (in Nightly builds, run with -Z macro-backtrace for more info)
[INFO] [stdout] 
[INFO] [stdout] 
[INFO] [stdout] error[E0277]: the trait bound `<<Dl as si::Dimension>::M as std::ops::Sub<<Dr as si::Dimension>::M>>::Output: Integer` is not satisfied
[INFO] [stdout]    --> /opt/rustwide/cargo-home/registry/src/github.com-1ecc6299db9ec823/uom-0.23.1/src/system.rs:424:21
[INFO] [stdout]     |
[INFO] [stdout] 236 |           pub struct Quantity<D, U, V>
[INFO] [stdout]     |                      -------- required by a bound in this
[INFO] [stdout] 237 |           where
[INFO] [stdout] 238 |               D: Dimension + ?Sized,
[INFO] [stdout]     |                  --------- required by this bound in `si::Quantity`
[INFO] [stdout] ...
[INFO] [stdout] 424 | /                     type Output = Quantity<
[INFO] [stdout] 425 | |                         $quantities<$($crate::typenum::$AddSubAlias<Dl::$symbol, Dr::$symbol>,)+>,
[INFO] [stdout] 426 | |                         Ul, V>;
[INFO] [stdout]     | |_______________________________^ the trait `Integer` is not implemented for `<<Dl as si::Dimension>::M as std::ops::Sub<<Dr as si::Dimension>::M>>::Output`
[INFO] [stdout]     | 
[INFO] [stdout]    ::: /opt/rustwide/cargo-home/registry/src/github.com-1ecc6299db9ec823/uom-0.23.1/src/si/mod.rs:10:1
[INFO] [stdout]     |
[INFO] [stdout] 10  | / system! {
[INFO] [stdout] 11  | |     /// [International System of Quantities](http://jcgm.bipm.org/vim/en/1.6.html) (ISQ).
[INFO] [stdout] 12  | |     quantities: ISQ {
[INFO] [stdout] 13  | |         /// Length, one of the base quantities in the ISQ, denoted by the symbol L. The base unit
[INFO] [stdout] ...   |
[INFO] [stdout] 75  | |     }
[INFO] [stdout] 76  | | }
[INFO] [stdout]     | |_- in this macro invocation
[INFO] [stdout]     |
[INFO] [stdout]     = note: this error originates in a macro (in Nightly builds, run with -Z macro-backtrace for more info)
[INFO] [stdout] 
[INFO] [stdout] 
[INFO] [stdout] error[E0277]: the trait bound `<<Dl as si::Dimension>::T as std::ops::Sub<<Dr as si::Dimension>::T>>::Output: Integer` is not satisfied
[INFO] [stdout]    --> /opt/rustwide/cargo-home/registry/src/github.com-1ecc6299db9ec823/uom-0.23.1/src/system.rs:424:21
[INFO] [stdout]     |
[INFO] [stdout] 236 |           pub struct Quantity<D, U, V>
[INFO] [stdout]     |                      -------- required by a bound in this
[INFO] [stdout] 237 |           where
[INFO] [stdout] 238 |               D: Dimension + ?Sized,
[INFO] [stdout]     |                  --------- required by this bound in `si::Quantity`
[INFO] [stdout] ...
[INFO] [stdout] 424 | /                     type Output = Quantity<
[INFO] [stdout] 425 | |                         $quantities<$($crate::typenum::$AddSubAlias<Dl::$symbol, Dr::$symbol>,)+>,
[INFO] [stdout] 426 | |                         Ul, V>;
[INFO] [stdout]     | |_______________________________^ the trait `Integer` is not implemented for `<<Dl as si::Dimension>::T as std::ops::Sub<<Dr as si::Dimension>::T>>::Output`
[INFO] [stdout]     | 
[INFO] [stdout]    ::: /opt/rustwide/cargo-home/registry/src/github.com-1ecc6299db9ec823/uom-0.23.1/src/si/mod.rs:10:1
[INFO] [stdout]     |
[INFO] [stdout] 10  | / system! {
[INFO] [stdout] 11  | |     /// [International System of Quantities](http://jcgm.bipm.org/vim/en/1.6.html) (ISQ).
[INFO] [stdout] 12  | |     quantities: ISQ {
[INFO] [stdout] 13  | |         /// Length, one of the base quantities in the ISQ, denoted by the symbol L. The base unit
[INFO] [stdout] ...   |
[INFO] [stdout] 75  | |     }
[INFO] [stdout] 76  | | }
[INFO] [stdout]     | |_- in this macro invocation
[INFO] [stdout]     |
[INFO] [stdout]     = note: this error originates in a macro (in Nightly builds, run with -Z macro-backtrace for more info)
[INFO] [stdout] 
[INFO] [stdout] 
[INFO] [stdout] error[E0277]: the trait bound `<<Dl as si::Dimension>::I as std::ops::Sub<<Dr as si::Dimension>::I>>::Output: Integer` is not satisfied
[INFO] [stdout]    --> /opt/rustwide/cargo-home/registry/src/github.com-1ecc6299db9ec823/uom-0.23.1/src/system.rs:424:21
[INFO] [stdout]     |
[INFO] [stdout] 236 |           pub struct Quantity<D, U, V>
[INFO] [stdout]     |                      -------- required by a bound in this
[INFO] [stdout] 237 |           where
[INFO] [stdout] 238 |               D: Dimension + ?Sized,
[INFO] [stdout]     |                  --------- required by this bound in `si::Quantity`
[INFO] [stdout] ...
[INFO] [stdout] 424 | /                     type Output = Quantity<
[INFO] [stdout] 425 | |                         $quantities<$($crate::typenum::$AddSubAlias<Dl::$symbol, Dr::$symbol>,)+>,
[INFO] [stdout] 426 | |                         Ul, V>;
[INFO] [stdout]     | |_______________________________^ the trait `Integer` is not implemented for `<<Dl as si::Dimension>::I as std::ops::Sub<<Dr as si::Dimension>::I>>::Output`
[INFO] [stdout]     | 
[INFO] [stdout]    ::: /opt/rustwide/cargo-home/registry/src/github.com-1ecc6299db9ec823/uom-0.23.1/src/si/mod.rs:10:1
[INFO] [stdout]     |
[INFO] [stdout] 10  | / system! {
[INFO] [stdout] 11  | |     /// [International System of Quantities](http://jcgm.bipm.org/vim/en/1.6.html) (ISQ).
[INFO] [stdout] 12  | |     quantities: ISQ {
[INFO] [stdout] 13  | |         /// Length, one of the base quantities in the ISQ, denoted by the symbol L. The base unit
[INFO] [stdout] ...   |
[INFO] [stdout] 75  | |     }
[INFO] [stdout] 76  | | }
[INFO] [stdout]     | |_- in this macro invocation
[INFO] [stdout]     |
[INFO] [stdout]     = note: this error originates in a macro (in Nightly builds, run with -Z macro-backtrace for more info)
[INFO] [stdout] 
[INFO] [stdout] 
[INFO] [stdout] error[E0277]: the trait bound `<<Dl as si::Dimension>::Th as std::ops::Sub<<Dr as si::Dimension>::Th>>::Output: Integer` is not satisfied
[INFO] [stdout]    --> /opt/rustwide/cargo-home/registry/src/github.com-1ecc6299db9ec823/uom-0.23.1/src/system.rs:424:21
[INFO] [stdout]     |
[INFO] [stdout] 236 |           pub struct Quantity<D, U, V>
[INFO] [stdout]     |                      -------- required by a bound in this
[INFO] [stdout] 237 |           where
[INFO] [stdout] 238 |               D: Dimension + ?Sized,
[INFO] [stdout]     |                  --------- required by this bound in `si::Quantity`
[INFO] [stdout] ...
[INFO] [stdout] 424 | /                     type Output = Quantity<
[INFO] [stdout] 425 | |                         $quantities<$($crate::typenum::$AddSubAlias<Dl::$symbol, Dr::$symbol>,)+>,
[INFO] [stdout] 426 | |                         Ul, V>;
[INFO] [stdout]     | |_______________________________^ the trait `Integer` is not implemented for `<<Dl as si::Dimension>::Th as std::ops::Sub<<Dr as si::Dimension>::Th>>::Output`
[INFO] [stdout]     | 
[INFO] [stdout]    ::: /opt/rustwide/cargo-home/registry/src/github.com-1ecc6299db9ec823/uom-0.23.1/src/si/mod.rs:10:1
[INFO] [stdout]     |
[INFO] [stdout] 10  | / system! {
[INFO] [stdout] 11  | |     /// [International System of Quantities](http://jcgm.bipm.org/vim/en/1.6.html) (ISQ).
[INFO] [stdout] 12  | |     quantities: ISQ {
[INFO] [stdout] 13  | |         /// Length, one of the base quantities in the ISQ, denoted by the symbol L. The base unit
[INFO] [stdout] ...   |
[INFO] [stdout] 75  | |     }
[INFO] [stdout] 76  | | }
[INFO] [stdout]     | |_- in this macro invocation
[INFO] [stdout]     |
[INFO] [stdout]     = note: this error originates in a macro (in Nightly builds, run with -Z macro-backtrace for more info)
[INFO] [stdout] 
[INFO] [stdout] 
[INFO] [stdout] error[E0277]: the trait bound `<<Dl as si::Dimension>::N as std::ops::Sub<<Dr as si::Dimension>::N>>::Output: Integer` is not satisfied
[INFO] [stdout]    --> /opt/rustwide/cargo-home/registry/src/github.com-1ecc6299db9ec823/uom-0.23.1/src/system.rs:424:21
[INFO] [stdout]     |
[INFO] [stdout] 236 |           pub struct Quantity<D, U, V>
[INFO] [stdout]     |                      -------- required by a bound in this
[INFO] [stdout] 237 |           where
[INFO] [stdout] 238 |               D: Dimension + ?Sized,
[INFO] [stdout]     |                  --------- required by this bound in `si::Quantity`
[INFO] [stdout] ...
[INFO] [stdout] 424 | /                     type Output = Quantity<
[INFO] [stdout] 425 | |                         $quantities<$($crate::typenum::$AddSubAlias<Dl::$symbol, Dr::$symbol>,)+>,
[INFO] [stdout] 426 | |                         Ul, V>;
[INFO] [stdout]     | |_______________________________^ the trait `Integer` is not implemented for `<<Dl as si::Dimension>::N as std::ops::Sub<<Dr as si::Dimension>::N>>::Output`
[INFO] [stdout]     | 
[INFO] [stdout]    ::: /opt/rustwide/cargo-home/registry/src/github.com-1ecc6299db9ec823/uom-0.23.1/src/si/mod.rs:10:1
[INFO] [stdout]     |
[INFO] [stdout] 10  | / system! {
[INFO] [stdout] 11  | |     /// [International System of Quantities](http://jcgm.bipm.org/vim/en/1.6.html) (ISQ).
[INFO] [stdout] 12  | |     quantities: ISQ {
[INFO] [stdout] 13  | |         /// Length, one of the base quantities in the ISQ, denoted by the symbol L. The base unit
[INFO] [stdout] ...   |
[INFO] [stdout] 75  | |     }
[INFO] [stdout] 76  | | }
[INFO] [stdout]     | |_- in this macro invocation
[INFO] [stdout]     |
[INFO] [stdout]     = note: this error originates in a macro (in Nightly builds, run with -Z macro-backtrace for more info)
[INFO] [stdout] 
[INFO] [stdout] 
[INFO] [stdout] error[E0277]: the trait bound `<<Dl as si::Dimension>::J as std::ops::Sub<<Dr as si::Dimension>::J>>::Output: Integer` is not satisfied
[INFO] [stdout]    --> /opt/rustwide/cargo-home/registry/src/github.com-1ecc6299db9ec823/uom-0.23.1/src/system.rs:424:21
[INFO] [stdout]     |
[INFO] [stdout] 236 |           pub struct Quantity<D, U, V>
[INFO] [stdout]     |                      -------- required by a bound in this
[INFO] [stdout] 237 |           where
[INFO] [stdout] 238 |               D: Dimension + ?Sized,
[INFO] [stdout]     |                  --------- required by this bound in `si::Quantity`
[INFO] [stdout] ...
[INFO] [stdout] 424 | /                     type Output = Quantity<
[INFO] [stdout] 425 | |                         $quantities<$($crate::typenum::$AddSubAlias<Dl::$symbol, Dr::$symbol>,)+>,
[INFO] [stdout] 426 | |                         Ul, V>;
[INFO] [stdout]     | |_______________________________^ the trait `Integer` is not implemented for `<<Dl as si::Dimension>::J as std::ops::Sub<<Dr as si::Dimension>::J>>::Output`
[INFO] [stdout]     | 
[INFO] [stdout]    ::: /opt/rustwide/cargo-home/registry/src/github.com-1ecc6299db9ec823/uom-0.23.1/src/si/mod.rs:10:1
[INFO] [stdout]     |
[INFO] [stdout] 10  | / system! {
[INFO] [stdout] 11  | |     /// [International System of Quantities](http://jcgm.bipm.org/vim/en/1.6.html) (ISQ).
[INFO] [stdout] 12  | |     quantities: ISQ {
[INFO] [stdout] 13  | |         /// Length, one of the base quantities in the ISQ, denoted by the symbol L. The base unit
[INFO] [stdout] ...   |
[INFO] [stdout] 75  | |     }
[INFO] [stdout] 76  | | }
[INFO] [stdout]     | |_- in this macro invocation
[INFO] [stdout]     |
[INFO] [stdout]     = note: this error originates in a macro (in Nightly builds, run with -Z macro-backtrace for more info)
[INFO] [stdout] 
[INFO] [stdout] 
[INFO] [stdout] error[E0277]: the trait bound `<<Dl as si::Dimension>::L as std::ops::Sub<<Dr as si::Dimension>::L>>::Output: Integer` is not satisfied
[INFO] [stdout]    --> /opt/rustwide/cargo-home/registry/src/github.com-1ecc6299db9ec823/uom-0.23.1/src/system.rs:429:71
[INFO] [stdout]     |
[INFO] [stdout] 236 |           pub struct Quantity<D, U, V>
[INFO] [stdout]     |                      -------- required by a bound in this
[INFO] [stdout] 237 |           where
[INFO] [stdout] 238 |               D: Dimension + ?Sized,
[INFO] [stdout]     |                  --------- required by this bound in `si::Quantity`
[INFO] [stdout] ...
[INFO] [stdout] 429 |                       fn $muldiv_fun(self, rhs: Quantity<Dr, Ur, V>) -> Self::Output {
[INFO] [stdout]     |                                                                         ^^^^^^^^^^^^ the trait `Integer` is not implemented for `<<Dl as si::Dimension>::L as std::ops::Sub<<Dr as si::Dimension>::L>>::Output`
[INFO] [stdout]     | 
[INFO] [stdout]    ::: /opt/rustwide/cargo-home/registry/src/github.com-1ecc6299db9ec823/uom-0.23.1/src/si/mod.rs:10:1
[INFO] [stdout]     |
[INFO] [stdout] 10  | / system! {
[INFO] [stdout] 11  | |     /// [International System of Quantities](http://jcgm.bipm.org/vim/en/1.6.html) (ISQ).
[INFO] [stdout] 12  | |     quantities: ISQ {
[INFO] [stdout] 13  | |         /// Length, one of the base quantities in the ISQ, denoted by the symbol L. The base unit
[INFO] [stdout] ...   |
[INFO] [stdout] 75  | |     }
[INFO] [stdout] 76  | | }
[INFO] [stdout]     | |_- in this macro invocation
[INFO] [stdout]     |
[INFO] [stdout]     = note: this error originates in a macro (in Nightly builds, run with -Z macro-backtrace for more info)
[INFO] [stdout] 
[INFO] [stdout] 
[INFO] [stdout] error[E0277]: the trait bound `<<Dl as si::Dimension>::M as std::ops::Sub<<Dr as si::Dimension>::M>>::Output: Integer` is not satisfied
[INFO] [stdout]    --> /opt/rustwide/cargo-home/registry/src/github.com-1ecc6299db9ec823/uom-0.23.1/src/system.rs:429:71
[INFO] [stdout]     |
[INFO] [stdout] 236 |           pub struct Quantity<D, U, V>
[INFO] [stdout]     |                      -------- required by a bound in this
[INFO] [stdout] 237 |           where
[INFO] [stdout] 238 |               D: Dimension + ?Sized,
[INFO] [stdout]     |                  --------- required by this bound in `si::Quantity`
[INFO] [stdout] ...
[INFO] [stdout] 429 |                       fn $muldiv_fun(self, rhs: Quantity<Dr, Ur, V>) -> Self::Output {
[INFO] [stdout]     |                                                                         ^^^^^^^^^^^^ the trait `Integer` is not implemented for `<<Dl as si::Dimension>::M as std::ops::Sub<<Dr as si::Dimension>::M>>::Output`
[INFO] [stdout]     | 
[INFO] [stdout]    ::: /opt/rustwide/cargo-home/registry/src/github.com-1ecc6299db9ec823/uom-0.23.1/src/si/mod.rs:10:1
[INFO] [stdout]     |
[INFO] [stdout] 10  | / system! {
[INFO] [stdout] 11  | |     /// [International System of Quantities](http://jcgm.bipm.org/vim/en/1.6.html) (ISQ).
[INFO] [stdout] 12  | |     quantities: ISQ {
[INFO] [stdout] 13  | |         /// Length, one of the base quantities in the ISQ, denoted by the symbol L. The base unit
[INFO] [stdout] ...   |
[INFO] [stdout] 75  | |     }
[INFO] [stdout] 76  | | }
[INFO] [stdout]     | |_- in this macro invocation
[INFO] [stdout]     |
[INFO] [stdout]     = note: this error originates in a macro (in Nightly builds, run with -Z macro-backtrace for more info)
[INFO] [stdout] 
[INFO] [stdout] 
[INFO] [stdout] error[E0277]: the trait bound `<<Dl as si::Dimension>::T as std::ops::Sub<<Dr as si::Dimension>::T>>::Output: Integer` is not satisfied
[INFO] [stdout]    --> /opt/rustwide/cargo-home/registry/src/github.com-1ecc6299db9ec823/uom-0.23.1/src/system.rs:429:71
[INFO] [stdout]     |
[INFO] [stdout] 236 |           pub struct Quantity<D, U, V>
[INFO] [stdout]     |                      -------- required by a bound in this
[INFO] [stdout] 237 |           where
[INFO] [stdout] 238 |               D: Dimension + ?Sized,
[INFO] [stdout]     |                  --------- required by this bound in `si::Quantity`
[INFO] [stdout] ...
[INFO] [stdout] 429 |                       fn $muldiv_fun(self, rhs: Quantity<Dr, Ur, V>) -> Self::Output {
[INFO] [stdout]     |                                                                         ^^^^^^^^^^^^ the trait `Integer` is not implemented for `<<Dl as si::Dimension>::T as std::ops::Sub<<Dr as si::Dimension>::T>>::Output`
[INFO] [stdout]     | 
[INFO] [stdout]    ::: /opt/rustwide/cargo-home/registry/src/github.com-1ecc6299db9ec823/uom-0.23.1/src/si/mod.rs:10:1
[INFO] [stdout]     |
[INFO] [stdout] 10  | / system! {
[INFO] [stdout] 11  | |     /// [International System of Quantities](http://jcgm.bipm.org/vim/en/1.6.html) (ISQ).
[INFO] [stdout] 12  | |     quantities: ISQ {
[INFO] [stdout] 13  | |         /// Length, one of the base quantities in the ISQ, denoted by the symbol L. The base unit
[INFO] [stdout] ...   |
[INFO] [stdout] 75  | |     }
[INFO] [stdout] 76  | | }
[INFO] [stdout]     | |_- in this macro invocation
[INFO] [stdout]     |
[INFO] [stdout]     = note: this error originates in a macro (in Nightly builds, run with -Z macro-backtrace for more info)
[INFO] [stdout] 
[INFO] [stdout] 
[INFO] [stdout] error[E0277]: the trait bound `<<Dl as si::Dimension>::I as std::ops::Sub<<Dr as si::Dimension>::I>>::Output: Integer` is not satisfied
[INFO] [stdout]    --> /opt/rustwide/cargo-home/registry/src/github.com-1ecc6299db9ec823/uom-0.23.1/src/system.rs:429:71
[INFO] [stdout]     |
[INFO] [stdout] 236 |           pub struct Quantity<D, U, V>
[INFO] [stdout]     |                      -------- required by a bound in this
[INFO] [stdout] 237 |           where
[INFO] [stdout] 238 |               D: Dimension + ?Sized,
[INFO] [stdout]     |                  --------- required by this bound in `si::Quantity`
[INFO] [stdout] ...
[INFO] [stdout] 429 |                       fn $muldiv_fun(self, rhs: Quantity<Dr, Ur, V>) -> Self::Output {
[INFO] [stdout]     |                                                                         ^^^^^^^^^^^^ the trait `Integer` is not implemented for `<<Dl as si::Dimension>::I as std::ops::Sub<<Dr as si::Dimension>::I>>::Output`
[INFO] [stdout]     | 
[INFO] [stdout]    ::: /opt/rustwide/cargo-home/registry/src/github.com-1ecc6299db9ec823/uom-0.23.1/src/si/mod.rs:10:1
[INFO] [stdout]     |
[INFO] [stdout] 10  | / system! {
[INFO] [stdout] 11  | |     /// [International System of Quantities](http://jcgm.bipm.org/vim/en/1.6.html) (ISQ).
[INFO] [stdout] 12  | |     quantities: ISQ {
[INFO] [stdout] 13  | |         /// Length, one of the base quantities in the ISQ, denoted by the symbol L. The base unit
[INFO] [stdout] ...   |
[INFO] [stdout] 75  | |     }
[INFO] [stdout] 76  | | }
[INFO] [stdout]     | |_- in this macro invocation
[INFO] [stdout]     |
[INFO] [stdout]     = note: this error originates in a macro (in Nightly builds, run with -Z macro-backtrace for more info)
[INFO] [stdout] 
[INFO] [stdout] 
[INFO] [stdout] error[E0277]: the trait bound `<<Dl as si::Dimension>::Th as std::ops::Sub<<Dr as si::Dimension>::Th>>::Output: Integer` is not satisfied
[INFO] [stdout]    --> /opt/rustwide/cargo-home/registry/src/github.com-1ecc6299db9ec823/uom-0.23.1/src/system.rs:429:71
[INFO] [stdout]     |
[INFO] [stdout] 236 |           pub struct Quantity<D, U, V>
[INFO] [stdout]     |                      -------- required by a bound in this
[INFO] [stdout] 237 |           where
[INFO] [stdout] 238 |               D: Dimension + ?Sized,
[INFO] [stdout]     |                  --------- required by this bound in `si::Quantity`
[INFO] [stdout] ...
[INFO] [stdout] 429 |                       fn $muldiv_fun(self, rhs: Quantity<Dr, Ur, V>) -> Self::Output {
[INFO] [stdout]     |                                                                         ^^^^^^^^^^^^ the trait `Integer` is not implemented for `<<Dl as si::Dimension>::Th as std::ops::Sub<<Dr as si::Dimension>::Th>>::Output`
[INFO] [stdout]     | 
[INFO] [stdout]    ::: /opt/rustwide/cargo-home/registry/src/github.com-1ecc6299db9ec823/uom-0.23.1/src/si/mod.rs:10:1
[INFO] [stdout]     |
[INFO] [stdout] 10  | / system! {
[INFO] [stdout] 11  | |     /// [International System of Quantities](http://jcgm.bipm.org/vim/en/1.6.html) (ISQ).
[INFO] [stdout] 12  | |     quantities: ISQ {
[INFO] [stdout] 13  | |         /// Length, one of the base quantities in the ISQ, denoted by the symbol L. The base unit
[INFO] [stdout] ...   |
[INFO] [stdout] 75  | |     }
[INFO] [stdout] 76  | | }
[INFO] [stdout]     | |_- in this macro invocation
[INFO] [stdout]     |
[INFO] [stdout]     = note: this error originates in a macro (in Nightly builds, run with -Z macro-backtrace for more info)
[INFO] [stdout] 
[INFO] [stdout] 
[INFO] [stdout] error[E0277]: the trait bound `<<Dl as si::Dimension>::N as std::ops::Sub<<Dr as si::Dimension>::N>>::Output: Integer` is not satisfied
[INFO] [stdout]    --> /opt/rustwide/cargo-home/registry/src/github.com-1ecc6299db9ec823/uom-0.23.1/src/system.rs:429:71
[INFO] [stdout]     |
[INFO] [stdout] 236 |           pub struct Quantity<D, U, V>
[INFO] [stdout]     |                      -------- required by a bound in this
[INFO] [stdout] 237 |           where
[INFO] [stdout] 238 |               D: Dimension + ?Sized,
[INFO] [stdout]     |                  --------- required by this bound in `si::Quantity`
[INFO] [stdout] ...
[INFO] [stdout] 429 |                       fn $muldiv_fun(self, rhs: Quantity<Dr, Ur, V>) -> Self::Output {
[INFO] [stdout]     |                                                                         ^^^^^^^^^^^^ the trait `Integer` is not implemented for `<<Dl as si::Dimension>::N as std::ops::Sub<<Dr as si::Dimension>::N>>::Output`
[INFO] [stdout]     | 
[INFO] [stdout]    ::: /opt/rustwide/cargo-home/registry/src/github.com-1ecc6299db9ec823/uom-0.23.1/src/si/mod.rs:10:1
[INFO] [stdout]     |
[INFO] [stdout] 10  | / system! {
[INFO] [stdout] 11  | |     /// [International System of Quantities](http://jcgm.bipm.org/vim/en/1.6.html) (ISQ).
[INFO] [stdout] 12  | |     quantities: ISQ {
[INFO] [stdout] 13  | |         /// Length, one of the base quantities in the ISQ, denoted by the symbol L. The base unit
[INFO] [stdout] ...   |
[INFO] [stdout] 75  | |     }
[INFO] [stdout] 76  | | }
[INFO] [stdout]     | |_- in this macro invocation
[INFO] [stdout]     |
[INFO] [stdout]     = note: this error originates in a macro (in Nightly builds, run with -Z macro-backtrace for more info)
[INFO] [stdout] 
[INFO] [stdout] 
[INFO] [stdout] error[E0277]: the trait bound `<<Dl as si::Dimension>::J as std::ops::Sub<<Dr as si::Dimension>::J>>::Output: Integer` is not satisfied
[INFO] [stdout]    --> /opt/rustwide/cargo-home/registry/src/github.com-1ecc6299db9ec823/uom-0.23.1/src/system.rs:429:71
[INFO] [stdout]     |
[INFO] [stdout] 236 |           pub struct Quantity<D, U, V>
[INFO] [stdout]     |                      -------- required by a bound in this
[INFO] [stdout] 237 |           where
[INFO] [stdout] 238 |               D: Dimension + ?Sized,
[INFO] [stdout]     |                  --------- required by this bound in `si::Quantity`
[INFO] [stdout] ...
[INFO] [stdout] 429 |                       fn $muldiv_fun(self, rhs: Quantity<Dr, Ur, V>) -> Self::Output {
[INFO] [stdout]     |                                                                         ^^^^^^^^^^^^ the trait `Integer` is not implemented for `<<Dl as si::Dimension>::J as std::ops::Sub<<Dr as si::Dimension>::J>>::Output`
[INFO] [stdout]     | 
[INFO] [stdout]    ::: /opt/rustwide/cargo-home/registry/src/github.com-1ecc6299db9ec823/uom-0.23.1/src/si/mod.rs:10:1
[INFO] [stdout]     |
[INFO] [stdout] 10  | / system! {
[INFO] [stdout] 11  | |     /// [International System of Quantities](http://jcgm.bipm.org/vim/en/1.6.html) (ISQ).
[INFO] [stdout] 12  | |     quantities: ISQ {
[INFO] [stdout] 13  | |         /// Length, one of the base quantities in the ISQ, denoted by the symbol L. The base unit
[INFO] [stdout] ...   |
[INFO] [stdout] 75  | |     }
[INFO] [stdout] 76  | | }
[INFO] [stdout]     | |_- in this macro invocation
[INFO] [stdout]     |
[INFO] [stdout]     = note: this error originates in a macro (in Nightly builds, run with -Z macro-backtrace for more info)
[INFO] [stdout] 
[INFO] [stdout] 
[INFO] [stdout] error[E0277]: the trait bound `<Z0 as std::ops::Sub<<D as si::Dimension>::L>>::Output: Integer` is not satisfied
[INFO] [stdout]    --> /opt/rustwide/cargo-home/registry/src/github.com-1ecc6299db9ec823/uom-0.23.1/src/system.rs:509:29
[INFO] [stdout]     |
[INFO] [stdout] 236 |           pub struct Quantity<D, U, V>
[INFO] [stdout]     |                      -------- required by a bound in this
[INFO] [stdout] 237 |           where
[INFO] [stdout] 238 |               D: Dimension + ?Sized,
[INFO] [stdout]     |                  --------- required by this bound in `si::Quantity`
[INFO] [stdout] ...
[INFO] [stdout] 509 | /                             type Output = Quantity<
[INFO] [stdout] 510 | |                                 $quantities<
[INFO] [stdout] 511 | |                                     $($crate::typenum::$AddSubAlias<
[INFO] [stdout] 512 | |                                       $crate::typenum::Z0,
[INFO] [stdout] 513 | |                                       D::$symbol>,)+
[INFO] [stdout] 514 | |                                       D::Kind>,
[INFO] [stdout] 515 | |                                 U, V>;
[INFO] [stdout]     | |______________________________________^ the trait `Integer` is not implemented for `<Z0 as std::ops::Sub<<D as si::Dimension>::L>>::Output`
[INFO] [stdout]     | 
[INFO] [stdout]    ::: /opt/rustwide/cargo-home/registry/src/github.com-1ecc6299db9ec823/uom-0.23.1/src/si/mod.rs:10:1
[INFO] [stdout]     |
[INFO] [stdout] 10  | / system! {
[INFO] [stdout] 11  | |     /// [International System of Quantities](http://jcgm.bipm.org/vim/en/1.6.html) (ISQ).
[INFO] [stdout] 12  | |     quantities: ISQ {
[INFO] [stdout] 13  | |         /// Length, one of the base quantities in the ISQ, denoted by the symbol L. The base unit
[INFO] [stdout] ...   |
[INFO] [stdout] 75  | |     }
[INFO] [stdout] 76  | | }
[INFO] [stdout]     | |_- in this macro invocation
[INFO] [stdout]     |
[INFO] [stdout]     = note: this error originates in a macro (in Nightly builds, run with -Z macro-backtrace for more info)
[INFO] [stdout] 
[INFO] [stdout] 
[INFO] [stdout] error[E0277]: the trait bound `<Z0 as std::ops::Sub<<D as si::Dimension>::M>>::Output: Integer` is not satisfied
[INFO] [stdout]    --> /opt/rustwide/cargo-home/registry/src/github.com-1ecc6299db9ec823/uom-0.23.1/src/system.rs:509:29
[INFO] [stdout]     |
[INFO] [stdout] 236 |           pub struct Quantity<D, U, V>
[INFO] [stdout]     |                      -------- required by a bound in this
[INFO] [stdout] 237 |           where
[INFO] [stdout] 238 |               D: Dimension + ?Sized,
[INFO] [stdout]     |                  --------- required by this bound in `si::Quantity`
[INFO] [stdout] ...
[INFO] [stdout] 509 | /                             type Output = Quantity<
[INFO] [stdout] 510 | |                                 $quantities<
[INFO] [stdout] 511 | |                                     $($crate::typenum::$AddSubAlias<
[INFO] [stdout] 512 | |                                       $crate::typenum::Z0,
[INFO] [stdout] 513 | |                                       D::$symbol>,)+
[INFO] [stdout] 514 | |                                       D::Kind>,
[INFO] [stdout] 515 | |                                 U, V>;
[INFO] [stdout]     | |______________________________________^ the trait `Integer` is not implemented for `<Z0 as std::ops::Sub<<D as si::Dimension>::M>>::Output`
[INFO] [stdout]     | 
[INFO] [stdout]    ::: /opt/rustwide/cargo-home/registry/src/github.com-1ecc6299db9ec823/uom-0.23.1/src/si/mod.rs:10:1
[INFO] [stdout]     |
[INFO] [stdout] 10  | / system! {
[INFO] [stdout] 11  | |     /// [International System of Quantities](http://jcgm.bipm.org/vim/en/1.6.html) (ISQ).
[INFO] [stdout] 12  | |     quantities: ISQ {
[INFO] [stdout] 13  | |         /// Length, one of the base quantities in the ISQ, denoted by the symbol L. The base unit
[INFO] [stdout] ...   |
[INFO] [stdout] 75  | |     }
[INFO] [stdout] 76  | | }
[INFO] [stdout]     | |_- in this macro invocation
[INFO] [stdout]     |
[INFO] [stdout]     = note: this error originates in a macro (in Nightly builds, run with -Z macro-backtrace for more info)
[INFO] [stdout] 
[INFO] [stdout] 
[INFO] [stdout] error[E0277]: the trait bound `<Z0 as std::ops::Sub<<D as si::Dimension>::T>>::Output: Integer` is not satisfied
[INFO] [stdout]    --> /opt/rustwide/cargo-home/registry/src/github.com-1ecc6299db9ec823/uom-0.23.1/src/system.rs:509:29
[INFO] [stdout]     |
[INFO] [stdout] 236 |           pub struct Quantity<D, U, V>
[INFO] [stdout]     |                      -------- required by a bound in this
[INFO] [stdout] 237 |           where
[INFO] [stdout] 238 |               D: Dimension + ?Sized,
[INFO] [stdout]     |                  --------- required by this bound in `si::Quantity`
[INFO] [stdout] ...
[INFO] [stdout] 509 | /                             type Output = Quantity<
[INFO] [stdout] 510 | |                                 $quantities<
[INFO] [stdout] 511 | |                                     $($crate::typenum::$AddSubAlias<
[INFO] [stdout] 512 | |                                       $crate::typenum::Z0,
[INFO] [stdout] 513 | |                                       D::$symbol>,)+
[INFO] [stdout] 514 | |                                       D::Kind>,
[INFO] [stdout] 515 | |                                 U, V>;
[INFO] [stdout]     | |______________________________________^ the trait `Integer` is not implemented for `<Z0 as std::ops::Sub<<D as si::Dimension>::T>>::Output`
[INFO] [stdout]     | 
[INFO] [stdout]    ::: /opt/rustwide/cargo-home/registry/src/github.com-1ecc6299db9ec823/uom-0.23.1/src/si/mod.rs:10:1
[INFO] [stdout]     |
[INFO] [stdout] 10  | / system! {
[INFO] [stdout] 11  | |     /// [International System of Quantities](http://jcgm.bipm.org/vim/en/1.6.html) (ISQ).
[INFO] [stdout] 12  | |     quantities: ISQ {
[INFO] [stdout] 13  | |         /// Length, one of the base quantities in the ISQ, denoted by the symbol L. The base unit
[INFO] [stdout] ...   |
[INFO] [stdout] 75  | |     }
[INFO] [stdout] 76  | | }
[INFO] [stdout]     | |_- in this macro invocation
[INFO] [stdout]     |
[INFO] [stdout]     = note: this error originates in a macro (in Nightly builds, run with -Z macro-backtrace for more info)
[INFO] [stdout] 
[INFO] [stdout] 
[INFO] [stdout] error[E0277]: the trait bound `<Z0 as std::ops::Sub<<D as si::Dimension>::I>>::Output: Integer` is not satisfied
[INFO] [stdout]    --> /opt/rustwide/cargo-home/registry/src/github.com-1ecc6299db9ec823/uom-0.23.1/src/system.rs:509:29
[INFO] [stdout]     |
[INFO] [stdout] 236 |           pub struct Quantity<D, U, V>
[INFO] [stdout]     |                      -------- required by a bound in this
[INFO] [stdout] 237 |           where
[INFO] [stdout] 238 |               D: Dimension + ?Sized,
[INFO] [stdout]     |                  --------- required by this bound in `si::Quantity`
[INFO] [stdout] ...
[INFO] [stdout] 509 | /                             type Output = Quantity<
[INFO] [stdout] 510 | |                                 $quantities<
[INFO] [stdout] 511 | |                                     $($crate::typenum::$AddSubAlias<
[INFO] [stdout] 512 | |                                       $crate::typenum::Z0,
[INFO] [stdout] 513 | |                                       D::$symbol>,)+
[INFO] [stdout] 514 | |                                       D::Kind>,
[INFO] [stdout] 515 | |                                 U, V>;
[INFO] [stdout]     | |______________________________________^ the trait `Integer` is not implemented for `<Z0 as std::ops::Sub<<D as si::Dimension>::I>>::Output`
[INFO] [stdout]     | 
[INFO] [stdout]    ::: /opt/rustwide/cargo-home/registry/src/github.com-1ecc6299db9ec823/uom-0.23.1/src/si/mod.rs:10:1
[INFO] [stdout]     |
[INFO] [stdout] 10  | / system! {
[INFO] [stdout] 11  | |     /// [International System of Quantities](http://jcgm.bipm.org/vim/en/1.6.html) (ISQ).
[INFO] [stdout] 12  | |     quantities: ISQ {
[INFO] [stdout] 13  | |         /// Length, one of the base quantities in the ISQ, denoted by the symbol L. The base unit
[INFO] [stdout] ...   |
[INFO] [stdout] 75  | |     }
[INFO] [stdout] 76  | | }
[INFO] [stdout]     | |_- in this macro invocation
[INFO] [stdout]     |
[INFO] [stdout]     = note: this error originates in a macro (in Nightly builds, run with -Z macro-backtrace for more info)
[INFO] [stdout] 
[INFO] [stdout] 
[INFO] [stdout] error[E0277]: the trait bound `<Z0 as std::ops::Sub<<D as si::Dimension>::Th>>::Output: Integer` is not satisfied
[INFO] [stdout]    --> /opt/rustwide/cargo-home/registry/src/github.com-1ecc6299db9ec823/uom-0.23.1/src/system.rs:509:29
[INFO] [stdout]     |
[INFO] [stdout] 236 |           pub struct Quantity<D, U, V>
[INFO] [stdout]     |                      -------- required by a bound in this
[INFO] [stdout] 237 |           where
[INFO] [stdout] 238 |               D: Dimension + ?Sized,
[INFO] [stdout]     |                  --------- required by this bound in `si::Quantity`
[INFO] [stdout] ...
[INFO] [stdout] 509 | /                             type Output = Quantity<
[INFO] [stdout] 510 | |                                 $quantities<
[INFO] [stdout] 511 | |                                     $($crate::typenum::$AddSubAlias<
[INFO] [stdout] 512 | |                                       $crate::typenum::Z0,
[INFO] [stdout] 513 | |                                       D::$symbol>,)+
[INFO] [stdout] 514 | |                                       D::Kind>,
[INFO] [stdout] 515 | |                                 U, V>;
[INFO] [stdout]     | |______________________________________^ the trait `Integer` is not implemented for `<Z0 as std::ops::Sub<<D as si::Dimension>::Th>>::Output`
[INFO] [stdout]     | 
[INFO] [stdout]    ::: /opt/rustwide/cargo-home/registry/src/github.com-1ecc6299db9ec823/uom-0.23.1/src/si/mod.rs:10:1
[INFO] [stdout]     |
[INFO] [stdout] 10  | / system! {
[INFO] [stdout] 11  | |     /// [International System of Quantities](http://jcgm.bipm.org/vim/en/1.6.html) (ISQ).
[INFO] [stdout] 12  | |     quantities: ISQ {
[INFO] [stdout] 13  | |         /// Length, one of the base quantities in the ISQ, denoted by the symbol L. The base unit
[INFO] [stdout] ...   |
[INFO] [stdout] 75  | |     }
[INFO] [stdout] 76  | | }
[INFO] [stdout]     | |_- in this macro invocation
[INFO] [stdout]     |
[INFO] [stdout]     = note: this error originates in a macro (in Nightly builds, run with -Z macro-backtrace for more info)
[INFO] [stdout] 
[INFO] [stdout] 
[INFO] [stdout] error[E0277]: the trait bound `<Z0 as std::ops::Sub<<D as si::Dimension>::N>>::Output: Integer` is not satisfied
[INFO] [stdout]    --> /opt/rustwide/cargo-home/registry/src/github.com-1ecc6299db9ec823/uom-0.23.1/src/system.rs:509:29
[INFO] [stdout]     |
[INFO] [stdout] 236 |           pub struct Quantity<D, U, V>
[INFO] [stdout]     |                      -------- required by a bound in this
[INFO] [stdout] 237 |           where
[INFO] [stdout] 238 |               D: Dimension + ?Sized,
[INFO] [stdout]     |                  --------- required by this bound in `si::Quantity`
[INFO] [stdout] ...
[INFO] [stdout] 509 | /                             type Output = Quantity<
[INFO] [stdout] 510 | |                                 $quantities<
[INFO] [stdout] 511 | |                                     $($crate::typenum::$AddSubAlias<
[INFO] [stdout] 512 | |                                       $crate::typenum::Z0,
[INFO] [stdout] 513 | |                                       D::$symbol>,)+
[INFO] [stdout] 514 | |                                       D::Kind>,
[INFO] [stdout] 515 | |                                 U, V>;
[INFO] [stdout]     | |______________________________________^ the trait `Integer` is not implemented for `<Z0 as std::ops::Sub<<D as si::Dimension>::N>>::Output`
[INFO] [stdout]     | 
[INFO] [stdout]    ::: /opt/rustwide/cargo-home/registry/src/github.com-1ecc6299db9ec823/uom-0.23.1/src/si/mod.rs:10:1
[INFO] [stdout]     |
[INFO] [stdout] 10  | / system! {
[INFO] [stdout] 11  | |     /// [International System of Quantities](http://jcgm.bipm.org/vim/en/1.6.html) (ISQ).
[INFO] [stdout] 12  | |     quantities: ISQ {
[INFO] [stdout] 13  | |         /// Length, one of the base quantities in the ISQ, denoted by the symbol L. The base unit
[INFO] [stdout] ...   |
[INFO] [stdout] 75  | |     }
[INFO] [stdout] 76  | | }
[INFO] [stdout]     | |_- in this macro invocation
[INFO] [stdout]     |
[INFO] [stdout]     = note: this error originates in a macro (in Nightly builds, run with -Z macro-backtrace for more info)
[INFO] [stdout] 
[INFO] [stdout] 
[INFO] [stdout] error[E0277]: the trait bound `<Z0 as std::ops::Sub<<D as si::Dimension>::J>>::Output: Integer` is not satisfied
[INFO] [stdout]    --> /opt/rustwide/cargo-home/registry/src/github.com-1ecc6299db9ec823/uom-0.23.1/src/system.rs:509:29
[INFO] [stdout]     |
[INFO] [stdout] 236 |           pub struct Quantity<D, U, V>
[INFO] [stdout]     |                      -------- required by a bound in this
[INFO] [stdout] 237 |           where
[INFO] [stdout] 238 |               D: Dimension + ?Sized,
[INFO] [stdout]     |                  --------- required by this bound in `si::Quantity`
[INFO] [stdout] ...
[INFO] [stdout] 509 | /                             type Output = Quantity<
[INFO] [stdout] 510 | |                                 $quantities<
[INFO] [stdout] 511 | |                                     $($crate::typenum::$AddSubAlias<
[INFO] [stdout] 512 | |                                       $crate::typenum::Z0,
[INFO] [stdout] 513 | |                                       D::$symbol>,)+
[INFO] [stdout] 514 | |                                       D::Kind>,
[INFO] [stdout] 515 | |                                 U, V>;
[INFO] [stdout]     | |______________________________________^ the trait `Integer` is not implemented for `<Z0 as std::ops::Sub<<D as si::Dimension>::J>>::Output`
[INFO] [stdout]     | 
[INFO] [stdout]    ::: /opt/rustwide/cargo-home/registry/src/github.com-1ecc6299db9ec823/uom-0.23.1/src/si/mod.rs:10:1
[INFO] [stdout]     |
[INFO] [stdout] 10  | / system! {
[INFO] [stdout] 11  | |     /// [International System of Quantities](http://jcgm.bipm.org/vim/en/1.6.html) (ISQ).
[INFO] [stdout] 12  | |     quantities: ISQ {
[INFO] [stdout] 13  | |         /// Length, one of the base quantities in the ISQ, denoted by the symbol L. The base unit
[INFO] [stdout] ...   |
[INFO] [stdout] 75  | |     }
[INFO] [stdout] 76  | | }
[INFO] [stdout]     | |_- in this macro invocation
[INFO] [stdout]     |
[INFO] [stdout]     = note: this error originates in a macro (in Nightly builds, run with -Z macro-backtrace for more info)
[INFO] [stdout] 
[INFO] [stdout] 
[INFO] [stdout] error[E0277]: the trait bound `<Z0 as std::ops::Sub<<D as si::Dimension>::L>>::Output: Integer` is not satisfied
[INFO] [stdout]    --> /opt/rustwide/cargo-home/registry/src/github.com-1ecc6299db9ec823/uom-0.23.1/src/system.rs:518:77
[INFO] [stdout]     |
[INFO] [stdout] 236 |           pub struct Quantity<D, U, V>
[INFO] [stdout]     |                      -------- required by a bound in this
[INFO] [stdout] 237 |           where
[INFO] [stdout] 238 |               D: Dimension + ?Sized,
[INFO] [stdout]     |                  --------- required by this bound in `si::Quantity`
[INFO] [stdout] ...
[INFO] [stdout] 518 |                               fn $muldiv_fun(self, rhs: Quantity<D, U, V>) -> Self::Output {
[INFO] [stdout]     |                                                                               ^^^^^^^^^^^^ the trait `Integer` is not implemented for `<Z0 as std::ops::Sub<<D as si::Dimension>::L>>::Output`
[INFO] [stdout]     | 
[INFO] [stdout]    ::: /opt/rustwide/cargo-home/registry/src/github.com-1ecc6299db9ec823/uom-0.23.1/src/si/mod.rs:10:1
[INFO] [stdout]     |
[INFO] [stdout] 10  | / system! {
[INFO] [stdout] 11  | |     /// [International System of Quantities](http://jcgm.bipm.org/vim/en/1.6.html) (ISQ).
[INFO] [stdout] 12  | |     quantities: ISQ {
[INFO] [stdout] 13  | |         /// Length, one of the base quantities in the ISQ, denoted by the symbol L. The base unit
[INFO] [stdout] ...   |
[INFO] [stdout] 75  | |     }
[INFO] [stdout] 76  | | }
[INFO] [stdout]     | |_- in this macro invocation
[INFO] [stdout]     |
[INFO] [stdout]     = note: this error originates in a macro (in Nightly builds, run with -Z macro-backtrace for more info)
[INFO] [stdout] 
[INFO] [stdout] 
[INFO] [stdout] error[E0277]: the trait bound `<Z0 as std::ops::Sub<<D as si::Dimension>::M>>::Output: Integer` is not satisfied
[INFO] [stdout]    --> /opt/rustwide/cargo-home/registry/src/github.com-1ecc6299db9ec823/uom-0.23.1/src/system.rs:518:77
[INFO] [stdout]     |
[INFO] [stdout] 236 |           pub struct Quantity<D, U, V>
[INFO] [stdout]     |                      -------- required by a bound in this
[INFO] [stdout] 237 |           where
[INFO] [stdout] 238 |               D: Dimension + ?Sized,
[INFO] [stdout]     |                  --------- required by this bound in `si::Quantity`
[INFO] [stdout] ...
[INFO] [stdout] 518 |                               fn $muldiv_fun(self, rhs: Quantity<D, U, V>) -> Self::Output {
[INFO] [stdout]     |                                                                               ^^^^^^^^^^^^ the trait `Integer` is not implemented for `<Z0 as std::ops::Sub<<D as si::Dimension>::M>>::Output`
[INFO] [stdout]     | 
[INFO] [stdout]    ::: /opt/rustwide/cargo-home/registry/src/github.com-1ecc6299db9ec823/uom-0.23.1/src/si/mod.rs:10:1
[INFO] [stdout]     |
[INFO] [stdout] 10  | / system! {
[INFO] [stdout] 11  | |     /// [International System of Quantities](http://jcgm.bipm.org/vim/en/1.6.html) (ISQ).
[INFO] [stdout] 12  | |     quantities: ISQ {
[INFO] [stdout] 13  | |         /// Length, one of the base quantities in the ISQ, denoted by the symbol L. The base unit
[INFO] [stdout] ...   |
[INFO] [stdout] 75  | |     }
[INFO] [stdout] 76  | | }
[INFO] [stdout]     | |_- in this macro invocation
[INFO] [stdout]     |
[INFO] [stdout]     = note: this error originates in a macro (in Nightly builds, run with -Z macro-backtrace for more info)
[INFO] [stdout] 
[INFO] [stdout] 
[INFO] [stdout] error[E0277]: the trait bound `<Z0 as std::ops::Sub<<D as si::Dimension>::T>>::Output: Integer` is not satisfied
[INFO] [stdout]    --> /opt/rustwide/cargo-home/registry/src/github.com-1ecc6299db9ec823/uom-0.23.1/src/system.rs:518:77
[INFO] [stdout]     |
[INFO] [stdout] 236 |           pub struct Quantity<D, U, V>
[INFO] [stdout]     |                      -------- required by a bound in this
[INFO] [stdout] 237 |           where
[INFO] [stdout] 238 |               D: Dimension + ?Sized,
[INFO] [stdout]     |                  --------- required by this bound in `si::Quantity`
[INFO] [stdout] ...
[INFO] [stdout] 518 |                               fn $muldiv_fun(self, rhs: Quantity<D, U, V>) -> Self::Output {
[INFO] [stdout]     |                                                                               ^^^^^^^^^^^^ the trait `Integer` is not implemented for `<Z0 as std::ops::Sub<<D as si::Dimension>::T>>::Output`
[INFO] [stdout]     | 
[INFO] [stdout]    ::: /opt/rustwide/cargo-home/registry/src/github.com-1ecc6299db9ec823/uom-0.23.1/src/si/mod.rs:10:1
[INFO] [stdout]     |
[INFO] [stdout] 10  | / system! {
[INFO] [stdout] 11  | |     /// [International System of Quantities](http://jcgm.bipm.org/vim/en/1.6.html) (ISQ).
[INFO] [stdout] 12  | |     quantities: ISQ {
[INFO] [stdout] 13  | |         /// Length, one of the base quantities in the ISQ, denoted by the symbol L. The base unit
[INFO] [stdout] ...   |
[INFO] [stdout] 75  | |     }
[INFO] [stdout] 76  | | }
[INFO] [stdout]     | |_- in this macro invocation
[INFO] [stdout]     |
[INFO] [stdout]     = note: this error originates in a macro (in Nightly builds, run with -Z macro-backtrace for more info)
[INFO] [stdout] 
[INFO] [stdout] 
[INFO] [stdout] error[E0277]: the trait bound `<Z0 as std::ops::Sub<<D as si::Dimension>::I>>::Output: Integer` is not satisfied
[INFO] [stdout]    --> /opt/rustwide/cargo-home/registry/src/github.com-1ecc6299db9ec823/uom-0.23.1/src/system.rs:518:77
[INFO] [stdout]     |
[INFO] [stdout] 236 |           pub struct Quantity<D, U, V>
[INFO] [stdout]     |                      -------- required by a bound in this
[INFO] [stdout] 237 |           where
[INFO] [stdout] 238 |               D: Dimension + ?Sized,
[INFO] [stdout]     |                  --------- required by this bound in `si::Quantity`
[INFO] [stdout] ...
[INFO] [stdout] 518 |                               fn $muldiv_fun(self, rhs: Quantity<D, U, V>) -> Self::Output {
[INFO] [stdout]     |                                                                               ^^^^^^^^^^^^ the trait `Integer` is not implemented for `<Z0 as std::ops::Sub<<D as si::Dimension>::I>>::Output`
[INFO] [stdout]     | 
[INFO] [stdout]    ::: /opt/rustwide/cargo-home/registry/src/github.com-1ecc6299db9ec823/uom-0.23.1/src/si/mod.rs:10:1
[INFO] [stdout]     |
[INFO] [stdout] 10  | / system! {
[INFO] [stdout] 11  | |     /// [International System of Quantities](http://jcgm.bipm.org/vim/en/1.6.html) (ISQ).
[INFO] [stdout] 12  | |     quantities: ISQ {
[INFO] [stdout] 13  | |         /// Length, one of the base quantities in the ISQ, denoted by the symbol L. The base unit
[INFO] [stdout] ...   |
[INFO] [stdout] 75  | |     }
[INFO] [stdout] 76  | | }
[INFO] [stdout]     | |_- in this macro invocation
[INFO] [stdout]     |
[INFO] [stdout]     = note: this error originates in a macro (in Nightly builds, run with -Z macro-backtrace for more info)
[INFO] [stdout] 
[INFO] [stdout] 
[INFO] [stdout] error[E0277]: the trait bound `<Z0 as std::ops::Sub<<D as si::Dimension>::Th>>::Output: Integer` is not satisfied
[INFO] [stdout]    --> /opt/rustwide/cargo-home/registry/src/github.com-1ecc6299db9ec823/uom-0.23.1/src/system.rs:518:77
[INFO] [stdout]     |
[INFO] [stdout] 236 |           pub struct Quantity<D, U, V>
[INFO] [stdout]     |                      -------- required by a bound in this
[INFO] [stdout] 237 |           where
[INFO] [stdout] 238 |               D: Dimension + ?Sized,
[INFO] [stdout]     |                  --------- required by this bound in `si::Quantity`
[INFO] [stdout] ...
[INFO] [stdout] 518 |                               fn $muldiv_fun(self, rhs: Quantity<D, U, V>) -> Self::Output {
[INFO] [stdout]     |                                                                               ^^^^^^^^^^^^ the trait `Integer` is not implemented for `<Z0 as std::ops::Sub<<D as si::Dimension>::Th>>::Output`
[INFO] [stdout]     | 
[INFO] [stdout]    ::: /opt/rustwide/cargo-home/registry/src/github.com-1ecc6299db9ec823/uom-0.23.1/src/si/mod.rs:10:1
[INFO] [stdout]     |
[INFO] [stdout] 10  | / system! {
[INFO] [stdout] 11  | |     /// [International System of Quantities](http://jcgm.bipm.org/vim/en/1.6.html) (ISQ).
[INFO] [stdout] 12  | |     quantities: ISQ {
[INFO] [stdout] 13  | |         /// Length, one of the base quantities in the ISQ, denoted by the symbol L. The base unit
[INFO] [stdout] ...   |
[INFO] [stdout] 75  | |     }
[INFO] [stdout] 76  | | }
[INFO] [stdout]     | |_- in this macro invocation
[INFO] [stdout]     |
[INFO] [stdout]     = note: this error originates in a macro (in Nightly builds, run with -Z macro-backtrace for more info)
[INFO] [stdout] 
[INFO] [stdout] 
[INFO] [stdout] error[E0277]: the trait bound `<Z0 as std::ops::Sub<<D as si::Dimension>::N>>::Output: Integer` is not satisfied
[INFO] [stdout]    --> /opt/rustwide/cargo-home/registry/src/github.com-1ecc6299db9ec823/uom-0.23.1/src/system.rs:518:77
[INFO] [stdout]     |
[INFO] [stdout] 236 |           pub struct Quantity<D, U, V>
[INFO] [stdout]     |                      -------- required by a bound in this
[INFO] [stdout] 237 |           where
[INFO] [stdout] 238 |               D: Dimension + ?Sized,
[INFO] [stdout]     |                  --------- required by this bound in `si::Quantity`
[INFO] [stdout] ...
[INFO] [stdout] 518 |                               fn $muldiv_fun(self, rhs: Quantity<D, U, V>) -> Self::Output {
[INFO] [stdout]     |                                                                               ^^^^^^^^^^^^ the trait `Integer` is not implemented for `<Z0 as std::ops::Sub<<D as si::Dimension>::N>>::Output`
[INFO] [stdout]     | 
[INFO] [stdout]    ::: /opt/rustwide/cargo-home/registry/src/github.com-1ecc6299db9ec823/uom-0.23.1/src/si/mod.rs:10:1
[INFO] [stdout]     |
[INFO] [stdout] 10  | / system! {
[INFO] [stdout] 11  | |     /// [International System of Quantities](http://jcgm.bipm.org/vim/en/1.6.html) (ISQ).
[INFO] [stdout] 12  | |     quantities: ISQ {
[INFO] [stdout] 13  | |         /// Length, one of the base quantities in the ISQ, denoted by the symbol L. The base unit
[INFO] [stdout] ...   |
[INFO] [stdout] 75  | |     }
[INFO] [stdout] 76  | | }
[INFO] [stdout]     | |_- in this macro invocation
[INFO] [stdout]     |
[INFO] [stdout]     = note: this error originates in a macro (in Nightly builds, run with -Z macro-backtrace for more info)
[INFO] [stdout] 
[INFO] [stdout] 
[INFO] [stdout] error[E0277]: the trait bound `<Z0 as std::ops::Sub<<D as si::Dimension>::J>>::Output: Integer` is not satisfied
[INFO] [stdout]    --> /opt/rustwide/cargo-home/registry/src/github.com-1ecc6299db9ec823/uom-0.23.1/src/system.rs:518:77
[INFO] [stdout]     |
[INFO] [stdout] 236 |           pub struct Quantity<D, U, V>
[INFO] [stdout]     |                      -------- required by a bound in this
[INFO] [stdout] 237 |           where
[INFO] [stdout] 238 |               D: Dimension + ?Sized,
[INFO] [stdout]     |                  --------- required by this bound in `si::Quantity`
[INFO] [stdout] ...
[INFO] [stdout] 518 |                               fn $muldiv_fun(self, rhs: Quantity<D, U, V>) -> Self::Output {
[INFO] [stdout]     |                                                                               ^^^^^^^^^^^^ the trait `Integer` is not implemented for `<Z0 as std::ops::Sub<<D as si::Dimension>::J>>::Output`
[INFO] [stdout]     | 
[INFO] [stdout]    ::: /opt/rustwide/cargo-home/registry/src/github.com-1ecc6299db9ec823/uom-0.23.1/src/si/mod.rs:10:1
[INFO] [stdout]     |
[INFO] [stdout] 10  | / system! {
[INFO] [stdout] 11  | |     /// [International System of Quantities](http://jcgm.bipm.org/vim/en/1.6.html) (ISQ).
[INFO] [stdout] 12  | |     quantities: ISQ {
[INFO] [stdout] 13  | |         /// Length, one of the base quantities in the ISQ, denoted by the symbol L. The base unit
[INFO] [stdout] ...   |
[INFO] [stdout] 75  | |     }
[INFO] [stdout] 76  | | }
[INFO] [stdout]     | |_- in this macro invocation
[INFO] [stdout]     |
[INFO] [stdout]     = note: this error originates in a macro (in Nightly builds, run with -Z macro-backtrace for more info)
[INFO] [stdout] 
[INFO] [stdout] 
[INFO] [stdout] error[E0277]: the trait bound `<<D as si::Dimension>::L as typenum::PartialDiv<PInt<UInt<UInt<UTerm, B1>, B1>>>>::Output: Integer` is not satisfied
[INFO] [stdout]    --> /opt/rustwide/cargo-home/registry/src/github.com-1ecc6299db9ec823/uom-0.23.1/src/system.rs:616:18
[INFO] [stdout]     |
[INFO] [stdout] 236 |           pub struct Quantity<D, U, V>
[INFO] [stdout]     |                      -------- required by a bound in this
[INFO] [stdout] 237 |           where
[INFO] [stdout] 238 |               D: Dimension + ?Sized,
[INFO] [stdout]     |                  --------- required by this bound in `si::Quantity`
[INFO] [stdout] ...
[INFO] [stdout] 616 |               ) -> Quantity<
[INFO] [stdout]     |  __________________^
[INFO] [stdout] 617 | |                 $quantities<$($crate::typenum::PartialQuot<D::$symbol, $crate::typenum::P3>),+>,
[INFO] [stdout] 618 | |                 U, V>
[INFO] [stdout]     | |_____________________^ the trait `Integer` is not implemented for `<<D as si::Dimension>::L as typenum::PartialDiv<PInt<UInt<UInt<UTerm, B1>, B1>>>>::Output`
[INFO] [stdout]     | 
[INFO] [stdout]    ::: /opt/rustwide/cargo-home/registry/src/github.com-1ecc6299db9ec823/uom-0.23.1/src/si/mod.rs:10:1
[INFO] [stdout]     |
[INFO] [stdout] 10  | / system! {
[INFO] [stdout] 11  | |     /// [International System of Quantities](http://jcgm.bipm.org/vim/en/1.6.html) (ISQ).
[INFO] [stdout] 12  | |     quantities: ISQ {
[INFO] [stdout] 13  | |         /// Length, one of the base quantities in the ISQ, denoted by the symbol L. The base unit
[INFO] [stdout] ...   |
[INFO] [stdout] 75  | |     }
[INFO] [stdout] 76  | | }
[INFO] [stdout]     | |_- in this macro invocation
[INFO] [stdout]     |
[INFO] [stdout]     = note: this error originates in a macro (in Nightly builds, run with -Z macro-backtrace for more info)
[INFO] [stdout] 
[INFO] [stdout] 
[INFO] [stdout] error[E0277]: the trait bound `<<D as si::Dimension>::M as typenum::PartialDiv<PInt<UInt<UInt<UTerm, B1>, B1>>>>::Output: Integer` is not satisfied
[INFO] [stdout]    --> /opt/rustwide/cargo-home/registry/src/github.com-1ecc6299db9ec823/uom-0.23.1/src/system.rs:616:18
[INFO] [stdout]     |
[INFO] [stdout] 236 |           pub struct Quantity<D, U, V>
[INFO] [stdout]     |                      -------- required by a bound in this
[INFO] [stdout] 237 |           where
[INFO] [stdout] 238 |               D: Dimension + ?Sized,
[INFO] [stdout]     |                  --------- required by this bound in `si::Quantity`
[INFO] [stdout] ...
[INFO] [stdout] 616 |               ) -> Quantity<
[INFO] [stdout]     |  __________________^
[INFO] [stdout] 617 | |                 $quantities<$($crate::typenum::PartialQuot<D::$symbol, $crate::typenum::P3>),+>,
[INFO] [stdout] 618 | |                 U, V>
[INFO] [stdout]     | |_____________________^ the trait `Integer` is not implemented for `<<D as si::Dimension>::M as typenum::PartialDiv<PInt<UInt<UInt<UTerm, B1>, B1>>>>::Output`
[INFO] [stdout]     | 
[INFO] [stdout]    ::: /opt/rustwide/cargo-home/registry/src/github.com-1ecc6299db9ec823/uom-0.23.1/src/si/mod.rs:10:1
[INFO] [stdout]     |
[INFO] [stdout] 10  | / system! {
[INFO] [stdout] 11  | |     /// [International System of Quantities](http://jcgm.bipm.org/vim/en/1.6.html) (ISQ).
[INFO] [stdout] 12  | |     quantities: ISQ {
[INFO] [stdout] 13  | |         /// Length, one of the base quantities in the ISQ, denoted by the symbol L. The base unit
[INFO] [stdout] ...   |
[INFO] [stdout] 75  | |     }
[INFO] [stdout] 76  | | }
[INFO] [stdout]     | |_- in this macro invocation
[INFO] [stdout]     |
[INFO] [stdout]     = note: this error originates in a macro (in Nightly builds, run with -Z macro-backtrace for more info)
[INFO] [stdout] 
[INFO] [stdout] 
[INFO] [stdout] error[E0277]: the trait bound `<<D as si::Dimension>::T as typenum::PartialDiv<PInt<UInt<UInt<UTerm, B1>, B1>>>>::Output: Integer` is not satisfied
[INFO] [stdout]    --> /opt/rustwide/cargo-home/registry/src/github.com-1ecc6299db9ec823/uom-0.23.1/src/system.rs:616:18
[INFO] [stdout]     |
[INFO] [stdout] 236 |           pub struct Quantity<D, U, V>
[INFO] [stdout]     |                      -------- required by a bound in this
[INFO] [stdout] 237 |           where
[INFO] [stdout] 238 |               D: Dimension + ?Sized,
[INFO] [stdout]     |                  --------- required by this bound in `si::Quantity`
[INFO] [stdout] ...
[INFO] [stdout] 616 |               ) -> Quantity<
[INFO] [stdout]     |  __________________^
[INFO] [stdout] 617 | |                 $quantities<$($crate::typenum::PartialQuot<D::$symbol, $crate::typenum::P3>),+>,
[INFO] [stdout] 618 | |                 U, V>
[INFO] [stdout]     | |_____________________^ the trait `Integer` is not implemented for `<<D as si::Dimension>::T as typenum::PartialDiv<PInt<UInt<UInt<UTerm, B1>, B1>>>>::Output`
[INFO] [stdout]     | 
[INFO] [stdout]    ::: /opt/rustwide/cargo-home/registry/src/github.com-1ecc6299db9ec823/uom-0.23.1/src/si/mod.rs:10:1
[INFO] [stdout]     |
[INFO] [stdout] 10  | / system! {
[INFO] [stdout] 11  | |     /// [International System of Quantities](http://jcgm.bipm.org/vim/en/1.6.html) (ISQ).
[INFO] [stdout] 12  | |     quantities: ISQ {
[INFO] [stdout] 13  | |         /// Length, one of the base quantities in the ISQ, denoted by the symbol L. The base unit
[INFO] [stdout] ...   |
[INFO] [stdout] 75  | |     }
[INFO] [stdout] 76  | | }
[INFO] [stdout]     | |_- in this macro invocation
[INFO] [stdout]     |
[INFO] [stdout]     = note: this error originates in a macro (in Nightly builds, run with -Z macro-backtrace for more info)
[INFO] [stdout] 
[INFO] [stdout] 
[INFO] [stdout] error[E0277]: the trait bound `<<D as si::Dimension>::I as typenum::PartialDiv<PInt<UInt<UInt<UTerm, B1>, B1>>>>::Output: Integer` is not satisfied
[INFO] [stdout]    --> /opt/rustwide/cargo-home/registry/src/github.com-1ecc6299db9ec823/uom-0.23.1/src/system.rs:616:18
[INFO] [stdout]     |
[INFO] [stdout] 236 |           pub struct Quantity<D, U, V>
[INFO] [stdout]     |                      -------- required by a bound in this
[INFO] [stdout] 237 |           where
[INFO] [stdout] 238 |               D: Dimension + ?Sized,
[INFO] [stdout]     |                  --------- required by this bound in `si::Quantity`
[INFO] [stdout] ...
[INFO] [stdout] 616 |               ) -> Quantity<
[INFO] [stdout]     |  __________________^
[INFO] [stdout] 617 | |                 $quantities<$($crate::typenum::PartialQuot<D::$symbol, $crate::typenum::P3>),+>,
[INFO] [stdout] 618 | |                 U, V>
[INFO] [stdout]     | |_____________________^ the trait `Integer` is not implemented for `<<D as si::Dimension>::I as typenum::PartialDiv<PInt<UInt<UInt<UTerm, B1>, B1>>>>::Output`
[INFO] [stdout]     | 
[INFO] [stdout]    ::: /opt/rustwide/cargo-home/registry/src/github.com-1ecc6299db9ec823/uom-0.23.1/src/si/mod.rs:10:1
[INFO] [stdout]     |
[INFO] [stdout] 10  | / system! {
[INFO] [stdout] 11  | |     /// [International System of Quantities](http://jcgm.bipm.org/vim/en/1.6.html) (ISQ).
[INFO] [stdout] 12  | |     quantities: ISQ {
[INFO] [stdout] 13  | |         /// Length, one of the base quantities in the ISQ, denoted by the symbol L. The base unit
[INFO] [stdout] ...   |
[INFO] [stdout] 75  | |     }
[INFO] [stdout] 76  | | }
[INFO] [stdout]     | |_- in this macro invocation
[INFO] [stdout]     |
[INFO] [stdout]     = note: this error originates in a macro (in Nightly builds, run with -Z macro-backtrace for more info)
[INFO] [stdout] 
[INFO] [stdout] 
[INFO] [stdout] error[E0277]: the trait bound `<<D as si::Dimension>::Th as typenum::PartialDiv<PInt<UInt<UInt<UTerm, B1>, B1>>>>::Output: Integer` is not satisfied
[INFO] [stdout]    --> /opt/rustwide/cargo-home/registry/src/github.com-1ecc6299db9ec823/uom-0.23.1/src/system.rs:616:18
[INFO] [stdout]     |
[INFO] [stdout] 236 |           pub struct Quantity<D, U, V>
[INFO] [stdout]     |                      -------- required by a bound in this
[INFO] [stdout] 237 |           where
[INFO] [stdout] 238 |               D: Dimension + ?Sized,
[INFO] [stdout]     |                  --------- required by this bound in `si::Quantity`
[INFO] [stdout] ...
[INFO] [stdout] 616 |               ) -> Quantity<
[INFO] [stdout]     |  __________________^
[INFO] [stdout] 617 | |                 $quantities<$($crate::typenum::PartialQuot<D::$symbol, $crate::typenum::P3>),+>,
[INFO] [stdout] 618 | |                 U, V>
[INFO] [stdout]     | |_____________________^ the trait `Integer` is not implemented for `<<D as si::Dimension>::Th as typenum::PartialDiv<PInt<UInt<UInt<UTerm, B1>, B1>>>>::Output`
[INFO] [stdout]     | 
[INFO] [stdout]    ::: /opt/rustwide/cargo-home/registry/src/github.com-1ecc6299db9ec823/uom-0.23.1/src/si/mod.rs:10:1
[INFO] [stdout]     |
[INFO] [stdout] 10  | / system! {
[INFO] [stdout] 11  | |     /// [International System of Quantities](http://jcgm.bipm.org/vim/en/1.6.html) (ISQ).
[INFO] [stdout] 12  | |     quantities: ISQ {
[INFO] [stdout] 13  | |         /// Length, one of the base quantities in the ISQ, denoted by the symbol L. The base unit
[INFO] [stdout] ...   |
[INFO] [stdout] 75  | |     }
[INFO] [stdout] 76  | | }
[INFO] [stdout]     | |_- in this macro invocation
[INFO] [stdout]     |
[INFO] [stdout]     = note: this error originates in a macro (in Nightly builds, run with -Z macro-backtrace for more info)
[INFO] [stdout] 
[INFO] [stdout] 
[INFO] [stdout] error[E0277]: the trait bound `<<D as si::Dimension>::N as typenum::PartialDiv<PInt<UInt<UInt<UTerm, B1>, B1>>>>::Output: Integer` is not satisfied
[INFO] [stdout]    --> /opt/rustwide/cargo-home/registry/src/github.com-1ecc6299db9ec823/uom-0.23.1/src/system.rs:616:18
[INFO] [stdout]     |
[INFO] [stdout] 236 |           pub struct Quantity<D, U, V>
[INFO] [stdout]     |                      -------- required by a bound in this
[INFO] [stdout] 237 |           where
[INFO] [stdout] 238 |               D: Dimension + ?Sized,
[INFO] [stdout]     |                  --------- required by this bound in `si::Quantity`
[INFO] [stdout] ...
[INFO] [stdout] 616 |               ) -> Quantity<
[INFO] [stdout]     |  __________________^
[INFO] [stdout] 617 | |                 $quantities<$($crate::typenum::PartialQuot<D::$symbol, $crate::typenum::P3>),+>,
[INFO] [stdout] 618 | |                 U, V>
[INFO] [stdout]     | |_____________________^ the trait `Integer` is not implemented for `<<D as si::Dimension>::N as typenum::PartialDiv<PInt<UInt<UInt<UTerm, B1>, B1>>>>::Output`
[INFO] [stdout]     | 
[INFO] [stdout]    ::: /opt/rustwide/cargo-home/registry/src/github.com-1ecc6299db9ec823/uom-0.23.1/src/si/mod.rs:10:1
[INFO] [stdout]     |
[INFO] [stdout] 10  | / system! {
[INFO] [stdout] 11  | |     /// [International System of Quantities](http://jcgm.bipm.org/vim/en/1.6.html) (ISQ).
[INFO] [stdout] 12  | |     quantities: ISQ {
[INFO] [stdout] 13  | |         /// Length, one of the base quantities in the ISQ, denoted by the symbol L. The base unit
[INFO] [stdout] ...   |
[INFO] [stdout] 75  | |     }
[INFO] [stdout] 76  | | }
[INFO] [stdout]     | |_- in this macro invocation
[INFO] [stdout]     |
[INFO] [stdout]     = note: this error originates in a macro (in Nightly builds, run with -Z macro-backtrace for more info)
[INFO] [stdout] 
[INFO] [stdout] 
[INFO] [stdout] error[E0277]: the trait bound `<<D as si::Dimension>::J as typenum::PartialDiv<PInt<UInt<UInt<UTerm, B1>, B1>>>>::Output: Integer` is not satisfied
[INFO] [stdout]    --> /opt/rustwide/cargo-home/registry/src/github.com-1ecc6299db9ec823/uom-0.23.1/src/system.rs:616:18
[INFO] [stdout]     |
[INFO] [stdout] 236 |           pub struct Quantity<D, U, V>
[INFO] [stdout]     |                      -------- required by a bound in this
[INFO] [stdout] 237 |           where
[INFO] [stdout] 238 |               D: Dimension + ?Sized,
[INFO] [stdout]     |                  --------- required by this bound in `si::Quantity`
[INFO] [stdout] ...
[INFO] [stdout] 616 |               ) -> Quantity<
[INFO] [stdout]     |  __________________^
[INFO] [stdout] 617 | |                 $quantities<$($crate::typenum::PartialQuot<D::$symbol, $crate::typenum::P3>),+>,
[INFO] [stdout] 618 | |                 U, V>
[INFO] [stdout]     | |_____________________^ the trait `Integer` is not implemented for `<<D as si::Dimension>::J as typenum::PartialDiv<PInt<UInt<UInt<UTerm, B1>, B1>>>>::Output`
[INFO] [stdout]     | 
[INFO] [stdout]    ::: /opt/rustwide/cargo-home/registry/src/github.com-1ecc6299db9ec823/uom-0.23.1/src/si/mod.rs:10:1
[INFO] [stdout]     |
[INFO] [stdout] 10  | / system! {
[INFO] [stdout] 11  | |     /// [International System of Quantities](http://jcgm.bipm.org/vim/en/1.6.html) (ISQ).
[INFO] [stdout] 12  | |     quantities: ISQ {
[INFO] [stdout] 13  | |         /// Length, one of the base quantities in the ISQ, denoted by the symbol L. The base unit
[INFO] [stdout] ...   |
[INFO] [stdout] 75  | |     }
[INFO] [stdout] 76  | | }
[INFO] [stdout]     | |_- in this macro invocation
[INFO] [stdout]     |
[INFO] [stdout]     = note: this error originates in a macro (in Nightly builds, run with -Z macro-backtrace for more info)
[INFO] [stdout] 
[INFO] [stdout] 
[INFO] [stdout] error[E0277]: the trait bound `<<D as si::Dimension>::L as std::ops::Add<<Da as si::Dimension>::L>>::Output: Integer` is not satisfied
[INFO] [stdout]    --> /opt/rustwide/cargo-home/registry/src/github.com-1ecc6299db9ec823/uom-0.23.1/src/system.rs:693:20
[INFO] [stdout]     |
[INFO] [stdout] 236 |           pub struct Quantity<D, U, V>
[INFO] [stdout]     |                      -------- required by a bound in this
[INFO] [stdout] 237 |           where
[INFO] [stdout] 238 |               D: Dimension + ?Sized,
[INFO] [stdout]     |                  --------- required by this bound in `si::Quantity`
[INFO] [stdout] ...
[INFO] [stdout] 693 |                   b: Quantity<$quantities<$($crate::typenum::Sum<D::$symbol, Da::$symbol>),+>, Ub, V>,
[INFO] [stdout]     |                      ^^^^^^^^^^^^^^^^^^^^^^^^^^^^^^^^^^^^^^^^^^^^^^^^^^^^^^^^^^^^^^^^^^^^^^^^^^^^^^^^ the trait `Integer` is not implemented for `<<D as si::Dimension>::L as std::ops::Add<<Da as si::Dimension>::L>>::Output`
[INFO] [stdout]     | 
[INFO] [stdout]    ::: /opt/rustwide/cargo-home/registry/src/github.com-1ecc6299db9ec823/uom-0.23.1/src/si/mod.rs:10:1
[INFO] [stdout]     |
[INFO] [stdout] 10  | / system! {
[INFO] [stdout] 11  | |     /// [International System of Quantities](http://jcgm.bipm.org/vim/en/1.6.html) (ISQ).
[INFO] [stdout] 12  | |     quantities: ISQ {
[INFO] [stdout] 13  | |         /// Length, one of the base quantities in the ISQ, denoted by the symbol L. The base unit
[INFO] [stdout] ...   |
[INFO] [stdout] 75  | |     }
[INFO] [stdout] 76  | | }
[INFO] [stdout]     | |_- in this macro invocation
[INFO] [stdout]     |
[INFO] [stdout]     = note: this error originates in a macro (in Nightly builds, run with -Z macro-backtrace for more info)
[INFO] [stdout] 
[INFO] [stdout] 
[INFO] [stdout] error[E0277]: the trait bound `<<D as si::Dimension>::M as std::ops::Add<<Da as si::Dimension>::M>>::Output: Integer` is not satisfied
[INFO] [stdout]    --> /opt/rustwide/cargo-home/registry/src/github.com-1ecc6299db9ec823/uom-0.23.1/src/system.rs:693:20
[INFO] [stdout]     |
[INFO] [stdout] 236 |           pub struct Quantity<D, U, V>
[INFO] [stdout]     |                      -------- required by a bound in this
[INFO] [stdout] 237 |           where
[INFO] [stdout] 238 |               D: Dimension + ?Sized,
[INFO] [stdout]     |                  --------- required by this bound in `si::Quantity`
[INFO] [stdout] ...
[INFO] [stdout] 693 |                   b: Quantity<$quantities<$($crate::typenum::Sum<D::$symbol, Da::$symbol>),+>, Ub, V>,
[INFO] [stdout]     |                      ^^^^^^^^^^^^^^^^^^^^^^^^^^^^^^^^^^^^^^^^^^^^^^^^^^^^^^^^^^^^^^^^^^^^^^^^^^^^^^^^ the trait `Integer` is not implemented for `<<D as si::Dimension>::M as std::ops::Add<<Da as si::Dimension>::M>>::Output`
[INFO] [stdout]     | 
[INFO] [stdout]    ::: /opt/rustwide/cargo-home/registry/src/github.com-1ecc6299db9ec823/uom-0.23.1/src/si/mod.rs:10:1
[INFO] [stdout]     |
[INFO] [stdout] 10  | / system! {
[INFO] [stdout] 11  | |     /// [International System of Quantities](http://jcgm.bipm.org/vim/en/1.6.html) (ISQ).
[INFO] [stdout] 12  | |     quantities: ISQ {
[INFO] [stdout] 13  | |         /// Length, one of the base quantities in the ISQ, denoted by the symbol L. The base unit
[INFO] [stdout] ...   |
[INFO] [stdout] 75  | |     }
[INFO] [stdout] 76  | | }
[INFO] [stdout]     | |_- in this macro invocation
[INFO] [stdout]     |
[INFO] [stdout]     = note: this error originates in a macro (in Nightly builds, run with -Z macro-backtrace for more info)
[INFO] [stdout] 
[INFO] [stdout] 
[INFO] [stdout] error[E0277]: the trait bound `<<D as si::Dimension>::T as std::ops::Add<<Da as si::Dimension>::T>>::Output: Integer` is not satisfied
[INFO] [stdout]    --> /opt/rustwide/cargo-home/registry/src/github.com-1ecc6299db9ec823/uom-0.23.1/src/system.rs:693:20
[INFO] [stdout]     |
[INFO] [stdout] 236 |           pub struct Quantity<D, U, V>
[INFO] [stdout]     |                      -------- required by a bound in this
[INFO] [stdout] 237 |           where
[INFO] [stdout] 238 |               D: Dimension + ?Sized,
[INFO] [stdout]     |                  --------- required by this bound in `si::Quantity`
[INFO] [stdout] ...
[INFO] [stdout] 693 |                   b: Quantity<$quantities<$($crate::typenum::Sum<D::$symbol, Da::$symbol>),+>, Ub, V>,
[INFO] [stdout]     |                      ^^^^^^^^^^^^^^^^^^^^^^^^^^^^^^^^^^^^^^^^^^^^^^^^^^^^^^^^^^^^^^^^^^^^^^^^^^^^^^^^ the trait `Integer` is not implemented for `<<D as si::Dimension>::T as std::ops::Add<<Da as si::Dimension>::T>>::Output`
[INFO] [stdout]     | 
[INFO] [stdout]    ::: /opt/rustwide/cargo-home/registry/src/github.com-1ecc6299db9ec823/uom-0.23.1/src/si/mod.rs:10:1
[INFO] [stdout]     |
[INFO] [stdout] 10  | / system! {
[INFO] [stdout] 11  | |     /// [International System of Quantities](http://jcgm.bipm.org/vim/en/1.6.html) (ISQ).
[INFO] [stdout] 12  | |     quantities: ISQ {
[INFO] [stdout] 13  | |         /// Length, one of the base quantities in the ISQ, denoted by the symbol L. The base unit
[INFO] [stdout] ...   |
[INFO] [stdout] 75  | |     }
[INFO] [stdout] 76  | | }
[INFO] [stdout]     | |_- in this macro invocation
[INFO] [stdout]     |
[INFO] [stdout]     = note: this error originates in a macro (in Nightly builds, run with -Z macro-backtrace for more info)
[INFO] [stdout] 
[INFO] [stdout] 
[INFO] [stdout] error[E0277]: the trait bound `<<D as si::Dimension>::I as std::ops::Add<<Da as si::Dimension>::I>>::Output: Integer` is not satisfied
[INFO] [stdout]    --> /opt/rustwide/cargo-home/registry/src/github.com-1ecc6299db9ec823/uom-0.23.1/src/system.rs:693:20
[INFO] [stdout]     |
[INFO] [stdout] 236 |           pub struct Quantity<D, U, V>
[INFO] [stdout]     |                      -------- required by a bound in this
[INFO] [stdout] 237 |           where
[INFO] [stdout] 238 |               D: Dimension + ?Sized,
[INFO] [stdout]     |                  --------- required by this bound in `si::Quantity`
[INFO] [stdout] ...
[INFO] [stdout] 693 |                   b: Quantity<$quantities<$($crate::typenum::Sum<D::$symbol, Da::$symbol>),+>, Ub, V>,
[INFO] [stdout]     |                      ^^^^^^^^^^^^^^^^^^^^^^^^^^^^^^^^^^^^^^^^^^^^^^^^^^^^^^^^^^^^^^^^^^^^^^^^^^^^^^^^ the trait `Integer` is not implemented for `<<D as si::Dimension>::I as std::ops::Add<<Da as si::Dimension>::I>>::Output`
[INFO] [stdout]     | 
[INFO] [stdout]    ::: /opt/rustwide/cargo-home/registry/src/github.com-1ecc6299db9ec823/uom-0.23.1/src/si/mod.rs:10:1
[INFO] [stdout]     |
[INFO] [stdout] 10  | / system! {
[INFO] [stdout] 11  | |     /// [International System of Quantities](http://jcgm.bipm.org/vim/en/1.6.html) (ISQ).
[INFO] [stdout] 12  | |     quantities: ISQ {
[INFO] [stdout] 13  | |         /// Length, one of the base quantities in the ISQ, denoted by the symbol L. The base unit
[INFO] [stdout] ...   |
[INFO] [stdout] 75  | |     }
[INFO] [stdout] 76  | | }
[INFO] [stdout]     | |_- in this macro invocation
[INFO] [stdout]     |
[INFO] [stdout]     = note: this error originates in a macro (in Nightly builds, run with -Z macro-backtrace for more info)
[INFO] [stdout] 
[INFO] [stdout] 
[INFO] [stdout] error[E0277]: the trait bound `<<D as si::Dimension>::Th as std::ops::Add<<Da as si::Dimension>::Th>>::Output: Integer` is not satisfied
[INFO] [stdout]    --> /opt/rustwide/cargo-home/registry/src/github.com-1ecc6299db9ec823/uom-0.23.1/src/system.rs:693:20
[INFO] [stdout]     |
[INFO] [stdout] 236 |           pub struct Quantity<D, U, V>
[INFO] [stdout]     |                      -------- required by a bound in this
[INFO] [stdout] 237 |           where
[INFO] [stdout] 238 |               D: Dimension + ?Sized,
[INFO] [stdout]     |                  --------- required by this bound in `si::Quantity`
[INFO] [stdout] ...
[INFO] [stdout] 693 |                   b: Quantity<$quantities<$($crate::typenum::Sum<D::$symbol, Da::$symbol>),+>, Ub, V>,
[INFO] [stdout]     |                      ^^^^^^^^^^^^^^^^^^^^^^^^^^^^^^^^^^^^^^^^^^^^^^^^^^^^^^^^^^^^^^^^^^^^^^^^^^^^^^^^ the trait `Integer` is not implemented for `<<D as si::Dimension>::Th as std::ops::Add<<Da as si::Dimension>::Th>>::Output`
[INFO] [stdout]     | 
[INFO] [stdout]    ::: /opt/rustwide/cargo-home/registry/src/github.com-1ecc6299db9ec823/uom-0.23.1/src/si/mod.rs:10:1
[INFO] [stdout]     |
[INFO] [stdout] 10  | / system! {
[INFO] [stdout] 11  | |     /// [International System of Quantities](http://jcgm.bipm.org/vim/en/1.6.html) (ISQ).
[INFO] [stdout] 12  | |     quantities: ISQ {
[INFO] [stdout] 13  | |         /// Length, one of the base quantities in the ISQ, denoted by the symbol L. The base unit
[INFO] [stdout] ...   |
[INFO] [stdout] 75  | |     }
[INFO] [stdout] 76  | | }
[INFO] [stdout]     | |_- in this macro invocation
[INFO] [stdout]     |
[INFO] [stdout]     = note: this error originates in a macro (in Nightly builds, run with -Z macro-backtrace for more info)
[INFO] [stdout] 
[INFO] [stdout] 
[INFO] [stdout] error[E0277]: the trait bound `<<D as si::Dimension>::N as std::ops::Add<<Da as si::Dimension>::N>>::Output: Integer` is not satisfied
[INFO] [stdout]    --> /opt/rustwide/cargo-home/registry/src/github.com-1ecc6299db9ec823/uom-0.23.1/src/system.rs:693:20
[INFO] [stdout]     |
[INFO] [stdout] 236 |           pub struct Quantity<D, U, V>
[INFO] [stdout]     |                      -------- required by a bound in this
[INFO] [stdout] 237 |           where
[INFO] [stdout] 238 |               D: Dimension + ?Sized,
[INFO] [stdout]     |                  --------- required by this bound in `si::Quantity`
[INFO] [stdout] ...
[INFO] [stdout] 693 |                   b: Quantity<$quantities<$($crate::typenum::Sum<D::$symbol, Da::$symbol>),+>, Ub, V>,
[INFO] [stdout]     |                      ^^^^^^^^^^^^^^^^^^^^^^^^^^^^^^^^^^^^^^^^^^^^^^^^^^^^^^^^^^^^^^^^^^^^^^^^^^^^^^^^ the trait `Integer` is not implemented for `<<D as si::Dimension>::N as std::ops::Add<<Da as si::Dimension>::N>>::Output`
[INFO] [stdout]     | 
[INFO] [stdout]    ::: /opt/rustwide/cargo-home/registry/src/github.com-1ecc6299db9ec823/uom-0.23.1/src/si/mod.rs:10:1
[INFO] [stdout]     |
[INFO] [stdout] 10  | / system! {
[INFO] [stdout] 11  | |     /// [International System of Quantities](http://jcgm.bipm.org/vim/en/1.6.html) (ISQ).
[INFO] [stdout] 12  | |     quantities: ISQ {
[INFO] [stdout] 13  | |         /// Length, one of the base quantities in the ISQ, denoted by the symbol L. The base unit
[INFO] [stdout] ...   |
[INFO] [stdout] 75  | |     }
[INFO] [stdout] 76  | | }
[INFO] [stdout]     | |_- in this macro invocation
[INFO] [stdout]     |
[INFO] [stdout]     = note: this error originates in a macro (in Nightly builds, run with -Z macro-backtrace for more info)
[INFO] [stdout] 
[INFO] [stdout] 
[INFO] [stdout] error[E0277]: the trait bound `<<D as si::Dimension>::J as std::ops::Add<<Da as si::Dimension>::J>>::Output: Integer` is not satisfied
[INFO] [stdout]    --> /opt/rustwide/cargo-home/registry/src/github.com-1ecc6299db9ec823/uom-0.23.1/src/system.rs:693:20
[INFO] [stdout]     |
[INFO] [stdout] 236 |           pub struct Quantity<D, U, V>
[INFO] [stdout]     |                      -------- required by a bound in this
[INFO] [stdout] 237 |           where
[INFO] [stdout] 238 |               D: Dimension + ?Sized,
[INFO] [stdout]     |                  --------- required by this bound in `si::Quantity`
[INFO] [stdout] ...
[INFO] [stdout] 693 |                   b: Quantity<$quantities<$($crate::typenum::Sum<D::$symbol, Da::$symbol>),+>, Ub, V>,
[INFO] [stdout]     |                      ^^^^^^^^^^^^^^^^^^^^^^^^^^^^^^^^^^^^^^^^^^^^^^^^^^^^^^^^^^^^^^^^^^^^^^^^^^^^^^^^ the trait `Integer` is not implemented for `<<D as si::Dimension>::J as std::ops::Add<<Da as si::Dimension>::J>>::Output`
[INFO] [stdout]     | 
[INFO] [stdout]    ::: /opt/rustwide/cargo-home/registry/src/github.com-1ecc6299db9ec823/uom-0.23.1/src/si/mod.rs:10:1
[INFO] [stdout]     |
[INFO] [stdout] 10  | / system! {
[INFO] [stdout] 11  | |     /// [International System of Quantities](http://jcgm.bipm.org/vim/en/1.6.html) (ISQ).
[INFO] [stdout] 12  | |     quantities: ISQ {
[INFO] [stdout] 13  | |         /// Length, one of the base quantities in the ISQ, denoted by the symbol L. The base unit
[INFO] [stdout] ...   |
[INFO] [stdout] 75  | |     }
[INFO] [stdout] 76  | | }
[INFO] [stdout]     | |_- in this macro invocation
[INFO] [stdout]     |
[INFO] [stdout]     = note: this error originates in a macro (in Nightly builds, run with -Z macro-backtrace for more info)
[INFO] [stdout] 
[INFO] [stdout] 
[INFO] [stdout] error[E0277]: the trait bound `<<D as si::Dimension>::L as typenum::PartialDiv<PInt<UInt<UInt<UTerm, B1>, B0>>>>::Output: Integer` is not satisfied
[INFO] [stdout]    --> /opt/rustwide/cargo-home/registry/src/github.com-1ecc6299db9ec823/uom-0.23.1/src/system.rs:784:18
[INFO] [stdout]     |
[INFO] [stdout] 236 |           pub struct Quantity<D, U, V>
[INFO] [stdout]     |                      -------- required by a bound in this
[INFO] [stdout] 237 |           where
[INFO] [stdout] 238 |               D: Dimension + ?Sized,
[INFO] [stdout]     |                  --------- required by this bound in `si::Quantity`
[INFO] [stdout] ...
[INFO] [stdout] 784 |               ) -> Quantity<
[INFO] [stdout]     |  __________________^
[INFO] [stdout] 785 | |                 $quantities<$($crate::typenum::PartialQuot<D::$symbol, $crate::typenum::P2>),+>,
[INFO] [stdout] 786 | |                 U, V>
[INFO] [stdout]     | |_____________________^ the trait `Integer` is not implemented for `<<D as si::Dimension>::L as typenum::PartialDiv<PInt<UInt<UInt<UTerm, B1>, B0>>>>::Output`
[INFO] [stdout]     | 
[INFO] [stdout]    ::: /opt/rustwide/cargo-home/registry/src/github.com-1ecc6299db9ec823/uom-0.23.1/src/si/mod.rs:10:1
[INFO] [stdout]     |
[INFO] [stdout] 10  | / system! {
[INFO] [stdout] 11  | |     /// [International System of Quantities](http://jcgm.bipm.org/vim/en/1.6.html) (ISQ).
[INFO] [stdout] 12  | |     quantities: ISQ {
[INFO] [stdout] 13  | |         /// Length, one of the base quantities in the ISQ, denoted by the symbol L. The base unit
[INFO] [stdout] ...   |
[INFO] [stdout] 75  | |     }
[INFO] [stdout] 76  | | }
[INFO] [stdout]     | |_- in this macro invocation
[INFO] [stdout]     |
[INFO] [stdout]     = note: this error originates in a macro (in Nightly builds, run with -Z macro-backtrace for more info)
[INFO] [stdout] 
[INFO] [stdout] 
[INFO] [stdout] error[E0277]: the trait bound `<<D as si::Dimension>::M as typenum::PartialDiv<PInt<UInt<UInt<UTerm, B1>, B0>>>>::Output: Integer` is not satisfied
[INFO] [stdout]    --> /opt/rustwide/cargo-home/registry/src/github.com-1ecc6299db9ec823/uom-0.23.1/src/system.rs:784:18
[INFO] [stdout]     |
[INFO] [stdout] 236 |           pub struct Quantity<D, U, V>
[INFO] [stdout]     |                      -------- required by a bound in this
[INFO] [stdout] 237 |           where
[INFO] [stdout] 238 |               D: Dimension + ?Sized,
[INFO] [stdout]     |                  --------- required by this bound in `si::Quantity`
[INFO] [stdout] ...
[INFO] [stdout] 784 |               ) -> Quantity<
[INFO] [stdout]     |  __________________^
[INFO] [stdout] 785 | |                 $quantities<$($crate::typenum::PartialQuot<D::$symbol, $crate::typenum::P2>),+>,
[INFO] [stdout] 786 | |                 U, V>
[INFO] [stdout]     | |_____________________^ the trait `Integer` is not implemented for `<<D as si::Dimension>::M as typenum::PartialDiv<PInt<UInt<UInt<UTerm, B1>, B0>>>>::Output`
[INFO] [stdout]     | 
[INFO] [stdout]    ::: /opt/rustwide/cargo-home/registry/src/github.com-1ecc6299db9ec823/uom-0.23.1/src/si/mod.rs:10:1
[INFO] [stdout]     |
[INFO] [stdout] 10  | / system! {
[INFO] [stdout] 11  | |     /// [International System of Quantities](http://jcgm.bipm.org/vim/en/1.6.html) (ISQ).
[INFO] [stdout] 12  | |     quantities: ISQ {
[INFO] [stdout] 13  | |         /// Length, one of the base quantities in the ISQ, denoted by the symbol L. The base unit
[INFO] [stdout] ...   |
[INFO] [stdout] 75  | |     }
[INFO] [stdout] 76  | | }
[INFO] [stdout]     | |_- in this macro invocation
[INFO] [stdout]     |
[INFO] [stdout]     = note: this error originates in a macro (in Nightly builds, run with -Z macro-backtrace for more info)
[INFO] [stdout] 
[INFO] [stdout] 
[INFO] [stdout] error[E0277]: the trait bound `<<D as si::Dimension>::T as typenum::PartialDiv<PInt<UInt<UInt<UTerm, B1>, B0>>>>::Output: Integer` is not satisfied
[INFO] [stdout]    --> /opt/rustwide/cargo-home/registry/src/github.com-1ecc6299db9ec823/uom-0.23.1/src/system.rs:784:18
[INFO] [stdout]     |
[INFO] [stdout] 236 |           pub struct Quantity<D, U, V>
[INFO] [stdout]     |                      -------- required by a bound in this
[INFO] [stdout] 237 |           where
[INFO] [stdout] 238 |               D: Dimension + ?Sized,
[INFO] [stdout]     |                  --------- required by this bound in `si::Quantity`
[INFO] [stdout] ...
[INFO] [stdout] 784 |               ) -> Quantity<
[INFO] [stdout]     |  __________________^
[INFO] [stdout] 785 | |                 $quantities<$($crate::typenum::PartialQuot<D::$symbol, $crate::typenum::P2>),+>,
[INFO] [stdout] 786 | |                 U, V>
[INFO] [stdout]     | |_____________________^ the trait `Integer` is not implemented for `<<D as si::Dimension>::T as typenum::PartialDiv<PInt<UInt<UInt<UTerm, B1>, B0>>>>::Output`
[INFO] [stdout]     | 
[INFO] [stdout]    ::: /opt/rustwide/cargo-home/registry/src/github.com-1ecc6299db9ec823/uom-0.23.1/src/si/mod.rs:10:1
[INFO] [stdout]     |
[INFO] [stdout] 10  | / system! {
[INFO] [stdout] 11  | |     /// [International System of Quantities](http://jcgm.bipm.org/vim/en/1.6.html) (ISQ).
[INFO] [stdout] 12  | |     quantities: ISQ {
[INFO] [stdout] 13  | |         /// Length, one of the base quantities in the ISQ, denoted by the symbol L. The base unit
[INFO] [stdout] ...   |
[INFO] [stdout] 75  | |     }
[INFO] [stdout] 76  | | }
[INFO] [stdout]     | |_- in this macro invocation
[INFO] [stdout]     |
[INFO] [stdout]     = note: this error originates in a macro (in Nightly builds, run with -Z macro-backtrace for more info)
[INFO] [stdout] 
[INFO] [stdout] 
[INFO] [stdout] error[E0277]: the trait bound `<<D as si::Dimension>::I as typenum::PartialDiv<PInt<UInt<UInt<UTerm, B1>, B0>>>>::Output: Integer` is not satisfied
[INFO] [stdout]    --> /opt/rustwide/cargo-home/registry/src/github.com-1ecc6299db9ec823/uom-0.23.1/src/system.rs:784:18
[INFO] [stdout]     |
[INFO] [stdout] 236 |           pub struct Quantity<D, U, V>
[INFO] [stdout]     |                      -------- required by a bound in this
[INFO] [stdout] 237 |           where
[INFO] [stdout] 238 |               D: Dimension + ?Sized,
[INFO] [stdout]     |                  --------- required by this bound in `si::Quantity`
[INFO] [stdout] ...
[INFO] [stdout] 784 |               ) -> Quantity<
[INFO] [stdout]     |  __________________^
[INFO] [stdout] 785 | |                 $quantities<$($crate::typenum::PartialQuot<D::$symbol, $crate::typenum::P2>),+>,
[INFO] [stdout] 786 | |                 U, V>
[INFO] [stdout]     | |_____________________^ the trait `Integer` is not implemented for `<<D as si::Dimension>::I as typenum::PartialDiv<PInt<UInt<UInt<UTerm, B1>, B0>>>>::Output`
[INFO] [stdout]     | 
[INFO] [stdout]    ::: /opt/rustwide/cargo-home/registry/src/github.com-1ecc6299db9ec823/uom-0.23.1/src/si/mod.rs:10:1
[INFO] [stdout]     |
[INFO] [stdout] 10  | / system! {
[INFO] [stdout] 11  | |     /// [International System of Quantities](http://jcgm.bipm.org/vim/en/1.6.html) (ISQ).
[INFO] [stdout] 12  | |     quantities: ISQ {
[INFO] [stdout] 13  | |         /// Length, one of the base quantities in the ISQ, denoted by the symbol L. The base unit
[INFO] [stdout] ...   |
[INFO] [stdout] 75  | |     }
[INFO] [stdout] 76  | | }
[INFO] [stdout]     | |_- in this macro invocation
[INFO] [stdout]     |
[INFO] [stdout]     = note: this error originates in a macro (in Nightly builds, run with -Z macro-backtrace for more info)
[INFO] [stdout] 
[INFO] [stdout] 
[INFO] [stdout] error[E0277]: the trait bound `<<D as si::Dimension>::Th as typenum::PartialDiv<PInt<UInt<UInt<UTerm, B1>, B0>>>>::Output: Integer` is not satisfied
[INFO] [stdout]    --> /opt/rustwide/cargo-home/registry/src/github.com-1ecc6299db9ec823/uom-0.23.1/src/system.rs:784:18
[INFO] [stdout]     |
[INFO] [stdout] 236 |           pub struct Quantity<D, U, V>
[INFO] [stdout]     |                      -------- required by a bound in this
[INFO] [stdout] 237 |           where
[INFO] [stdout] 238 |               D: Dimension + ?Sized,
[INFO] [stdout]     |                  --------- required by this bound in `si::Quantity`
[INFO] [stdout] ...
[INFO] [stdout] 784 |               ) -> Quantity<
[INFO] [stdout]     |  __________________^
[INFO] [stdout] 785 | |                 $quantities<$($crate::typenum::PartialQuot<D::$symbol, $crate::typenum::P2>),+>,
[INFO] [stdout] 786 | |                 U, V>
[INFO] [stdout]     | |_____________________^ the trait `Integer` is not implemented for `<<D as si::Dimension>::Th as typenum::PartialDiv<PInt<UInt<UInt<UTerm, B1>, B0>>>>::Output`
[INFO] [stdout]     | 
[INFO] [stdout]    ::: /opt/rustwide/cargo-home/registry/src/github.com-1ecc6299db9ec823/uom-0.23.1/src/si/mod.rs:10:1
[INFO] [stdout]     |
[INFO] [stdout] 10  | / system! {
[INFO] [stdout] 11  | |     /// [International System of Quantities](http://jcgm.bipm.org/vim/en/1.6.html) (ISQ).
[INFO] [stdout] 12  | |     quantities: ISQ {
[INFO] [stdout] 13  | |         /// Length, one of the base quantities in the ISQ, denoted by the symbol L. The base unit
[INFO] [stdout] ...   |
[INFO] [stdout] 75  | |     }
[INFO] [stdout] 76  | | }
[INFO] [stdout]     | |_- in this macro invocation
[INFO] [stdout]     |
[INFO] [stdout]     = note: this error originates in a macro (in Nightly builds, run with -Z macro-backtrace for more info)
[INFO] [stdout] 
[INFO] [stdout] 
[INFO] [stdout] error[E0277]: the trait bound `<<D as si::Dimension>::N as typenum::PartialDiv<PInt<UInt<UInt<UTerm, B1>, B0>>>>::Output: Integer` is not satisfied
[INFO] [stdout]    --> /opt/rustwide/cargo-home/registry/src/github.com-1ecc6299db9ec823/uom-0.23.1/src/system.rs:784:18
[INFO] [stdout]     |
[INFO] [stdout] 236 |           pub struct Quantity<D, U, V>
[INFO] [stdout]     |                      -------- required by a bound in this
[INFO] [stdout] 237 |           where
[INFO] [stdout] 238 |               D: Dimension + ?Sized,
[INFO] [stdout]     |                  --------- required by this bound in `si::Quantity`
[INFO] [stdout] ...
[INFO] [stdout] 784 |               ) -> Quantity<
[INFO] [stdout]     |  __________________^
[INFO] [stdout] 785 | |                 $quantities<$($crate::typenum::PartialQuot<D::$symbol, $crate::typenum::P2>),+>,
[INFO] [stdout] 786 | |                 U, V>
[INFO] [stdout]     | |_____________________^ the trait `Integer` is not implemented for `<<D as si::Dimension>::N as typenum::PartialDiv<PInt<UInt<UInt<UTerm, B1>, B0>>>>::Output`
[INFO] [stdout]     | 
[INFO] [stdout]    ::: /opt/rustwide/cargo-home/registry/src/github.com-1ecc6299db9ec823/uom-0.23.1/src/si/mod.rs:10:1
[INFO] [stdout]     |
[INFO] [stdout] 10  | / system! {
[INFO] [stdout] 11  | |     /// [International System of Quantities](http://jcgm.bipm.org/vim/en/1.6.html) (ISQ).
[INFO] [stdout] 12  | |     quantities: ISQ {
[INFO] [stdout] 13  | |         /// Length, one of the base quantities in the ISQ, denoted by the symbol L. The base unit
[INFO] [stdout] ...   |
[INFO] [stdout] 75  | |     }
[INFO] [stdout] 76  | | }
[INFO] [stdout]     | |_- in this macro invocation
[INFO] [stdout]     |
[INFO] [stdout]     = note: this error originates in a macro (in Nightly builds, run with -Z macro-backtrace for more info)
[INFO] [stdout] 
[INFO] [stdout] 
[INFO] [stdout] error[E0277]: the trait bound `<<D as si::Dimension>::J as typenum::PartialDiv<PInt<UInt<UInt<UTerm, B1>, B0>>>>::Output: Integer` is not satisfied
[INFO] [stdout]    --> /opt/rustwide/cargo-home/registry/src/github.com-1ecc6299db9ec823/uom-0.23.1/src/system.rs:784:18
[INFO] [stdout]     |
[INFO] [stdout] 236 |           pub struct Quantity<D, U, V>
[INFO] [stdout]     |                      -------- required by a bound in this
[INFO] [stdout] 237 |           where
[INFO] [stdout] 238 |               D: Dimension + ?Sized,
[INFO] [stdout]     |                  --------- required by this bound in `si::Quantity`
[INFO] [stdout] ...
[INFO] [stdout] 784 |               ) -> Quantity<
[INFO] [stdout]     |  __________________^
[INFO] [stdout] 785 | |                 $quantities<$($crate::typenum::PartialQuot<D::$symbol, $crate::typenum::P2>),+>,
[INFO] [stdout] 786 | |                 U, V>
[INFO] [stdout]     | |_____________________^ the trait `Integer` is not implemented for `<<D as si::Dimension>::J as typenum::PartialDiv<PInt<UInt<UInt<UTerm, B1>, B0>>>>::Output`
[INFO] [stdout]     | 
[INFO] [stdout]    ::: /opt/rustwide/cargo-home/registry/src/github.com-1ecc6299db9ec823/uom-0.23.1/src/si/mod.rs:10:1
[INFO] [stdout]     |
[INFO] [stdout] 10  | / system! {
[INFO] [stdout] 11  | |     /// [International System of Quantities](http://jcgm.bipm.org/vim/en/1.6.html) (ISQ).
[INFO] [stdout] 12  | |     quantities: ISQ {
[INFO] [stdout] 13  | |         /// Length, one of the base quantities in the ISQ, denoted by the symbol L. The base unit
[INFO] [stdout] ...   |
[INFO] [stdout] 75  | |     }
[INFO] [stdout] 76  | | }
[INFO] [stdout]     | |_- in this macro invocation
[INFO] [stdout]     |
[INFO] [stdout]     = note: this error originates in a macro (in Nightly builds, run with -Z macro-backtrace for more info)
[INFO] [stdout] 
[INFO] [stdout] 
[INFO] [stdout] error[E0277]: the trait bound `L: Integer` is not satisfied
[INFO] [stdout]    --> /opt/rustwide/cargo-home/registry/src/github.com-1ecc6299db9ec823/uom-0.23.1/src/si/mod.rs:144:26
[INFO] [stdout]     |
[INFO] [stdout] 144 |                       val: Quantity<
[INFO] [stdout]     |  __________________________^
[INFO] [stdout] 145 | |                         Dimension<L = L, M = M, T = T, I = I, Th = Th, N = N, J = J, Kind = $a>,
[INFO] [stdout] 146 | |                         Ur,
[INFO] [stdout] 147 | |                         V,
[INFO] [stdout] 148 | |                     >,
[INFO] [stdout]     | |_____________________^ the trait `Integer` is not implemented for `L`
[INFO] [stdout] ...
[INFO] [stdout] 212 |       impl_from!(AngleKind, Kind);
[INFO] [stdout]     |       ---------------------------- in this macro invocation
[INFO] [stdout]     | 
[INFO] [stdout]    ::: /opt/rustwide/cargo-home/registry/src/github.com-1ecc6299db9ec823/uom-0.23.1/src/system.rs:236:20
[INFO] [stdout]     |
[INFO] [stdout] 236 |           pub struct Quantity<D, U, V>
[INFO] [stdout]     |                      -------- required by a bound in this
[INFO] [stdout] 237 |           where
[INFO] [stdout] 238 |               D: Dimension + ?Sized,
[INFO] [stdout]     |                  --------- required by this bound in `si::Quantity`
[INFO] [stdout]     |
[INFO] [stdout]     = note: this error originates in a macro (in Nightly builds, run with -Z macro-backtrace for more info)
[INFO] [stdout] help: consider further restricting type parameter `L`
[INFO] [stdout]     |
[INFO] [stdout] 141 |                 V: ::num_traits::Num + ::Conversion<V>, L: typenum::Integer
[INFO] [stdout]     |                                                       ^^^^^^^^^^^^^^^^^^^^^
[INFO] [stdout] 
[INFO] [stdout] 
[INFO] [stdout] error[E0277]: the trait bound `M: Integer` is not satisfied
[INFO] [stdout]    --> /opt/rustwide/cargo-home/registry/src/github.com-1ecc6299db9ec823/uom-0.23.1/src/si/mod.rs:144:26
[INFO] [stdout]     |
[INFO] [stdout] 144 |                       val: Quantity<
[INFO] [stdout]     |  __________________________^
[INFO] [stdout] 145 | |                         Dimension<L = L, M = M, T = T, I = I, Th = Th, N = N, J = J, Kind = $a>,
[INFO] [stdout] 146 | |                         Ur,
[INFO] [stdout] 147 | |                         V,
[INFO] [stdout] 148 | |                     >,
[INFO] [stdout]     | |_____________________^ the trait `Integer` is not implemented for `M`
[INFO] [stdout] ...
[INFO] [stdout] 212 |       impl_from!(AngleKind, Kind);
[INFO] [stdout]     |       ---------------------------- in this macro invocation
[INFO] [stdout]     | 
[INFO] [stdout]    ::: /opt/rustwide/cargo-home/registry/src/github.com-1ecc6299db9ec823/uom-0.23.1/src/system.rs:236:20
[INFO] [stdout]     |
[INFO] [stdout] 236 |           pub struct Quantity<D, U, V>
[INFO] [stdout]     |                      -------- required by a bound in this
[INFO] [stdout] 237 |           where
[INFO] [stdout] 238 |               D: Dimension + ?Sized,
[INFO] [stdout]     |                  --------- required by this bound in `si::Quantity`
[INFO] [stdout]     |
[INFO] [stdout]     = note: this error originates in a macro (in Nightly builds, run with -Z macro-backtrace for more info)
[INFO] [stdout] help: consider further restricting type parameter `M`
[INFO] [stdout]     |
[INFO] [stdout] 141 |                 V: ::num_traits::Num + ::Conversion<V>, M: typenum::Integer
[INFO] [stdout]     |                                                       ^^^^^^^^^^^^^^^^^^^^^
[INFO] [stdout] 
[INFO] [stdout] 
[INFO] [stdout] error[E0277]: the trait bound `T: Integer` is not satisfied
[INFO] [stdout]    --> /opt/rustwide/cargo-home/registry/src/github.com-1ecc6299db9ec823/uom-0.23.1/src/si/mod.rs:144:26
[INFO] [stdout]     |
[INFO] [stdout] 144 |                       val: Quantity<
[INFO] [stdout]     |  __________________________^
[INFO] [stdout] 145 | |                         Dimension<L = L, M = M, T = T, I = I, Th = Th, N = N, J = J, Kind = $a>,
[INFO] [stdout] 146 | |                         Ur,
[INFO] [stdout] 147 | |                         V,
[INFO] [stdout] 148 | |                     >,
[INFO] [stdout]     | |_____________________^ the trait `Integer` is not implemented for `T`
[INFO] [stdout] ...
[INFO] [stdout] 212 |       impl_from!(AngleKind, Kind);
[INFO] [stdout]     |       ---------------------------- in this macro invocation
[INFO] [stdout]     | 
[INFO] [stdout]    ::: /opt/rustwide/cargo-home/registry/src/github.com-1ecc6299db9ec823/uom-0.23.1/src/system.rs:236:20
[INFO] [stdout]     |
[INFO] [stdout] 236 |           pub struct Quantity<D, U, V>
[INFO] [stdout]     |                      -------- required by a bound in this
[INFO] [stdout] 237 |           where
[INFO] [stdout] 238 |               D: Dimension + ?Sized,
[INFO] [stdout]     |                  --------- required by this bound in `si::Quantity`
[INFO] [stdout]     |
[INFO] [stdout]     = note: this error originates in a macro (in Nightly builds, run with -Z macro-backtrace for more info)
[INFO] [stdout] help: consider further restricting type parameter `T`
[INFO] [stdout]     |
[INFO] [stdout] 141 |                 V: ::num_traits::Num + ::Conversion<V>, T: typenum::Integer
[INFO] [stdout]     |                                                       ^^^^^^^^^^^^^^^^^^^^^
[INFO] [stdout] 
[INFO] [stdout] 
[INFO] [stdout] error[E0277]: the trait bound `I: Integer` is not satisfied
[INFO] [stdout]    --> /opt/rustwide/cargo-home/registry/src/github.com-1ecc6299db9ec823/uom-0.23.1/src/si/mod.rs:144:26
[INFO] [stdout]     |
[INFO] [stdout] 144 |                       val: Quantity<
[INFO] [stdout]     |  __________________________^
[INFO] [stdout] 145 | |                         Dimension<L = L, M = M, T = T, I = I, Th = Th, N = N, J = J, Kind = $a>,
[INFO] [stdout] 146 | |                         Ur,
[INFO] [stdout] 147 | |                         V,
[INFO] [stdout] 148 | |                     >,
[INFO] [stdout]     | |_____________________^ the trait `Integer` is not implemented for `I`
[INFO] [stdout] ...
[INFO] [stdout] 212 |       impl_from!(AngleKind, Kind);
[INFO] [stdout]     |       ---------------------------- in this macro invocation
[INFO] [stdout]     | 
[INFO] [stdout]    ::: /opt/rustwide/cargo-home/registry/src/github.com-1ecc6299db9ec823/uom-0.23.1/src/system.rs:236:20
[INFO] [stdout]     |
[INFO] [stdout] 236 |           pub struct Quantity<D, U, V>
[INFO] [stdout]     |                      -------- required by a bound in this
[INFO] [stdout] 237 |           where
[INFO] [stdout] 238 |               D: Dimension + ?Sized,
[INFO] [stdout]     |                  --------- required by this bound in `si::Quantity`
[INFO] [stdout]     |
[INFO] [stdout]     = note: this error originates in a macro (in Nightly builds, run with -Z macro-backtrace for more info)
[INFO] [stdout] help: consider further restricting type parameter `I`
[INFO] [stdout]     |
[INFO] [stdout] 141 |                 V: ::num_traits::Num + ::Conversion<V>, I: typenum::Integer
[INFO] [stdout]     |                                                       ^^^^^^^^^^^^^^^^^^^^^
[INFO] [stdout] 
[INFO] [stdout] 
[INFO] [stdout] error[E0277]: the trait bound `Th: Integer` is not satisfied
[INFO] [stdout]    --> /opt/rustwide/cargo-home/registry/src/github.com-1ecc6299db9ec823/uom-0.23.1/src/si/mod.rs:144:26
[INFO] [stdout]     |
[INFO] [stdout] 144 |                       val: Quantity<
[INFO] [stdout]     |  __________________________^
[INFO] [stdout] 145 | |                         Dimension<L = L, M = M, T = T, I = I, Th = Th, N = N, J = J, Kind = $a>,
[INFO] [stdout] 146 | |                         Ur,
[INFO] [stdout] 147 | |                         V,
[INFO] [stdout] 148 | |                     >,
[INFO] [stdout]     | |_____________________^ the trait `Integer` is not implemented for `Th`
[INFO] [stdout] ...
[INFO] [stdout] 212 |       impl_from!(AngleKind, Kind);
[INFO] [stdout]     |       ---------------------------- in this macro invocation
[INFO] [stdout]     | 
[INFO] [stdout]    ::: /opt/rustwide/cargo-home/registry/src/github.com-1ecc6299db9ec823/uom-0.23.1/src/system.rs:236:20
[INFO] [stdout]     |
[INFO] [stdout] 236 |           pub struct Quantity<D, U, V>
[INFO] [stdout]     |                      -------- required by a bound in this
[INFO] [stdout] 237 |           where
[INFO] [stdout] 238 |               D: Dimension + ?Sized,
[INFO] [stdout]     |                  --------- required by this bound in `si::Quantity`
[INFO] [stdout]     |
[INFO] [stdout]     = note: this error originates in a macro (in Nightly builds, run with -Z macro-backtrace for more info)
[INFO] [stdout] help: consider further restricting type parameter `Th`
[INFO] [stdout]     |
[INFO] [stdout] 141 |                 V: ::num_traits::Num + ::Conversion<V>, Th: typenum::Integer
[INFO] [stdout]     |                                                       ^^^^^^^^^^^^^^^^^^^^^^
[INFO] [stdout] 
[INFO] [stdout] 
[INFO] [stdout] error[E0277]: the trait bound `N: Integer` is not satisfied
[INFO] [stdout]    --> /opt/rustwide/cargo-home/registry/src/github.com-1ecc6299db9ec823/uom-0.23.1/src/si/mod.rs:144:26
[INFO] [stdout]     |
[INFO] [stdout] 144 |                       val: Quantity<
[INFO] [stdout]     |  __________________________^
[INFO] [stdout] 145 | |                         Dimension<L = L, M = M, T = T, I = I, Th = Th, N = N, J = J, Kind = $a>,
[INFO] [stdout] 146 | |                         Ur,
[INFO] [stdout] 147 | |                         V,
[INFO] [stdout] 148 | |                     >,
[INFO] [stdout]     | |_____________________^ the trait `Integer` is not implemented for `N`
[INFO] [stdout] ...
[INFO] [stdout] 212 |       impl_from!(AngleKind, Kind);
[INFO] [stdout]     |       ---------------------------- in this macro invocation
[INFO] [stdout]     | 
[INFO] [stdout]    ::: /opt/rustwide/cargo-home/registry/src/github.com-1ecc6299db9ec823/uom-0.23.1/src/system.rs:236:20
[INFO] [stdout]     |
[INFO] [stdout] 236 |           pub struct Quantity<D, U, V>
[INFO] [stdout]     |                      -------- required by a bound in this
[INFO] [stdout] 237 |           where
[INFO] [stdout] 238 |               D: Dimension + ?Sized,
[INFO] [stdout]     |                  --------- required by this bound in `si::Quantity`
[INFO] [stdout]     |
[INFO] [stdout]     = note: this error originates in a macro (in Nightly builds, run with -Z macro-backtrace for more info)
[INFO] [stdout] help: consider further restricting type parameter `N`
[INFO] [stdout]     |
[INFO] [stdout] 141 |                 V: ::num_traits::Num + ::Conversion<V>, N: typenum::Integer
[INFO] [stdout]     |                                                       ^^^^^^^^^^^^^^^^^^^^^
[INFO] [stdout] 
[INFO] [stdout] 
[INFO] [stdout] error[E0277]: the trait bound `J: Integer` is not satisfied
[INFO] [stdout]    --> /opt/rustwide/cargo-home/registry/src/github.com-1ecc6299db9ec823/uom-0.23.1/src/si/mod.rs:144:26
[INFO] [stdout]     |
[INFO] [stdout] 144 |                       val: Quantity<
[INFO] [stdout]     |  __________________________^
[INFO] [stdout] 145 | |                         Dimension<L = L, M = M, T = T, I = I, Th = Th, N = N, J = J, Kind = $a>,
[INFO] [stdout] 146 | |                         Ur,
[INFO] [stdout] 147 | |                         V,
[INFO] [stdout] 148 | |                     >,
[INFO] [stdout]     | |_____________________^ the trait `Integer` is not implemented for `J`
[INFO] [stdout] ...
[INFO] [stdout] 212 |       impl_from!(AngleKind, Kind);
[INFO] [stdout]     |       ---------------------------- in this macro invocation
[INFO] [stdout]     | 
[INFO] [stdout]    ::: /opt/rustwide/cargo-home/registry/src/github.com-1ecc6299db9ec823/uom-0.23.1/src/system.rs:236:20
[INFO] [stdout]     |
[INFO] [stdout] 236 |           pub struct Quantity<D, U, V>
[INFO] [stdout]     |                      -------- required by a bound in this
[INFO] [stdout] 237 |           where
[INFO] [stdout] 238 |               D: Dimension + ?Sized,
[INFO] [stdout]     |                  --------- required by this bound in `si::Quantity`
[INFO] [stdout]     |
[INFO] [stdout]     = note: this error originates in a macro (in Nightly builds, run with -Z macro-backtrace for more info)
[INFO] [stdout] help: consider further restricting type parameter `J`
[INFO] [stdout]     |
[INFO] [stdout] 141 |                 V: ::num_traits::Num + ::Conversion<V>, J: typenum::Integer
[INFO] [stdout]     |                                                       ^^^^^^^^^^^^^^^^^^^^^
[INFO] [stdout] 
[INFO] [stdout] 
[INFO] [stdout] error[E0277]: the trait bound `L: Integer` is not satisfied
[INFO] [stdout]    --> /opt/rustwide/cargo-home/registry/src/github.com-1ecc6299db9ec823/uom-0.23.1/src/si/mod.rs:144:26
[INFO] [stdout]     |
[INFO] [stdout] 144 |                       val: Quantity<
[INFO] [stdout]     |  __________________________^
[INFO] [stdout] 145 | |                         Dimension<L = L, M = M, T = T, I = I, Th = Th, N = N, J = J, Kind = $a>,
[INFO] [stdout] 146 | |                         Ur,
[INFO] [stdout] 147 | |                         V,
[INFO] [stdout] 148 | |                     >,
[INFO] [stdout]     | |_____________________^ the trait `Integer` is not implemented for `L`
[INFO] [stdout] ...
[INFO] [stdout] 213 |       impl_from!(Kind, AngleKind);
[INFO] [stdout]     |       ---------------------------- in this macro invocation
[INFO] [stdout]     | 
[INFO] [stdout]    ::: /opt/rustwide/cargo-home/registry/src/github.com-1ecc6299db9ec823/uom-0.23.1/src/system.rs:236:20
[INFO] [stdout]     |
[INFO] [stdout] 236 |           pub struct Quantity<D, U, V>
[INFO] [stdout]     |                      -------- required by a bound in this
[INFO] [stdout] 237 |           where
[INFO] [stdout] 238 |               D: Dimension + ?Sized,
[INFO] [stdout]     |                  --------- required by this bound in `si::Quantity`
[INFO] [stdout]     |
[INFO] [stdout]     = note: this error originates in a macro (in Nightly builds, run with -Z macro-backtrace for more info)
[INFO] [stdout] help: consider further restricting type parameter `L`
[INFO] [stdout]     |
[INFO] [stdout] 141 |                 V: ::num_traits::Num + ::Conversion<V>, L: typenum::Integer
[INFO] [stdout]     |                                                       ^^^^^^^^^^^^^^^^^^^^^
[INFO] [stdout] 
[INFO] [stdout] 
[INFO] [stdout] error[E0277]: the trait bound `M: Integer` is not satisfied
[INFO] [stdout]    --> /opt/rustwide/cargo-home/registry/src/github.com-1ecc6299db9ec823/uom-0.23.1/src/si/mod.rs:144:26
[INFO] [stdout]     |
[INFO] [stdout] 144 |                       val: Quantity<
[INFO] [stdout]     |  __________________________^
[INFO] [stdout] 145 | |                         Dimension<L = L, M = M, T = T, I = I, Th = Th, N = N, J = J, Kind = $a>,
[INFO] [stdout] 146 | |                         Ur,
[INFO] [stdout] 147 | |                         V,
[INFO] [stdout] 148 | |                     >,
[INFO] [stdout]     | |_____________________^ the trait `Integer` is not implemented for `M`
[INFO] [stdout] ...
[INFO] [stdout] 213 |       impl_from!(Kind, AngleKind);
[INFO] [stdout]     |       ---------------------------- in this macro invocation
[INFO] [stdout]     | 
[INFO] [stdout]    ::: /opt/rustwide/cargo-home/registry/src/github.com-1ecc6299db9ec823/uom-0.23.1/src/system.rs:236:20
[INFO] [stdout]     |
[INFO] [stdout] 236 |           pub struct Quantity<D, U, V>
[INFO] [stdout]     |                      -------- required by a bound in this
[INFO] [stdout] 237 |           where
[INFO] [stdout] 238 |               D: Dimension + ?Sized,
[INFO] [stdout]     |                  --------- required by this bound in `si::Quantity`
[INFO] [stdout]     |
[INFO] [stdout]     = note: this error originates in a macro (in Nightly builds, run with -Z macro-backtrace for more info)
[INFO] [stdout] help: consider further restricting type parameter `M`
[INFO] [stdout]     |
[INFO] [stdout] 141 |                 V: ::num_traits::Num + ::Conversion<V>, M: typenum::Integer
[INFO] [stdout]     |                                                       ^^^^^^^^^^^^^^^^^^^^^
[INFO] [stdout] 
[INFO] [stdout] 
[INFO] [stdout] error[E0277]: the trait bound `T: Integer` is not satisfied
[INFO] [stdout]    --> /opt/rustwide/cargo-home/registry/src/github.com-1ecc6299db9ec823/uom-0.23.1/src/si/mod.rs:144:26
[INFO] [stdout]     |
[INFO] [stdout] 144 |                       val: Quantity<
[INFO] [stdout]     |  __________________________^
[INFO] [stdout] 145 | |                         Dimension<L = L, M = M, T = T, I = I, Th = Th, N = N, J = J, Kind = $a>,
[INFO] [stdout] 146 | |                         Ur,
[INFO] [stdout] 147 | |                         V,
[INFO] [stdout] 148 | |                     >,
[INFO] [stdout]     | |_____________________^ the trait `Integer` is not implemented for `T`
[INFO] [stdout] ...
[INFO] [stdout] 213 |       impl_from!(Kind, AngleKind);
[INFO] [stdout]     |       ---------------------------- in this macro invocation
[INFO] [stdout]     | 
[INFO] [stdout]    ::: /opt/rustwide/cargo-home/registry/src/github.com-1ecc6299db9ec823/uom-0.23.1/src/system.rs:236:20
[INFO] [stdout]     |
[INFO] [stdout] 236 |           pub struct Quantity<D, U, V>
[INFO] [stdout]     |                      -------- required by a bound in this
[INFO] [stdout] 237 |           where
[INFO] [stdout] 238 |               D: Dimension + ?Sized,
[INFO] [stdout]     |                  --------- required by this bound in `si::Quantity`
[INFO] [stdout]     |
[INFO] [stdout]     = note: this error originates in a macro (in Nightly builds, run with -Z macro-backtrace for more info)
[INFO] [stdout] help: consider further restricting type parameter `T`
[INFO] [stdout]     |
[INFO] [stdout] 141 |                 V: ::num_traits::Num + ::Conversion<V>, T: typenum::Integer
[INFO] [stdout]     |                                                       ^^^^^^^^^^^^^^^^^^^^^
[INFO] [stdout] 
[INFO] [stdout] 
[INFO] [stdout] error[E0277]: the trait bound `I: Integer` is not satisfied
[INFO] [stdout]    --> /opt/rustwide/cargo-home/registry/src/github.com-1ecc6299db9ec823/uom-0.23.1/src/si/mod.rs:144:26
[INFO] [stdout]     |
[INFO] [stdout] 144 |                       val: Quantity<
[INFO] [stdout]     |  __________________________^
[INFO] [stdout] 145 | |                         Dimension<L = L, M = M, T = T, I = I, Th = Th, N = N, J = J, Kind = $a>,
[INFO] [stdout] 146 | |                         Ur,
[INFO] [stdout] 147 | |                         V,
[INFO] [stdout] 148 | |                     >,
[INFO] [stdout]     | |_____________________^ the trait `Integer` is not implemented for `I`
[INFO] [stdout] ...
[INFO] [stdout] 213 |       impl_from!(Kind, AngleKind);
[INFO] [stdout]     |       ---------------------------- in this macro invocation
[INFO] [stdout]     | 
[INFO] [stdout]    ::: /opt/rustwide/cargo-home/registry/src/github.com-1ecc6299db9ec823/uom-0.23.1/src/system.rs:236:20
[INFO] [stdout]     |
[INFO] [stdout] 236 |           pub struct Quantity<D, U, V>
[INFO] [stdout]     |                      -------- required by a bound in this
[INFO] [stdout] 237 |           where
[INFO] [stdout] 238 |               D: Dimension + ?Sized,
[INFO] [stdout]     |                  --------- required by this bound in `si::Quantity`
[INFO] [stdout]     |
[INFO] [stdout]     = note: this error originates in a macro (in Nightly builds, run with -Z macro-backtrace for more info)
[INFO] [stdout] help: consider further restricting type parameter `I`
[INFO] [stdout]     |
[INFO] [stdout] 141 |                 V: ::num_traits::Num + ::Conversion<V>, I: typenum::Integer
[INFO] [stdout]     |                                                       ^^^^^^^^^^^^^^^^^^^^^
[INFO] [stdout] 
[INFO] [stdout] 
[INFO] [stdout] error[E0277]: the trait bound `Th: Integer` is not satisfied
[INFO] [stdout]    --> /opt/rustwide/cargo-home/registry/src/github.com-1ecc6299db9ec823/uom-0.23.1/src/si/mod.rs:144:26
[INFO] [stdout]     |
[INFO] [stdout] 144 |                       val: Quantity<
[INFO] [stdout]     |  __________________________^
[INFO] [stdout] 145 | |                         Dimension<L = L, M = M, T = T, I = I, Th = Th, N = N, J = J, Kind = $a>,
[INFO] [stdout] 146 | |                         Ur,
[INFO] [stdout] 147 | |                         V,
[INFO] [stdout] 148 | |                     >,
[INFO] [stdout]     | |_____________________^ the trait `Integer` is not implemented for `Th`
[INFO] [stdout] ...
[INFO] [stdout] 213 |       impl_from!(Kind, AngleKind);
[INFO] [stdout]     |       ---------------------------- in this macro invocation
[INFO] [stdout]     | 
[INFO] [stdout]    ::: /opt/rustwide/cargo-home/registry/src/github.com-1ecc6299db9ec823/uom-0.23.1/src/system.rs:236:20
[INFO] [stdout]     |
[INFO] [stdout] 236 |           pub struct Quantity<D, U, V>
[INFO] [stdout]     |                      -------- required by a bound in this
[INFO] [stdout] 237 |           where
[INFO] [stdout] 238 |               D: Dimension + ?Sized,
[INFO] [stdout]     |                  --------- required by this bound in `si::Quantity`
[INFO] [stdout]     |
[INFO] [stdout]     = note: this error originates in a macro (in Nightly builds, run with -Z macro-backtrace for more info)
[INFO] [stdout] help: consider further restricting type parameter `Th`
[INFO] [stdout]     |
[INFO] [stdout] 141 |                 V: ::num_traits::Num + ::Conversion<V>, Th: typenum::Integer
[INFO] [stdout]     |                                                       ^^^^^^^^^^^^^^^^^^^^^^
[INFO] [stdout] 
[INFO] [stdout] 
[INFO] [stdout] error[E0277]: the trait bound `N: Integer` is not satisfied
[INFO] [stdout]    --> /opt/rustwide/cargo-home/registry/src/github.com-1ecc6299db9ec823/uom-0.23.1/src/si/mod.rs:144:26
[INFO] [stdout]     |
[INFO] [stdout] 144 |                       val: Quantity<
[INFO] [stdout]     |  __________________________^
[INFO] [stdout] 145 | |                         Dimension<L = L, M = M, T = T, I = I, Th = Th, N = N, J = J, Kind = $a>,
[INFO] [stdout] 146 | |                         Ur,
[INFO] [stdout] 147 | |                         V,
[INFO] [stdout] 148 | |                     >,
[INFO] [stdout]     | |_____________________^ the trait `Integer` is not implemented for `N`
[INFO] [stdout] ...
[INFO] [stdout] 213 |       impl_from!(Kind, AngleKind);
[INFO] [stdout]     |       ---------------------------- in this macro invocation
[INFO] [stdout]     | 
[INFO] [stdout]    ::: /opt/rustwide/cargo-home/registry/src/github.com-1ecc6299db9ec823/uom-0.23.1/src/system.rs:236:20
[INFO] [stdout]     |
[INFO] [stdout] 236 |           pub struct Quantity<D, U, V>
[INFO] [stdout]     |                      -------- required by a bound in this
[INFO] [stdout] 237 |           where
[INFO] [stdout] 238 |               D: Dimension + ?Sized,
[INFO] [stdout]     |                  --------- required by this bound in `si::Quantity`
[INFO] [stdout]     |
[INFO] [stdout]     = note: this error originates in a macro (in Nightly builds, run with -Z macro-backtrace for more info)
[INFO] [stdout] help: consider further restricting type parameter `N`
[INFO] [stdout]     |
[INFO] [stdout] 141 |                 V: ::num_traits::Num + ::Conversion<V>, N: typenum::Integer
[INFO] [stdout]     |                                                       ^^^^^^^^^^^^^^^^^^^^^
[INFO] [stdout] 
[INFO] [stdout] 
[INFO] [stdout] error[E0277]: the trait bound `J: Integer` is not satisfied
[INFO] [stdout]    --> /opt/rustwide/cargo-home/registry/src/github.com-1ecc6299db9ec823/uom-0.23.1/src/si/mod.rs:144:26
[INFO] [stdout]     |
[INFO] [stdout] 144 |                       val: Quantity<
[INFO] [stdout]     |  __________________________^
[INFO] [stdout] 145 | |                         Dimension<L = L, M = M, T = T, I = I, Th = Th, N = N, J = J, Kind = $a>,
[INFO] [stdout] 146 | |                         Ur,
[INFO] [stdout] 147 | |                         V,
[INFO] [stdout] 148 | |                     >,
[INFO] [stdout]     | |_____________________^ the trait `Integer` is not implemented for `J`
[INFO] [stdout] ...
[INFO] [stdout] 213 |       impl_from!(Kind, AngleKind);
[INFO] [stdout]     |       ---------------------------- in this macro invocation
[INFO] [stdout]     | 
[INFO] [stdout]    ::: /opt/rustwide/cargo-home/registry/src/github.com-1ecc6299db9ec823/uom-0.23.1/src/system.rs:236:20
[INFO] [stdout]     |
[INFO] [stdout] 236 |           pub struct Quantity<D, U, V>
[INFO] [stdout]     |                      -------- required by a bound in this
[INFO] [stdout] 237 |           where
[INFO] [stdout] 238 |               D: Dimension + ?Sized,
[INFO] [stdout]     |                  --------- required by this bound in `si::Quantity`
[INFO] [stdout]     |
[INFO] [stdout]     = note: this error originates in a macro (in Nightly builds, run with -Z macro-backtrace for more info)
[INFO] [stdout] help: consider further restricting type parameter `J`
[INFO] [stdout]     |
[INFO] [stdout] 141 |                 V: ::num_traits::Num + ::Conversion<V>, J: typenum::Integer
[INFO] [stdout]     |                                                       ^^^^^^^^^^^^^^^^^^^^^
[INFO] [stdout] 
[INFO] [stdout] 
[INFO] [stderr] error: could not compile `uom`
[INFO] [stdout] error: aborting due to 119 previous errors
[INFO] [stdout] 
[INFO] [stdout] 
[INFO] [stderr] 
[INFO] [stdout] For more information about this error, try `rustc --explain E0277`.
[INFO] [stdout] 
[INFO] [stderr] To learn more, run the command again with --verbose.
[INFO] running `Command { std: "docker" "inspect" "2de06db6f4d645535f8e96589ad5bd02589ac779ccfe736c6f572aedce28e1ed", kill_on_drop: false }`
[INFO] running `Command { std: "docker" "rm" "-f" "2de06db6f4d645535f8e96589ad5bd02589ac779ccfe736c6f572aedce28e1ed", kill_on_drop: false }`
[INFO] [stdout] 2de06db6f4d645535f8e96589ad5bd02589ac779ccfe736c6f572aedce28e1ed
